000
CXUS56 KPDT 011810
CF6PDT
PRELIMINARY LOCAL CLIMATOLOGICAL DATA (WS FORM: F-6)
STATION: PENDLETON OR
MONTH: AUGUST
YEAR: 2023
LATITUDE: 45 40 N
LONGITUDE: 118 51 W
TEMPERATURE IN F: :PCPN: SNOW: WIND :SUNSHINE: SKY :PK WND
================================================================================
1 2 3 4 5 6A 6B 7 8 9 10 11 12 13 14 15 16 17 18
12Z AVG MX 2MIN
DY MAX MIN AVG DEP HDD CDD WTR SNW DPTH SPD SPD DIR MIN PSBL S-S WX SPD DR
================================================================================
1 93 56 75 0 0 10 0.00 0.0 0 6.3 14 310 M M 0 18 250
2 94 59 77 2 0 12 0.00 0.0 0 6.6 14 290 M M 0 8 20 290
3 92 62 77 3 0 12 0.00 0.0 0 5.5 14 330 M M 0 8 20 310
4 82 68 75 1 0 10 T 0.0 0 6.3 17 250 M M 4 25 240
5 85 65 75 1 0 10 T 0.0 0 7.5 16 340 M M 5 25 330
6 84 57 71 -3 0 6 T 0.0 0 7.0 16 290 M M 6 23 280
7 78 64 71 -3 0 6 T 0.0 0 5.3 15 290 M M 7 38 19 190
8 91 59 75 1 0 10 0.00 0.0 0 5.6 13 20 M M 1 21 280
9 90 61 76 2 0 11 0.00 0.0 0 14.5 26 260 M M 2 34 260
10 87 58 73 0 0 8 0.00 0.0 0 11.3 21 280 M M 0 27 270
11 89 56 73 0 0 8 0.00 0.0 0 6.7 17 290 M M 0 26 300
12 92 61 77 4 0 12 0.00 0.0 0 6.6 14 50 M M 0 19 30
13 95 59 77 4 0 12 0.00 0.0 0 7.7 15 20 M M 0 22 10
14 102 65 84 12 0 19 0.00 0.0 0 6.8 14 350 M M 0 8 25 340
15 104 68 86 14 0 21 0.00 0.0 0 7.5 14 290 M M 0 8 19 310
16 104 72 88 16 0 23 0.00 0.0 0 8.3 17 260 M M 0 26 280
17 102 69 86 14 0 21 0.00 0.0 0 9.9 26 260 M M 0 8 32 250
18 93 63 78 6 0 13 0.00 0.0 0 14.8 31 270 M M 1 41 280
19 87 49 68 -3 0 3 0.00 0.0 0 5.8 16 20 M M 5 8 21 30
20 79 54 67 -4 0 2 0.00 0.0 0 2.7 8 200 M M 9 8 11 320
21 82 65 74 3 0 9 0.00 0.0 0 5.7 16 270 M M 4 8 22 260
22 72 59 66 -4 0 1 0.23 0.0 0 7.3 18 250 M M 9 18 23 250
23 78 50 64 -6 1 0 0.00 0.0 0 7.4 14 200 M M 1 19 220
24 88 49 69 -1 0 4 0.00 0.0 0 8.4 20 260 M M 0 8 26 20
25 86 60 73 3 0 8 0.12 0.0 0 9.1 26 60 M M 2 13 32 50
26 86 56 71 2 0 6 T 0.0 0 5.7 12 150 M M 0 3 16 290
27 97 61 79 10 0 14 0.00 0.0 0 7.6 13 300 M M 0 18 50
28 104 63 84 15 0 19 0.00 0.0 0 10.2 25 40 M M 0 33 40
29 78 61 70 1 0 5 T 0.0 0 21.0 39 260 M M 3 38 49 260
30 80 58 69 1 0 4 0.00 0.0 0 17.9 30 250 M M 2 8 39 260
31 70 55 63 -5 2 0 0.04 0.0 0 8.0 16 310 M M 3 1 20 310
================================================================================
SM 2744 1862 3 299 0.39 0.0 261.0 M 64
================================================================================
AV 88.5 60.1 8.4 FASTST M M 2 MAX(MPH)
MISC ----> 39 260 49 260
================================================================================
NOTES:
# LAST OF SEVERAL OCCURRENCES
COLUMN 17 PEAK WIND IN M.P.H.
PRELIMINARY LOCAL CLIMATOLOGICAL DATA (WS FORM: F-6) , PAGE 2
STATION: PENDLETON OR
MONTH: AUGUST
YEAR: 2023
LATITUDE: 45 40 N
LONGITUDE: 118 51 W
[TEMPERATURE DATA] [PRECIPITATION DATA] SYMBOLS USED IN COLUMN 16
AVERAGE MONTHLY: 74.3 TOTAL FOR MONTH: 0.39 1 = FOG OR MIST
DPTR FM NORMAL: 2.5 DPTR FM NORMAL: 0.08 2 = FOG REDUCING VISIBILITY
HIGHEST: 104 ON 28,16 GRTST 24HR 0.23 ON 22-22 TO 1/4 MILE OR LESS
LOWEST: 49 ON 24,19 3 = THUNDER
SNOW, ICE PELLETS, HAIL 4 = ICE PELLETS
TOTAL MONTH: 0.0 INCH 5 = HAIL
GRTST 24HR 0.0 6 = FREEZING RAIN OR DRIZZLE
GRTST DEPTH: 0 7 = DUSTSTORM OR SANDSTORM:
VSBY 1/2 MILE OR LESS
8 = SMOKE OR HAZE
[NO. OF DAYS WITH] [WEATHER - DAYS WITH] 9 = BLOWING SNOW
X = TORNADO
MAX 32 OR BELOW: 0 0.01 INCH OR MORE: 3
MAX 90 OR ABOVE: 14 0.10 INCH OR MORE: 2
MIN 32 OR BELOW: 0 0.50 INCH OR MORE: 0
MIN 0 OR BELOW: 0 1.00 INCH OR MORE: 0
[HDD (BASE 65) ]
TOTAL THIS MO. 3 CLEAR (SCALE 0-3) 22
DPTR FM NORMAL -9 PTCLDY (SCALE 4-7) 7
TOTAL FM JUL 1 3 CLOUDY (SCALE 8-10) 2
DPTR FM NORMAL -14
[CDD (BASE 65) ]
TOTAL THIS MO. 299
DPTR FM NORMAL 76 [PRESSURE DATA]
TOTAL FM JAN 1 854 HIGHEST SLP 30.12 ON 23
DPTR FM NORMAL 282 LOWEST SLP 29.64 ON 17
[REMARKS]
#FINAL-08-23#