000
CXUS53 KLMK 300800
CF6LEX
PRELIMINARY LOCAL CLIMATOLOGICAL DATA (WS FORM: F-6)

                                          STATION:   LEXINGTON KY
                                          MONTH:     APRIL
                                          YEAR:      2016
                                          LATITUDE:   38  1 N
                                          LONGITUDE:  84 36 W

  TEMPERATURE IN F:       :PCPN:    SNOW:  WIND      :SUNSHINE: SKY     :PK WND
================================================================================
1   2   3   4   5  6A  6B    7    8   9   10  11  12  13   14  15   16   17  18
                                     12Z  AVG MX 2MIN
DY MAX MIN AVG DEP HDD CDD  WTR  SNW DPTH SPD SPD DIR MIN PSBL S-S WX    SPD DR
================================================================================

 1  66  48  57   6   8   0 0.01  0.0    0 10.3 26 250   M    M   3        35 260
 2  56  36  46  -5  19   0 0.00  0.0    0 16.6 38 280   M    M   4        51 270
 3  60  29  45  -6  20   0 0.00  0.0    0  9.2 20 220   M    M   0        26 220
 4  71  39  55   3  10   0    T  0.0    0 16.0 24 350   M    M   3        31 220
 5  48  34  41 -11  24   0    T  0.0    0  9.7 18  50   M    M   4        23  70
 6  64  38  51  -1  14   0 0.24  0.0    0 16.1 32 190   M    M   4 13     43 300
 7  50  39  45  -8  20   0    T  0.0    0 13.5 31 280   M    M   9        41 270
 8  48  28  38 -15  27   0 0.12    T    0  8.9 36 270   M    M   6 138    46 260
 9  44  31  38 -15  27   0    T  0.0    0 11.4 21 280   M    M   5        28 290
10  64  31  48  -6  17   0 0.05  0.0    0 13.4 24 180   M    M   6        31 180
11  70  45  58   4   7   0 0.62  0.0    0 15.8 29 210   M    M   7 138    37 220
12  55  36  46  -8  19   0    T  0.0    0  9.2 18  40   M    M   1        26  20
13  64  34  49  -5  16   0 0.00  0.0    0 10.0 16  70   M    M   0        21  60
14  70  41  56   1   9   0 0.00  0.0    0  8.8 14  20   M    M   1        22  50
15  78  48  63   8   2   0 0.00  0.0    0  5.9 13  60   M    M   3        16  60
16  76  50  63   7   2   0 0.00  0.0    0  6.9 18  70   M    M   0        21  60
17  80  46  63   7   2   0 0.00  0.0    0  3.0 12  20   M    M   0        17  20
18  84  48  66  10   0   1 0.00  0.0    0  1.7  9 220   M    M   0        10 230
19  83  50  67  11   0   2 0.00  0.0    0  2.7 10 320   M    M   0        13 260
20  84  56  70  13   0   5 0.00  0.0    0  7.0 13 210   M    M   1        18 150
21  76  58  67  10   0   2 0.19  0.0    0 10.8 24 270   M    M   5 1      32 200
22  71  54  63   6   2   0 0.07  0.0    0  8.1 22 320   M    M   6 13     30 320
23  69  52  61   3   4   0 0.00  0.0    0  6.7 15  30   M    M   6 18     19  10
24  76  44  60   2   5   0 0.00  0.0    0  4.7 12 200   M    M   0        14 190
25  82  56  69  11   0   4 0.00  0.0    0 10.4 21 230   M    M   2        27 210
26  84  61  73  15   0   8 0.54  0.0    0 10.5 37 320   M    M   5 138    51 310
27  69  60  65   6   0   0 0.95  0.0    0  6.9 32 280   M    M   9 138    44 290
28  79  57  68   9   0   3 0.08  0.0    0  9.5 26 210   M    M   4 13     32 210
29  71  51  61   2   4   0    T  0.0    0  6.2 20  30   M    M   0        24  20
================================================================================
SM 1992 1300       258  25  2.87    T    269.9          M       94
================================================================================
AV 68.7 44.8                               9.3 FASTST   M    M   3    MAX(MPH)
                                 MISC ---->  # 38 280               # 51  270
================================================================================
NOTES:
# LAST OF SEVERAL OCCURRENCES

COLUMN 17 PEAK WIND IN M.P.H.

PRELIMINARY LOCAL CLIMATOLOGICAL DATA (WS FORM: F-6) , PAGE 2

                                          STATION:  LEXINGTON KY
                                          MONTH:    APRIL
                                          YEAR:     2016
                                          LATITUDE:   38  1 N
                                          LONGITUDE:  84 36 W

[TEMPERATURE DATA]      [PRECIPITATION DATA]       SYMBOLS USED IN COLUMN 16

AVERAGE MONTHLY: 56.8   TOTAL FOR MONTH:   2.87    1 = FOG OR MIST
DPTR FM NORMAL:   1.7   DPTR FM NORMAL:   -0.60    2 = FOG REDUCING VISIBILITY
HIGHEST:    84 ON 26,20 GRTST 24HR  1.00 ON 27-28      TO 1/4 MILE OR LESS
LOWEST:     28 ON  8                               3 = THUNDER
                        SNOW, ICE PELLETS, HAIL    4 = ICE PELLETS
                        TOTAL MONTH:    T          5 = HAIL
                        GRTST 24HR    T  ON  8- 8  6 = FREEZING RAIN OR DRIZZLE
                        GRTST DEPTH:   0           7 = DUSTSTORM OR SANDSTORM:
                                                       VSBY 1/2 MILE OR LESS
                                                   8 = SMOKE OR HAZE
[NO. OF DAYS WITH]      [WEATHER - DAYS WITH]      9 = BLOWING SNOW
                                                   X = TORNADO
MAX 32 OR BELOW:   0    0.01 INCH OR MORE:  10
MAX 90 OR ABOVE:   0    0.10 INCH OR MORE:   6
MIN 32 OR BELOW:   4    0.50 INCH OR MORE:   3
MIN  0 OR BELOW:   0    1.00 INCH OR MORE:   0

[HDD (BASE 65) ]
TOTAL THIS MO.   258    CLEAR  (SCALE 0-3)  14
DPTR FM NORMAL   -48    PTCLDY (SCALE 4-7)  13
TOTAL FM JUL 1  3623    CLOUDY (SCALE 8-10)  2
DPTR FM NORMAL  -859

[CDD (BASE 65) ]
TOTAL THIS MO.    25
DPTR FM NORMAL     5    [PRESSURE DATA]
TOTAL FM JAN 1    28    HIGHEST SLP M ON M
DPTR FM NORMAL     6    LOWEST  SLP 29.62 ON  7

[REMARKS]
