000
CXUS53 KLMK 260800
CF6LEX
PRELIMINARY LOCAL CLIMATOLOGICAL DATA (WS FORM: F-6)

                                          STATION:   LEXINGTON KY
                                          MONTH:     DECEMBER
                                          YEAR:      2014
                                          LATITUDE:   38  1 N
                                          LONGITUDE:  84 36 W

  TEMPERATURE IN F:       :PCPN:    SNOW:  WIND      :SUNSHINE: SKY     :PK WND
================================================================================
1   2   3   4   5  6A  6B    7    8   9   10  11  12  13   14  15   16   17  18
                                     12Z  AVG MX 2MIN
DY MAX MIN AVG DEP HDD CDD  WTR  SNW DPTH SPD SPD DIR MIN PSBL S-S WX    SPD DR
================================================================================

 1  62  34  48   8  17   0 0.76  0.0    0 12.7 20 350   M    M  10 1      24  20
 2  43  34  39  -1  26   0 0.01  0.0    0  7.8 16  60   M    M  10 1      19  60
 3  41  30  36  -3  29   0    T  0.0    0  8.3 17 270   M    M   7 1      25 270
 4  41  30  36  -3  29   0 0.16  0.0    0  7.0 14 100   M    M   7 1      18 100
 5  57  41  49  10  16   0 0.68  0.0    0  7.8 20 180   M    M  10 12     25 170
 6  57  38  48  10  17   0 0.98  0.0    0 13.6 23 350   M    M  10 1      30 330
 7  44  31  38   0  27   0 0.00  0.0    0 11.3 21  50   M    M   3        24  50
 8  48  33  41   3  24   0    T  0.0    0  7.4 15 180   M    M   5        19 180
 9  44  36  40   3  25   0 0.02  0.0    0  9.0 16 290   M    M  10 1      21 300
10  37  31  34  -3  31   0    T    T    0  8.4 16 350   M    M  10        20 340
11  40  27  34  -3  31   0 0.00  0.0    0  6.9 14 310   M    M   5        17 310
12  44  21  33  -3  32   0 0.00  0.0    0  6.1 12 270   M    M   1 18     14 270
13  44  36  40   4  25   0 0.00  0.0    0  5.0 13 290   M    M  10        18 280
14  46  40  43   7  22   0 0.00  0.0    0  3.0  9 130   M    M  10 8      13 120
15  52  40  46  10  19   0    T  0.0    0  9.7 17 160   M    M   9        23 160
16  52  37  45   9  20   0 0.04  0.0    0 14.1 22 260   M    M  10 1      30 280
17  37  27  32  -3  33   0 0.00  0.0    0  8.5 16 270   M    M   9 1      20 290
18  32  28  30  -5  35   0 0.00  0.0    0  4.6 10 360   M    M  10        12 350
19  34  22  28  -7  37   0 0.00  0.0    0  5.3 10  50   M    M   5 18     12  40
20  36  25  31  -4  34   0    T    T    0  4.0 14  90   M    M   8 18     16  90
21  42  20  31  -3  34   0 0.00  0.0    0  5.9 12  80   M    M   0 1      14  90
22  55  34  45  11  20   0    T  0.0    0  9.2 18 160   M    M   8 1      23 150
23  58  50  54  20  11   0 0.39  0.0    0 11.1 29 140   M    M  10 1      40 130
24  60  38  49  15  16   0 0.19  0.0    0 11.8 40 260   M    M   9 1      52 260
25  42  31  37   3  28   0    T  0.0    0  9.9 17 230   M    M   7        24 230
================================================================================
SM 1148  814       638   0  3.23    T    208.4          M      193
================================================================================
AV 45.9 32.6                               8.3 FASTST   M    M   8    MAX(MPH)
                                 MISC ---->  # 40 260               # 52  260
================================================================================
NOTES:
# LAST OF SEVERAL OCCURRENCES

COLUMN 17 PEAK WIND IN M.P.H.

PRELIMINARY LOCAL CLIMATOLOGICAL DATA (WS FORM: F-6) , PAGE 2

                                          STATION:  LEXINGTON KY
                                          MONTH:    DECEMBER
                                          YEAR:     2014
                                          LATITUDE:   38  1 N
                                          LONGITUDE:  84 36 W

[TEMPERATURE DATA]      [PRECIPITATION DATA]       SYMBOLS USED IN COLUMN 16

AVERAGE MONTHLY: 39.2   TOTAL FOR MONTH:   3.23    1 = FOG OR MIST
DPTR FM NORMAL:   2.8   DPTR FM NORMAL:    0.01    2 = FOG REDUCING VISIBILITY
HIGHEST:    62 ON  1    GRTST 24HR  1.66 ON  5- 6      TO 1/4 MILE OR LESS
LOWEST:     20 ON 21                               3 = THUNDER
                        SNOW, ICE PELLETS, HAIL    4 = ICE PELLETS
                        TOTAL MONTH:    T          5 = HAIL
                        GRTST 24HR    T  ON 20-20  6 = FREEZING RAIN OR DRIZZLE
                        GRTST DEPTH:   0           7 = DUSTSTORM OR SANDSTORM:
                                                       VSBY 1/2 MILE OR LESS
                                                   8 = SMOKE OR HAZE
[NO. OF DAYS WITH]      [WEATHER - DAYS WITH]      9 = BLOWING SNOW
                                                   X = TORNADO
MAX 32 OR BELOW:   1    0.01 INCH OR MORE:   9
MAX 90 OR ABOVE:   0    0.10 INCH OR MORE:   6
MIN 32 OR BELOW:  12    0.50 INCH OR MORE:   3
MIN  0 OR BELOW:   0    1.00 INCH OR MORE:   0

[HDD (BASE 65) ]
TOTAL THIS MO.   638    CLEAR  (SCALE 0-3)   2
DPTR FM NORMAL   -73    PTCLDY (SCALE 4-7)   9
TOTAL FM JUL 1  1645    CLOUDY (SCALE 8-10) 14
DPTR FM NORMAL    47

[CDD (BASE 65) ]
TOTAL THIS MO.     0
DPTR FM NORMAL     0    [PRESSURE DATA]
TOTAL FM JAN 1  1274    HIGHEST SLP M ON M
DPTR FM NORMAL    84    LOWEST  SLP 29.38 ON 24

[REMARKS]
