000
CXUS53 KLMK 310800
CF6LEX
PRELIMINARY LOCAL CLIMATOLOGICAL DATA (WS FORM: F-6)

                                          STATION:   LEXINGTON KY
                                          MONTH:     JANUARY
                                          YEAR:      2015
                                          LATITUDE:   38  1 N
                                          LONGITUDE:  84 36 W

  TEMPERATURE IN F:       :PCPN:    SNOW:  WIND      :SUNSHINE: SKY     :PK WND
================================================================================
1   2   3   4   5  6A  6B    7    8   9   10  11  12  13   14  15   16   17  18
                                     12Z  AVG MX 2MIN
DY MAX MIN AVG DEP HDD CDD  WTR  SNW DPTH SPD SPD DIR MIN PSBL S-S WX    SPD DR
================================================================================

 1  39  18  29  -4  36   0 0.00  0.0    0 11.2 24 210   M    M   3        29 210
 2  38  34  36   3  29   0    T  0.0    0  5.2 14 220   M    M  10 18     17 230
 3  61  38  50  17  15   0 0.48  0.0    0 14.6 26 190   M    M  10 1      36 180
 4  59  25  42   9  23   0 0.27  0.0    0 16.4 28 270   M    M  10 1      37 280
 5  25  15  20 -13  45   0 0.00  0.0    0  7.9 20 280   M    M   3        25 260
 6  32  22  27  -6  38   0 0.00  0.0    0  7.7 16 300   M    M   9        22 300
 7  22   2  12 -21  53   0    T    T    T 13.0 23 340   M    M   7 18     31 320
 8  27  -1  13 -20  52   0 0.00  0.0    0 11.5 26 220   M    M   2        38 250
 9  27   9  18 -15  47   0    T    T    0 13.2 29 260   M    M   5        39 230
10  28   3  16 -17  49   0 0.00  0.0    0  4.2 12 200   M    M   0        15 240
11  45  18  32  -1  33   0    T  0.0    0  6.9 14 230   M    M   8        19 190
12  41  30  36   3  29   0 0.22    T    0  8.1 20  10   M    M  10 1      24  20
13  30  24  27  -6  38   0    T    T    0 12.0 20  30   M    M  10        24  40
14  30  23  27  -6  38   0    T    T    0  4.1  9 240   M    M   4 8      11 240
15  33  24  29  -4  36   0 0.00  0.0    0  7.4 15 210   M    M   9 18     18 230
16  43  22  33   0  32   0 0.00  0.0    0  6.0 13 210   M    M   0 18     16 210
17  54  29  42   9  23   0 0.00  0.0    0 13.1 24 210   M    M   0        31 200
18  50  30  40   7  25   0 0.06  0.0    0 11.8 25 250   M    M   5        35 240
19  55  25  40   7  25   0 0.00  0.0    0  4.4 10 130   M    M   0 8      13 130
20  57  30  44  11  21   0 0.00  0.0    0  6.2 13 280   M    M   2        16 260
21  53  29  41   8  24   0 0.00  0.0    0  9.4 21 260   M    M   4        29 250
22  38  25  32  -1  33   0 0.00  0.0    0  4.4  9  40   M    M   7        12  60
23  35  30  33   0  32   0 0.40  3.5    0  7.5 14  50   M    M   7 1      16  40
24  35  22  29  -4  36   0 0.09  1.5    5  9.6 20 240   M    M   6 18     24 250
25  44  32  38   5  27   0 0.26  0.0    2  8.0 16 160   M    M   5 1      20 170
26  40  23  32  -1  33   0    T  0.1    T  9.3 22 330   M    M  10 12     28 310
27  34  18  26  -7  39   0 0.02  0.8    1  5.6 14  40   M    M   6 1      16  40
28  37  13  25  -8  40   0 0.00  0.0    0  6.3 14 130   M    M   0 1      18 140
29  53  32  43   9  22   0 0.05  0.0    0 16.1 28 280   M    M   7 1      39 220
30  36  22  29  -5  36   0    T    T    0  8.9 20 360   M    M   6        26  10
================================================================================
SM 1201  666      1009   0  1.85     5.9 270.0          M      165
================================================================================
AV 40.0 22.2                               9.0 FASTST   M    M   6    MAX(MPH)
                                 MISC ---->  # 29 260               # 39  230
================================================================================
NOTES:
# LAST OF SEVERAL OCCURRENCES

COLUMN 17 PEAK WIND IN M.P.H.

PRELIMINARY LOCAL CLIMATOLOGICAL DATA (WS FORM: F-6) , PAGE 2

                                          STATION:  LEXINGTON KY
                                          MONTH:    JANUARY
                                          YEAR:     2015
                                          LATITUDE:   38  1 N
                                          LONGITUDE:  84 36 W

[TEMPERATURE DATA]      [PRECIPITATION DATA]       SYMBOLS USED IN COLUMN 16

AVERAGE MONTHLY: 31.1   TOTAL FOR MONTH:   1.85    1 = FOG OR MIST
DPTR FM NORMAL:  -1.9   DPTR FM NORMAL:   -1.23    2 = FOG REDUCING VISIBILITY
HIGHEST:    61 ON  3    GRTST 24HR  0.67 ON  3- 4      TO 1/4 MILE OR LESS
LOWEST:     -1 ON  8                               3 = THUNDER
                        SNOW, ICE PELLETS, HAIL    4 = ICE PELLETS
                        TOTAL MONTH:   5.9 INCHES  5 = HAIL
                        GRTST 24HR   3.5 ON 23-23  6 = FREEZING RAIN OR DRIZZLE
                        GRTST DEPTH:   5 ON 24     7 = DUSTSTORM OR SANDSTORM:
                                                       VSBY 1/2 MILE OR LESS
                                                   8 = SMOKE OR HAZE
[NO. OF DAYS WITH]      [WEATHER - DAYS WITH]      9 = BLOWING SNOW
                                                   X = TORNADO
MAX 32 OR BELOW:   8    0.01 INCH OR MORE:   9
MAX 90 OR ABOVE:   0    0.10 INCH OR MORE:   5
MIN 32 OR BELOW:  28    0.50 INCH OR MORE:   0
MIN  0 OR BELOW:   1    1.00 INCH OR MORE:   0

[HDD (BASE 65) ]
TOTAL THIS MO.  1009    CLEAR  (SCALE 0-3)   9
DPTR FM NORMAL    50    PTCLDY (SCALE 4-7)  13
TOTAL FM JUL 1  2827    CLOUDY (SCALE 8-10)  8
DPTR FM NORMAL    80

[CDD (BASE 65) ]
TOTAL THIS MO.     0
DPTR FM NORMAL     0    [PRESSURE DATA]
TOTAL FM JAN 1     0    HIGHEST SLP M ON M
DPTR FM NORMAL     0    LOWEST  SLP 29.64 ON 25

[REMARKS]
