000
CXUS53 KGRR 010910
CF6AZO
PRELIMINARY LOCAL CLIMATOLOGICAL DATA (WS FORM: F-6)
STATION: KALAMAZOO
MONTH: JUNE
YEAR: 2023
LATITUDE: 42 13 N
LONGITUDE: 85 33 W
TEMPERATURE IN F: :PCPN: SNOW: WIND :SUNSHINE: SKY :PK WND
================================================================================
1 2 3 4 5 6A 6B 7 8 9 10 11 12 13 14 15 16 17 18
12Z AVG MX 2MIN
DY MAX MIN AVG DEP HDD CDD WTR SNW DPTH SPD SPD DIR MIN PSBL S-S WX SPD DR
================================================================================
1 93 61 77 12 0 12 0.00 0.0 0 3.1 15 260 M M 1 24 250
2 93 58 76 11 0 11 0.00 0.0 0 4.0 14 40 M M 1 21 40
3 92 60 76 11 0 11 T 0.0 0 4.5 17 50 M M 0 3 23 60
4 84 57 71 5 0 6 0.00 0.0 0 4.2 15 50 M M 0 23 90
5 85 51 68 2 0 3 0.00 0.0 0 3.8 14 290 M M 0 19 320
6 81 55 68 2 0 3 0.00 0.0 0 5.4 16 360 M M 1 18 22 60
7 78 47 63 -4 2 0 0.00 0.0 0 6.1 18 310 M M 2 8 26 10
8 77 45 61 -6 4 0 0.00 0.0 0 7.4 20 320 M M 1 8 28 290
9 78 49 64 -3 1 0 0.00 0.0 0 4.3 15 300 M M 1 8 26 320
10 86 49 68 0 0 3 0.00 0.0 0 5.1 18 300 M M 0 25 300
11 69 57 63 -5 2 0 0.04 0.0 0 6.6 15 10 M M 8 1 22 10
12 64 51 58 -10 7 0 T 0.0 0 9.6 16 270 M M 7 1 26 300
13 70 51 61 -7 4 0 0.29 0.0 0 7.7 17 240 M M 7 1 24 260
14 74 54 64 -5 1 0 T 0.0 0 5.4 12 230 M M 6 1 15 200
15 81 52 67 -2 0 2 0.00 0.0 0 9.1 21 310 M M 3 128 29 300
16 78 55 67 -2 0 2 0.00 0.0 0 8.3 16 300 M M 7 18 21 350
17 82 51 67 -2 0 2 0.00 0.0 0 4.8 15 290 M M 0 18 19 330
18 87 53 70 0 0 5 0.00 0.0 0 3.0 13 190 M M 0 18 17 150
19 87 56 72 2 0 7 0.00 0.0 0 4.0 13 100 M M 0 8 20 90
20 92 61 77 7 0 12 0.00 0.0 0 5.4 13 140 M M 0 22 90
21 91 64 78 8 0 13 0.00 0.0 0 4.2 15 100 M M 1 23 90
22 86 61 74 3 0 9 0.00 0.0 0 2.7 12 90 M M 3 21 80
23 81 64 73 2 0 8 0.00 0.0 0 2.2 8 50 M M 9 8 13 10
24 89 62 76 5 0 11 T 0.0 0 3.5 14 310 M M 4 18 23 350
25 84 66 75 4 0 10 0.25 0.0 0 9.9 30 210 M M 5 138 40 200
26 70 62 66 -5 0 1 0.45 0.0 0 11.0 20 300 M M 10 18 30 310
27 73 56 65 -7 0 0 0.00 0.0 0 8.7 17 300 M M 9 18 24 310
28 84 52 68 -4 0 3 0.00 0.0 0 1.8 9 30 M M 3 8 16 10
29 88 64 76 4 0 11 T 0.0 0 5.9 17 190 M M 2 8 22 190
30 91 71 81 9 0 16 0.00 0.0 0 5.7 16 260 M M 6 18 23 250
================================================================================
SM 2468 1695 21 161 1.03 0.0 167.4 M 97
================================================================================
AV 82.3 56.5 5.6 FASTST M M 3 MAX(MPH)
MISC ----> 30 210 40 200
================================================================================
NOTES:
# LAST OF SEVERAL OCCURRENCES
COLUMN 17 PEAK WIND IN M.P.H.
PRELIMINARY LOCAL CLIMATOLOGICAL DATA (WS FORM: F-6) , PAGE 2
STATION: KALAMAZOO
MONTH: JUNE
YEAR: 2023
LATITUDE: 42 13 N
LONGITUDE: 85 33 W
[TEMPERATURE DATA] [PRECIPITATION DATA] SYMBOLS USED IN COLUMN 16
AVERAGE MONTHLY: 69.4 TOTAL FOR MONTH: 1.03 1 = FOG OR MIST
DPTR FM NORMAL: 0.6 DPTR FM NORMAL: -2.17 2 = FOG REDUCING VISIBILITY
HIGHEST: 93 ON 2, 1 GRTST 24HR 0.46 ON 25-26 TO 1/4 MILE OR LESS
LOWEST: 45 ON 8 3 = THUNDER
SNOW, ICE PELLETS, HAIL 4 = ICE PELLETS
TOTAL MONTH: 0.0 INCH 5 = HAIL
GRTST 24HR 0.0 6 = FREEZING RAIN OR DRIZZLE
GRTST DEPTH: 0 7 = DUSTSTORM OR SANDSTORM:
VSBY 1/2 MILE OR LESS
8 = SMOKE OR HAZE
[NO. OF DAYS WITH] [WEATHER - DAYS WITH] 9 = BLOWING SNOW
X = TORNADO
MAX 32 OR BELOW: 0 0.01 INCH OR MORE: 4
MAX 90 OR ABOVE: 6 0.10 INCH OR MORE: 3
MIN 32 OR BELOW: 0 0.50 INCH OR MORE: 0
MIN 0 OR BELOW: 0 1.00 INCH OR MORE: 0
[HDD (BASE 65) ]
TOTAL THIS MO. 21 CLEAR (SCALE 0-3) 18
DPTR FM NORMAL -18 PTCLDY (SCALE 4-7) 8
TOTAL FM JUL 1 5454 CLOUDY (SCALE 8-10) 4
DPTR FM NORMAL -868
[CDD (BASE 65) ]
TOTAL THIS MO. 161
DPTR FM NORMAL 8 [PRESSURE DATA]
TOTAL FM JAN 1 210 HIGHEST SLP 30.16 ON 21
DPTR FM NORMAL 8 LOWEST SLP 29.52 ON 26
[REMARKS]
#FINAL-06-23#