000
CXUS53 KMKX 010810
CF6LNR
PRELIMINARY LOCAL CLIMATOLOGICAL DATA (WS FORM: F-6)
STATION: LONE ROCK WI
MONTH: OCTOBER
YEAR: 2023
LATITUDE: 43 12 N
LONGITUDE: 90 11 W
TEMPERATURE IN F: :PCPN: SNOW: WIND :SUNSHINE: SKY :PK WND
================================================================================
1 2 3 4 5 6A 6B 7 8 9 10 11 12 13 14 15 16 17 18
12Z AVG MX 2MIN
DY MAX MIN AVG DEP HDD CDD WTR SNW DPTH SPD SPD DIR MIN PSBL S-S WX SPD DR
================================================================================
1 89 59 74 18 0 9 0.00 M M 4.4 14 170 M M 0 20 180
2 85 51 68 12 0 3 0.00 M M 4.5 15 190 M M 1 12 20 190
3 86 52 69 14 0 4 0.00 M M 5.8 20 180 M M 2 1 28 190
4 79 56 68 13 0 3 T M M 8.4 18 190 M M 4 27 190
5 74 45 60 6 5 0 0.00 M M 6.9 22 290 M M 3 12 30 290
6 55 44 50 -4 15 0 T M M 10.0 23 270 M M 6 34 270
7 58 39 49 -4 16 0 0.00 M M 7.3 18 290 M M 3 26 300
8 58 40 49 -4 16 0 0.00 M M 2.6 9 30 M M 8 14 20
9 58 36 47 -6 18 0 0.00 M M 7.9 23 290 M M 3 36 330
10 61 33 47 -5 18 0 0.00 M M 5.5 16 300 M M 4 24 290
11 65 28 47 -5 18 0 0.01 M M 3.9 16 70 M M 4 12 22 70
12 52 47 50 -1 15 0 0.71 M M 13.6 22 80 M M 10 1 33 90
13 53 50 52 1 13 0 0.90 M M 16.7 26 90 M M 10 1 39 90
14 57 49 53 3 12 0 0.11 M M 10.6 20 40 M M 10 1 30 20
15 60 37 49 -1 16 0 0.00 M M 6.9 17 310 M M 4 25 310
16 60 34 47 -3 18 0 0.00 M M 4.3 10 300 M M 0 1 16 290
17 66 34 50 1 15 0 0.00 M M 3.3 14 280 M M 4 12 19 280
18 65 42 54 5 11 0 T M M 6.6 18 210 M M 3 30 220
19 58 42 50 2 15 0 0.08 M M 6.1 13 290 M M 7 18 18 300
20 64 40 52 4 13 0 0.00 M M 7.1 20 320 M M 3 1 27 290
21 57 41 49 1 16 0 0.00 M M 9.1 22 320 M M 6 12 32 320
22 57 30 44 -3 21 0 0.00 M M 2.1 9 10 M M 0 13 40
23 64 40 52 5 13 0 0.05 M M 6.5 15 100 M M 7 1 21 100
24 81 55 68 22 0 3 T M M 9.5 25 230 M M 7 38 260
25 67 60 64 18 1 0 T M M 3.6 18 230 M M 10 18 29 230
26 67 61 64 18 1 0 0.53 M M 6.0 18 200 M M 10 13 27 200
27 67 40 54 9 11 0 0.02 M M 9.8 23 290 M M 10 1 31 310
28 40 36 38 -7 27 0 0.00 M M 5.7 15 350 M M 10 23 340
29 39 32 36 -8 29 0 0.00 M M 6.6 13 320 M M 8 19 330
30 39 25 32 -12 33 0 0.00 M M 7.7 17 280 M M 0 29 270
31 39 27 33 -10 32 0 T M M 10.2 21 330 M M 8 18 27 240
================================================================================
SM 1920 1305 418 22 2.41 M 219.2 M 165
================================================================================
AV 61.9 42.1 7.1 FASTST M M 5 MAX(MPH)
MISC ----> 26 90 39 90
================================================================================
NOTES:
# LAST OF SEVERAL OCCURRENCES
COLUMN 17 PEAK WIND IN M.P.H.
PRELIMINARY LOCAL CLIMATOLOGICAL DATA (WS FORM: F-6) , PAGE 2
STATION: LONE ROCK WI
MONTH: OCTOBER
YEAR: 2023
LATITUDE: 43 12 N
LONGITUDE: 90 11 W
[TEMPERATURE DATA] [PRECIPITATION DATA] SYMBOLS USED IN COLUMN 16
AVERAGE MONTHLY: 52.0 TOTAL FOR MONTH: 2.41 1 = FOG OR MIST
DPTR FM NORMAL: 2.4 DPTR FM NORMAL: -0.07 2 = FOG REDUCING VISIBILITY
HIGHEST: 89 ON 1 GRTST 24HR 1.43 ON 12-13 TO 1/4 MILE OR LESS
LOWEST: 25 ON 30 3 = THUNDER
SNOW, ICE PELLETS, HAIL 4 = ICE PELLETS
TOTAL MONTH: M 5 = HAIL
GRTST 24HR M ON M 6 = FREEZING RAIN OR DRIZZLE
GRTST DEPTH: M ON M 7 = DUSTSTORM OR SANDSTORM:
VSBY 1/2 MILE OR LESS
8 = SMOKE OR HAZE
[NO. OF DAYS WITH] [WEATHER - DAYS WITH] 9 = BLOWING SNOW
X = TORNADO
MAX 32 OR BELOW: 0 0.01 INCH OR MORE: 8
MAX 90 OR ABOVE: 0 0.10 INCH OR MORE: 4
MIN 32 OR BELOW: 5 0.50 INCH OR MORE: 3
MIN 0 OR BELOW: 0 1.00 INCH OR MORE: 0
[HDD (BASE 65) ]
TOTAL THIS MO. 418 CLEAR (SCALE 0-3) 9
DPTR FM NORMAL -65 PTCLDY (SCALE 4-7) 13
TOTAL FM JUL 1 485 CLOUDY (SCALE 8-10) 9
DPTR FM NORMAL -169
[CDD (BASE 65) ]
TOTAL THIS MO. 22
DPTR FM NORMAL 15 [PRESSURE DATA]
TOTAL FM JAN 1 769 HIGHEST SLP M ON M
DPTR FM NORMAL 123 LOWEST SLP 29.58 ON 21
[REMARKS]
#FINAL-10-23#