000
CXUS52 KMLB 010628
CF6MCO
PRELIMINARY LOCAL CLIMATOLOGICAL DATA (WS FORM: F-6)
STATION: ORLANDO INTL
MONTH: JULY
YEAR: 2021
LATITUDE: 28 25 N
LONGITUDE: 81 19 W
TEMPERATURE IN F: :PCPN: SNOW: WIND :SUNSHINE: SKY :PK WND
================================================================================
1 2 3 4 5 6A 6B 7 8 9 10 11 12 13 14 15 16 17 18
12Z AVG MX 2MIN
DY MAX MIN AVG DEP HDD CDD WTR SNW DPTH SPD SPD DIR MIN PSBL S-S WX SPD DR
================================================================================
1 87 73 80 -2 0 15 0.13 0.0 0 6.2 20 100 M M 8 13 24 100
2 86 71 79 -3 0 14 0.04 0.0 0 7.1 22 260 M M 7 13 27 260
3 79 72 76 -6 0 11 0.61 0.0 0 8.0 21 250 M M 9 13 27 230
4 91 73 82 0 0 17 0.00 0.0 0 6.2 17 280 M M 8 13 21 280
5 91 73 82 0 0 17 0.01 0.0 0 5.1 22 160 M M 8 13 31 180
6 87 73 80 -2 0 15 0.01 0.0 0 9.4 20 110 M M 9 26 110
7 88 75 82 0 0 17 0.69 0.0 0 13.8 26 160 M M 9 1 35 150
8 90 73 82 0 0 17 0.37 0.0 0 6.1 23 290 M M 6 13 28 280
9 94 74 84 2 0 19 0.07 0.0 0 4.5 22 50 M M 7 13 28 280
10 95 73 84 2 0 19 T 0.0 0 5.4 18 110 M M 8 3 25 100
11 92 77 85 3 0 20 0.03 0.0 0 2.9 17 120 M M 7 13 24 140
12 90 72 81 -1 0 16 0.08 0.0 0 5.1 29 150 M M 6 138 36 140
13 91 73 82 -1 0 17 T 0.0 0 8.3 17 110 M M 6 22 90
14 90 76 83 0 0 18 0.12 0.0 0 6.6 18 80 M M 7 138 23 80
15 93 75 84 1 0 19 0.00 0.0 0 6.9 20 100 M M 5 26 80
16 94 75 85 2 0 20 0.00 0.0 0 6.9 17 110 M M 3 22 100
17 94 76 85 2 0 20 0.00 0.0 0 6.2 15 110 M M 2 20 100
18 95 76 86 3 0 21 0.01 0.0 0 5.9 23 140 M M 5 3 30 150
19 94 74 84 1 0 19 1.64 0.0 0 7.1 32 160 M M 6 13 39 160
20 94 74 84 1 0 19 0.16 0.0 0 6.2 29 160 M M 7 13 34 160
21 93 75 84 1 0 19 T 0.0 0 5.6 14 40 M M 7 3 19 60
22 97 78 88 5 0 23 0.35 0.0 0 5.7 22 200 M M 6 13 29 20
23 93 76 85 2 0 20 0.47 0.0 0 6.6 25 330 M M 8 13 32 320
24 94 76 85 2 0 20 T 0.0 0 8.7 20 20 M M 4 1 25 10
25 95 77 86 3 0 21 T 0.0 0 8.8 22 20 M M 4 26 30
26 93 76 85 2 0 20 T 0.0 0 4.5 18 120 M M 5 3 22 120
27 92 77 85 2 0 20 0.38 0.0 0 5.1 22 120 M M 6 13 25 120
28 92 75 84 1 0 19 0.97 0.0 0 5.9 24 210 M M 7 13 30 230
29 94 75 85 2 0 20 0.30 0.0 0 4.2 31 240 M M 5 13 38 240
30 94 75 85 2 0 20 0.00 0.0 0 6.5 16 220 M M 4 20 210
31 95 77 86 3 0 21 0.00 0.0 0 7.6 16 210 M M 3 20 210
================================================================================
SM 2847 2315 0 573 6.44 0.0 203.1 M 192
================================================================================
AV 91.8 74.7 6.6 FASTST M M 6 MAX(MPH)
MISC ----> 32 160 39 160
================================================================================
NOTES:
# LAST OF SEVERAL OCCURRENCES
COLUMN 17 PEAK WIND IN M.P.H.
PRELIMINARY LOCAL CLIMATOLOGICAL DATA (WS FORM: F-6) , PAGE 2
STATION: ORLANDO INTL
MONTH: JULY
YEAR: 2021
LATITUDE: 28 25 N
LONGITUDE: 81 19 W
[TEMPERATURE DATA] [PRECIPITATION DATA] SYMBOLS USED IN COLUMN 16
AVERAGE MONTHLY: 83.3 TOTAL FOR MONTH: 6.44 1 = FOG OR MIST
DPTR FM NORMAL: 0.7 DPTR FM NORMAL: -1.02 2 = FOG REDUCING VISIBILITY
HIGHEST: 97 ON 22 GRTST 24HR 1.64 ON 19-19 TO 1/4 MILE OR LESS
LOWEST: 71 ON 2 3 = THUNDER
SNOW, ICE PELLETS, HAIL 4 = ICE PELLETS
TOTAL MONTH: 0.0 INCH 5 = HAIL
GRTST 24HR 0.0 6 = FREEZING RAIN OR DRIZZLE
GRTST DEPTH: 0 7 = DUSTSTORM OR SANDSTORM:
VSBY 1/2 MILE OR LESS
8 = SMOKE OR HAZE
[NO. OF DAYS WITH] [WEATHER - DAYS WITH] 9 = BLOWING SNOW
X = TORNADO
MAX 32 OR BELOW: 0 0.01 INCH OR MORE: 19
MAX 90 OR ABOVE: 26 0.10 INCH OR MORE: 12
MIN 32 OR BELOW: 0 0.50 INCH OR MORE: 4
MIN 0 OR BELOW: 0 1.00 INCH OR MORE: 1
[HDD (BASE 65) ]
TOTAL THIS MO. 0 CLEAR (SCALE 0-3) 1
DPTR FM NORMAL 0 PTCLDY (SCALE 4-7) 25
TOTAL FM JUL 1 0 CLOUDY (SCALE 8-10) 5
DPTR FM NORMAL 0
[CDD (BASE 65) ]
TOTAL THIS MO. 573
DPTR FM NORMAL 27 [PRESSURE DATA]
TOTAL FM JAN 1 2085 HIGHEST SLP M ON M
DPTR FM NORMAL 206 LOWEST SLP 29.87 ON 25
[REMARKS]
#FINAL-07-21#