000
CXUS55 KPSR 011005
CF6PHX
PRELIMINARY LOCAL CLIMATOLOGICAL DATA (WS FORM: F-6)
STATION: PHOENIX AZ
MONTH: JANUARY
YEAR: 2024
LATITUDE: 33 25 N
LONGITUDE: 112 1 W
TEMPERATURE IN F: :PCPN: SNOW: WIND :SUNSHINE: SKY :PK WND
================================================================================
1 2 3 4 5 6A 6B 7 8 9 10 11 12 13 14 15 16 17 18
12Z AVG MX 2MIN
DY MAX MIN AVG DEP HDD CDD WTR SNW DPTH SPD SPD DIR MIN PSBL S-S WX SPD DR
================================================================================
1 63 47 55 0 10 0 0.00 0.0 0 4.1 13 130 M M 7 8 19 130
2 66 45 56 1 9 0 0.00 0.0 0 3.0 10 80 M M 2 15 50
3 64 45 55 0 10 0 0.01 M M 6.7 33 300 M M 6 45 310
4 60 45 53 -3 12 0 0.00 0.0 0 6.6 16 220 M M 5 25 270
5 58 42 50 -6 15 0 0.00 0.0 0 2.9 10 300 M M 5 16 330
6 62 40 51 -5 14 0 0.00 0.0 0 4.4 10 190 M M 4 14 130
7 54 43 49 -7 16 0 0.01 0.0 0 10.5 29 270 M M 8 39 280
8 54 37 46 -10 19 0 0.00 0.0 0 5.8 15 290 M M 1 18 300
9 56 35 46 -10 19 0 0.00 0.0 0 3.4 8 240 M M 2 12 10
10 60 37 49 -7 16 0 0.00 0.0 0 4.4 12 110 M M 2 14 120
11 58 39 49 -7 16 0 0.01 0.0 0 M M M M M 3 38 M M
12 58 36 47 -9 18 0 0.00 0.0 0 4.1 13 90 M M 5 16 320
13 62 37 50 -7 15 0 0.00 0.0 0 2.7 9 80 M M 2 10 90
14 67 41 54 -3 11 0 0.00 0.0 0 4.8 10 270 M M 3 16 330
15 68 42 55 -2 10 0 0.00 0.0 0 3.1 8 80 M M 3 11 170
16 70 44 57 0 8 0 0.00 0.0 0 2.5 10 90 M M 1 12 90
17 68 45 57 0 8 0 0.00 0.0 0 5.2 10 100 M M 5 14 360
18 76 45 61 4 4 0 0.00 0.0 0 2.4 8 90 M M 2 12 90
19 77 50 64 7 1 0 0.00 0.0 0 3.6 10 80 M M 5 13 80
20 68 52 60 3 5 0 0.00 0.0 0 5.5 13 160 M M 8 17 170
21 63 53 58 1 7 0 0.03 0.0 0 3.7 9 50 M M 10 1 14 160
22 64 50 57 -1 8 0 0.26 0.0 0 5.7 15 90 M M 9 18 19 90
23 61 54 58 0 7 0 0.41 0.0 0 6.4 15 90 M M 10 13 19 80
24 63 53 58 0 7 0 T 0.0 0 2.2 8 320 M M 10 18 17 350
25 66 51 59 1 6 0 0.00 0.0 0 6.0 14 290 M M 7 18 19 290
26 69 47 58 0 7 0 0.00 0.0 0 4.6 13 280 M M 1 17 260
27 74 47 61 3 4 0 0.00 0.0 0 6.7 20 50 M M 2 27 70
28 78 53 66 8 0 1 0.00 0.0 0 9.0 22 80 M M 7 29 70
29 81 54 68 10 0 3 0.00 0.0 0 3.9 17 80 M M 7 21 80
30 81 54 68 10 0 3 0.00 0.0 0 3.6 13 110 M M 2 16 90
31 81 56 69 11 0 4 0.00 0.0 0 5.2 12 120 M M 4 18 120
================================================================================
SM 2050 1419 282 11 0.73 0.0 142.7 M 148
================================================================================
AV 66.1 45.8 4.8 FASTST M M 5 MAX(MPH)
MISC ----> 33 300 45 310
================================================================================
NOTES:
# LAST OF SEVERAL OCCURRENCES
COLUMN 17 PEAK WIND IN M.P.H.
PRELIMINARY LOCAL CLIMATOLOGICAL DATA (WS FORM: F-6) , PAGE 2
STATION: PHOENIX AZ
MONTH: JANUARY
YEAR: 2024
LATITUDE: 33 25 N
LONGITUDE: 112 1 W
[TEMPERATURE DATA] [PRECIPITATION DATA] SYMBOLS USED IN COLUMN 16
AVERAGE MONTHLY: 56.0 TOTAL FOR MONTH: 0.73 1 = FOG OR MIST
DPTR FM NORMAL: -0.8 DPTR FM NORMAL: -0.14 2 = FOG REDUCING VISIBILITY
HIGHEST: 81 ON 31,30 GRTST 24HR 0.41 ON 7- 7 TO 1/4 MILE OR LESS
LOWEST: 35 ON 9 3 = THUNDER
SNOW, ICE PELLETS, HAIL 4 = ICE PELLETS
TOTAL MONTH: 0.0 INCH 5 = HAIL
GRTST 24HR 0.0 6 = FREEZING RAIN OR DRIZZLE
GRTST DEPTH: 0 7 = DUSTSTORM OR SANDSTORM:
VSBY 1/2 MILE OR LESS
8 = SMOKE OR HAZE
[NO. OF DAYS WITH] [WEATHER - DAYS WITH] 9 = BLOWING SNOW
X = TORNADO
MAX 32 OR BELOW: 0 0.01 INCH OR MORE: 6
MAX 90 OR ABOVE: 0 0.10 INCH OR MORE: 2
MIN 32 OR BELOW: 0 0.50 INCH OR MORE: 0
MIN 0 OR BELOW: 0 1.00 INCH OR MORE: 0
[HDD (BASE 65) ]
TOTAL THIS MO. 282 CLEAR (SCALE 0-3) 11
DPTR FM NORMAL 26 PTCLDY (SCALE 4-7) 16
TOTAL FM JUL 1 450 CLOUDY (SCALE 8-10) 4
DPTR FM NORMAL -186
[CDD (BASE 65) ]
TOTAL THIS MO. 11
DPTR FM NORMAL 9 [PRESSURE DATA]
TOTAL FM JAN 1 11 HIGHEST SLP 30.27 ON 27
DPTR FM NORMAL 9 LOWEST SLP 29.66 ON 7
[REMARKS]
#FINAL-01-24#