000
CXUS53 KMPX 010935
CLMSTC


CLIMATE REPORT
NATIONAL WEATHER SERVICE CHANHASSEN MN
335 AM CST TUE MAR 1 2016

...................................

...THE ST CLOUD MN CLIMATE SUMMARY FOR THE MONTH OF FEBRUARY 2016...

CLIMATE NORMAL PERIOD 1981 TO 2010
CLIMATE RECORD PERIOD 1893 TO 2016

WEATHER         OBSERVED          NORMAL  DEPART  LAST YEAR`S
                 VALUE   DATE(S)  VALUE   FROM    VALUE  DATE(S)
                                          NORMAL
................................................................
TEMPERATURE (F)
RECORD
 HIGH              59   02/27/2016
 LOW              -40   02/02/1996
HIGHEST            59R  02/27        40      19       37  02/07
LOWEST            -14   02/13       -15       1      -16  02/23
                                                          02/19
AVG. MAXIMUM     30.3              26.8     3.5     18.0
AVG. MINIMUM     14.3               7.2     7.1     -0.6
MEAN             22.3              17.0     5.3      8.7
DAYS MAX >= 90      0               0.0     0.0        0
DAYS MAX <= 32     16              17.7    -1.7       26
DAYS MIN <= 32     28              27.1     0.9       28
DAYS MIN <= 0       4               9.0    -5.0       18

PRECIPITATION (INCHES)
RECORD
 MAXIMUM         2.94   1922
 MINIMUM         0.00   1894
                        1901
                        1902
TOTALS           0.63              0.59    0.04     0.35
DAILY AVG.       0.02                MM      MM     0.01
DAYS >= .01         9               6.4     2.6        5
DAYS >= .10         1               2.1    -1.1        1
DAYS >= .50         0               0.1    -0.1        0
DAYS >= 1.00        0               0.0     0.0        0
GREATEST
 24 HR. TOTAL    0.36   02/18 TO 02/19
                        02/19 TO 02/19
                        02/19 TO 02/20

SNOWFALL (INCHES)
RECORDS
 TOTAL           21.6   5
                        0
TOTALS            7.2               7.0     0.2      4.2
SINCE 7/1        25.7              34.2    -8.5     26.8
SNOWDEPTH AVG.      2                MM      MM        1
DAYS >= 1.0         3               2.5     0.5        2
GREATEST
 SNOW DEPTH         5   02/13                          2  02/24
                        02/12                             02/23
                                                          02/22
 24 HR TOTAL      2.2   MM

DEGREE_DAYS
HEATING TOTAL    1229              1344    -115     1569
 SINCE 7/1       5451              6489   -1038     6258
COOLING TOTAL       0                 0       0        0
 SINCE 1/1          0                 0       0        0
.................................................................

WIND (MPH)
AVERAGE WIND SPEED              9.8
HIGHEST WIND SPEED/DIRECTION    35/320    DATE  02/07
HIGHEST GUST SPEED/DIRECTION    45/320    DATE  02/07

SKY COVER
POSSIBLE SUNSHINE (PERCENT)   MM
AVERAGE SKY COVER           0.60
NUMBER OF DAYS FAIR            7
NUMBER OF DAYS PC             13
NUMBER OF DAYS CLOUDY          9

AVERAGE RH (PERCENT)     74

WEATHER CONDITIONS. NUMBER OF DAYS WITH
THUNDERSTORM              0     MIXED PRECIP               0
HEAVY RAIN                0     RAIN                       1
LIGHT RAIN                2     FREEZING RAIN              0
LT FREEZING RAIN          0     HAIL                       0
HEAVY SNOW                0     SNOW                       1
LIGHT SNOW               13     SLEET                      0
FOG                      14     FOG W/VIS <= 1/4 MILE      2
HAZE                      9

-  INDICATES NEGATIVE NUMBERS.
R  INDICATES RECORD WAS SET OR TIED.
MM INDICATES DATA IS MISSING.
T  INDICATES TRACE AMOUNT.

$$
