000
CXUS56 KLKN 011210
CF6WMC
PRELIMINARY LOCAL CLIMATOLOGICAL DATA (WS FORM: F-6)
STATION: WINNEMUCCA AIRPORT NV
MONTH: SEPTEMBER
YEAR: 2022
LATITUDE: 40 54 N
LONGITUDE: 117 48 W
TEMPERATURE IN F: :PCPN: SNOW: WIND :SUNSHINE: SKY :PK WND
================================================================================
1 2 3 4 5 6A 6B 7 8 9 10 11 12 13 14 15 16 17 18
12Z AVG MX 2MIN
DY MAX MIN AVG DEP HDD CDD WTR SNW DPTH SPD SPD DIR MIN PSBL S-S WX SPD DR
================================================================================
1 101 46 74 7 0 9 0.00 0.0 0 4.7 13 320 M M 0 19 350
2 103 52 78 11 0 13 0.00 0.0 0 5.5 14 240 M M 0 20 50
3 102 57 80 13 0 15 0.00 0.0 0 8.1 25 230 M M 0 37 220
4 102 53 78 12 0 13 0.00 0.0 0 6.5 23 240 M M 0 31 230
5 103 53 78 12 0 13 0.00 0.0 0 4.1 13 330 M M 0 17 360
6 106 56 81 15 0 16 0.00 0.0 0 6.4 21 240 M M 0 8 29 240
7 105 62 84 19 0 19 T 0.0 0 8.4 32 270 M M 1 8 43 280
8 96 56 76 11 0 11 0.00 0.0 0 7.3 21 360 M M 0 28 350
9 88 50 69 4 0 4 0.00 0.0 0 11.1 23 50 M M 0 32 60
10 93 41 67 3 0 2 0.00 0.0 0 7.0 16 40 M M 0 8 23 40
11 95 46 71 7 0 6 0.00 0.0 0 4.9 20 240 M M 0 8 29 240
12 89 61 75 11 0 10 0.11 0.0 0 9.5 25 180 M M 4 38 36 200
13 75 54 65 2 0 0 0.21 0.0 0 7.4 15 180 M M 4 18 21 170
14 78 47 63 0 2 0 T 0.0 0 2.2 8 150 M M 7 8 13 290
15 70 39 55 -8 10 0 0.04 0.0 0 6.9 22 40 M M 3 138 33 40
16 79 37 58 -4 7 0 0.00 0.0 0 5.0 12 60 M M 0 8 16 260
17 81 47 64 2 1 0 0.00 0.0 0 6.4 22 210 M M 2 8 31 200
18 79 42 61 0 4 0 0.00 0.0 0 4.7 15 210 M M 1 25 220
19 80 39 60 -1 5 0 0.00 0.0 0 5.6 14 20 M M 0 18 270
20 80 44 62 1 3 0 0.00 0.0 0 8.0 37 270 M M 1 8 53 270
21 67 42 55 -5 10 0 0.09 0.0 0 6.8 25 260 M M 4 13 35 270
22 70 32 51 -9 14 0 0.00 0.0 0 3.2 15 260 M M 0 19 290
23 79 31 55 -4 10 0 0.00 0.0 0 3.8 10 20 M M 0 14 20
24 85 32 59 0 6 0 0.00 0.0 0 4.0 10 220 M M 0 14 230
25 89 35 62 4 3 0 0.00 0.0 0 4.8 15 60 M M 0 19 60
26 92 38 65 7 0 0 0.00 0.0 0 5.1 15 70 M M 0 19 70
27 92 43 68 10 0 3 0.00 0.0 0 5.2 17 270 M M 0 28 250
28 88 45 67 10 0 2 0.00 0.0 0 9.0 23 250 M M 0 34 220
29 78 42 60 3 5 0 0.00 0.0 0 8.5 21 300 M M 0 29 280
30 73 31 52 -4 13 0 0.00 0.0 M 6.0 15 40 M M 0 21 40
================================================================================
SM 2618 1353 93 136 0.45 0.0 186.1 M 27
================================================================================
AV 87.3 45.1 6.2 FASTST M M 1 MAX(MPH)
MISC ----> 37 270 53 270
================================================================================
NOTES:
# LAST OF SEVERAL OCCURRENCES
COLUMN 17 PEAK WIND IN M.P.H.
PRELIMINARY LOCAL CLIMATOLOGICAL DATA (WS FORM: F-6) , PAGE 2
STATION: WINNEMUCCA AIRPORT NV
MONTH: SEPTEMBER
YEAR: 2022
LATITUDE: 40 54 N
LONGITUDE: 117 48 W
[TEMPERATURE DATA] [PRECIPITATION DATA] SYMBOLS USED IN COLUMN 16
AVERAGE MONTHLY: 66.2 TOTAL FOR MONTH: 0.45 1 = FOG OR MIST
DPTR FM NORMAL: 4.1 DPTR FM NORMAL: 0.06 2 = FOG REDUCING VISIBILITY
HIGHEST: 106 ON 6 GRTST 24HR 0.32 ON 12-13 TO 1/4 MILE OR LESS
LOWEST: 31 ON 30,23 3 = THUNDER
SNOW, ICE PELLETS, HAIL 4 = ICE PELLETS
TOTAL MONTH: 0.0 INCH 5 = HAIL
GRTST 24HR 0.0 6 = FREEZING RAIN OR DRIZZLE
GRTST DEPTH: 0 7 = DUSTSTORM OR SANDSTORM:
VSBY 1/2 MILE OR LESS
8 = SMOKE OR HAZE
[NO. OF DAYS WITH] [WEATHER - DAYS WITH] 9 = BLOWING SNOW
X = TORNADO
MAX 32 OR BELOW: 0 0.01 INCH OR MORE: 4
MAX 90 OR ABOVE: 12 0.10 INCH OR MORE: 2
MIN 32 OR BELOW: 4 0.50 INCH OR MORE: 0
MIN 0 OR BELOW: 0 1.00 INCH OR MORE: 0
[HDD (BASE 65) ]
TOTAL THIS MO. 93 CLEAR (SCALE 0-3) 26
DPTR FM NORMAL -41 PTCLDY (SCALE 4-7) 4
TOTAL FM JUL 1 93 CLOUDY (SCALE 8-10) 0
DPTR FM NORMAL -60
[CDD (BASE 65) ]
TOTAL THIS MO. 136
DPTR FM NORMAL 88 [PRESSURE DATA]
TOTAL FM JAN 1 999 HIGHEST SLP 30.25 ON 25
DPTR FM NORMAL 317 LOWEST SLP 29.54 ON 17
[REMARKS]
#FINAL-09-22#