000
CXAK56 PAFG 281446
CF6BTT
PRELIMINARY LOCAL CLIMATOLOGICAL DATA (WS FORM: F-6)
STATION: BETTLES AK
MONTH: AUGUST
YEAR: 2020
LATITUDE: 66 55 N
LONGITUDE: 151 31 W
TEMPERATURE IN F: :PCPN: SNOW: WIND :SUNSHINE: SKY :PK WND
================================================================================
1 2 3 4 5 6A 6B 7 8 9 10 11 12 13 14 15 16 17 18
12Z AVG MX 2MIN
DY MAX MIN AVG DEP HDD CDD WTR SNW DPTH SPD SPD DIR MIN PSBL S-S WX SPD DR
================================================================================
1 78 48 63 6 2 0 0.00 0.0 0 4.3 10 30 M M 5 15 30
2 M M M M M M 0.74 0.0 0 3.5 6 30 M M 10 13 M M
3 69 46 58 2 7 0 0.04 0.0 0 3.8 12 240 M M 7 1 17 230
4 67 39 53 -3 12 0 T 0.0 0 3.5 10 220 M M 2 15 210
5 71 43 57 1 8 0 T M M 1.6 7 140 M M 5 11 230
6 74 54 64 9 1 0 0.21 M M 6.0 16 130 M M 8 13 24 130
7 71 53 62 7 3 0 0.14 M M 3.1 9 270 M M 7 1 M M
8 71 48 60 5 5 0 0.00 M M 7.5 17 240 M M 4 1 24 220
9 67 47 57 2 8 0 0.19 M M 4.4 15 310 M M 6 13 22 310
10 67 47 57 3 8 0 0.06 M 0 3.7 10 260 M M 7 1 13 320
11 69 46 58 4 7 0 T M 0 2.8 8 240 M M 4 1 12 130
12 69 35 52 -2 13 0 T M 0 2.8 10 220 M M 3 14 220
13 69 40 55 1 10 0 T M 0 0.5 6 130 M M 6 6 140
14 72 39 56 3 9 0 0.00 0.0 0 1.7 7 300 M M 4 9 210
15 75 43 59 6 6 0 T M 0 1.3 7 130 M M 2 10 130
16 73 41 57 4 8 0 T M 0 1.6 9 200 M M 2 1 13 180
17 75 44 60 8 5 0 T M 0 1.4 7 270 M M 3 1 11 30
18 75 41 58 6 7 0 T M 0 1.9 7 210 M M 3 10 30
19 74 42 58 6 7 0 0.00 0.0 0 2.3 8 170 M M 5 13 190
20 77 39 58 7 7 0 0.00 0.0 0 1.6 6 20 M M 3 10 20
21 75 49 62 11 3 0 T M M 2.8 7 20 M M 4 M M
22 74 48 61 10 4 0 0.00 M M 3.4 9 40 M M 4 13 50
23 69 53 61 11 4 0 0.07 M M 3.6 13 250 M M 8 3 18 260
24 65 42 54 4 11 0 0.00 M M 3.9 9 230 M M 7 12 14 170
25 66 35 51 1 14 0 0.00 0.0 0 1.7 9 210 M M 5 1 10 150
26 62 52 57 7 8 0 0.03 0.0 0 4.5 8 40 M M 9 M M
27 66 51 59 10 6 0 0.01 0.0 0 4.7 13 40 M M 9 23 40
================================================================================
SM 1840 1165 183 0 1.49 0.0 83.9 M 142
================================================================================
AV 70.8 44.8 3.1 FASTST M M 5 MAX(MPH)
MISC ----> # 17 240 # 24 130
================================================================================
NOTES:
# LAST OF SEVERAL OCCURRENCES
COLUMN 17 PEAK WIND IN M.P.H.
PRELIMINARY LOCAL CLIMATOLOGICAL DATA (WS FORM: F-6) , PAGE 2
STATION: BETTLES AK
MONTH: AUGUST
YEAR: 2020
LATITUDE: 66 55 N
LONGITUDE: 151 31 W
[TEMPERATURE DATA] [PRECIPITATION DATA] SYMBOLS USED IN COLUMN 16
AVERAGE MONTHLY: 57.8 TOTAL FOR MONTH: 1.49 1 = FOG OR MIST
DPTR FM NORMAL: 4.7 DPTR FM NORMAL: -0.84 2 = FOG REDUCING VISIBILITY
HIGHEST: 78 ON 1 GRTST 24HR 0.74 ON 2- 2 TO 1/4 MILE OR LESS
LOWEST: 35 ON 25,12 3 = THUNDER
SNOW, ICE PELLETS, HAIL 4 = ICE PELLETS
TOTAL MONTH: 0.0 INCH 5 = HAIL
GRTST 24HR 0.0 6 = FREEZING RAIN OR DRIZZLE
GRTST DEPTH: 0 7 = DUSTSTORM OR SANDSTORM:
VSBY 1/2 MILE OR LESS
8 = SMOKE OR HAZE
[NO. OF DAYS WITH] [WEATHER - DAYS WITH] 9 = BLOWING SNOW
X = TORNADO
MAX 32 OR BELOW: 0 0.01 INCH OR MORE: 9
MAX 90 OR ABOVE: 0 0.10 INCH OR MORE: 4
MIN 32 OR BELOW: 0 0.50 INCH OR MORE: 1
MIN 0 OR BELOW: 0 1.00 INCH OR MORE: 0
[HDD (BASE 65) ]
TOTAL THIS MO. 183 CLEAR (SCALE 0-3) 6
DPTR FM NORMAL -140 PTCLDY (SCALE 4-7) 18
TOTAL FM JUL 1 399 CLOUDY (SCALE 8-10) 3
DPTR FM NORMAL -106
[CDD (BASE 65) ]
TOTAL THIS MO. 0
DPTR FM NORMAL 0 [PRESSURE DATA]
TOTAL FM JAN 1 6 HIGHEST SLP M ON M
DPTR FM NORMAL -28 LOWEST SLP 29.41 ON 6
[REMARKS]