000
CXUS56 KEKA 032216
CF6CEC
PRELIMINARY LOCAL CLIMATOLOGICAL DATA (WS FORM: F-6)
STATION: CRESCENT CITY CA
MONTH: JULY
YEAR: 2022
LATITUDE: 41 46 N
LONGITUDE: 124 14 W
TEMPERATURE IN F: :PCPN: SNOW: WIND :SUNSHINE: SKY :PK WND
================================================================================
1 2 3 4 5 6A 6B 7 8 9 10 11 12 13 14 15 16 17 18
12Z AVG MX 2MIN
DY MAX MIN AVG DEP HDD CDD WTR SNW DPTH SPD SPD DIR MIN PSBL S-S WX SPD DR
================================================================================
1 60 54 57 1 8 0 0.00 M M 5.4 16 150 M M 10 18 21 150
2 62 53 58 2 7 0 0.00 M M 3.9 12 310 M M 10 18 14 310
3 61 51 56 0 9 0 0.00 M M 3.0 9 190 M M 9 1 13 180
4 65 50 58 2 7 0 0.06 M M 2.0 8 310 M M 9 18 10 300
5 64 58 61 5 4 0 0.41 M M 5.8 14 170 M M 10 1 19 180
6 62 57 60 3 5 0 0.00 M M 4.9 10 200 M M 10 2 14 220
7 64 56 60 3 5 0 0.02 M M 5.1 12 290 M M 7 1 15 290
8 62 55 59 2 6 0 0.00 M M 4.2 9 180 M M 9 1 13 330
9 64 56 60 3 5 0 0.00 M M 6.9 13 320 M M 8 18 18 330
10 65 56 61 4 4 0 0.00 M M 6.7 20 350 M M 4 28 33 350
11 71 52 62 5 3 0 0.00 M M 4.9 13 180 M M 0 18 16 180
12 61 54 58 1 7 0 0.00 M M 5.0 14 180 M M 7 28 18 180
13 61 53 57 0 8 0 0.00 M M 7.7 14 160 M M 7 18 20 160
14 61 54 58 1 7 0 0.00 M M 4.9 13 160 M M 8 18 18 160
15 64 49 57 0 8 0 0.00 M M 5.6 13 320 M M 7 2 19 310
16 63 53 58 1 7 0 0.00 M M 8.0 17 340 M M 7 18 26 340
17 62 54 58 1 7 0 0.00 M M 6.7 17 170 M M 6 18 24 350
18 62 49 56 -2 9 0 0.00 M M 6.6 15 150 M M 3 28 20 170
19 58 50 54 -4 11 0 0.00 M M 4.3 10 240 M M 9 28 17 230
20 59 53 56 -2 9 0 0.00 M M 5.6 12 160 M M 10 2 16 240
21 61 53 57 -1 8 0 0.00 M M 4.6 10 310 M M 8 18 15 330
22 62 55 59 1 6 0 0.00 M M 5.8 16 160 M M 6 18 24 180
23 63 54 59 1 6 0 0.00 M M 6.9 15 170 M M 6 28 24 330
24 57 50 54 -4 11 0 0.00 M M 7.0 20 180 M M 9 2 26 170
25 63 52 58 0 7 0 0.00 M M 5.6 15 180 M M 8 28 20 160
26 61 52 57 -1 8 0 0.00 M M 4.0 13 200 M M 7 28 21 170
27 62 52 57 -1 8 0 0.00 M M 4.5 9 350 M M 6 2 15 200
28 62 54 58 0 7 0 0.00 M M 4.9 9 240 M M 10 28 14 220
29 65 57 61 3 4 0 0.00 M M 4.1 12 190 M M 9 28 15 180
30 64 57 61 3 4 0 0.00 M M 8.2 14 180 M M 10 1 21 160
31 66 59 63 5 2 0 0.00 M M 6.4 12 180 M M 9 13 16 210
================================================================================
SM 1937 1662 207 0 0.49 M 169.2 M 238
================================================================================
AV 62.5 53.6 5.5 FASTST M M 8 MAX(MPH)
MISC ----> # 20 350 33 350
================================================================================
NOTES:
# LAST OF SEVERAL OCCURRENCES
COLUMN 17 PEAK WIND IN M.P.H.
PRELIMINARY LOCAL CLIMATOLOGICAL DATA (WS FORM: F-6) , PAGE 2
STATION: CRESCENT CITY CA
MONTH: JULY
YEAR: 2022
LATITUDE: 41 46 N
LONGITUDE: 124 14 W
[TEMPERATURE DATA] [PRECIPITATION DATA] SYMBOLS USED IN COLUMN 16
AVERAGE MONTHLY: 58.0 TOTAL FOR MONTH: 0.49 1 = FOG OR MIST
DPTR FM NORMAL: 0.7 DPTR FM NORMAL: 0.16 2 = FOG REDUCING VISIBILITY
HIGHEST: 71 ON 11 GRTST 24HR 0.47 ON 4- 5 TO 1/4 MILE OR LESS
LOWEST: 49 ON 18,15 3 = THUNDER
SNOW, ICE PELLETS, HAIL 4 = ICE PELLETS
TOTAL MONTH: M 5 = HAIL
GRTST 24HR M ON M 6 = FREEZING RAIN OR DRIZZLE
GRTST DEPTH: M ON M 7 = DUSTSTORM OR SANDSTORM:
VSBY 1/2 MILE OR LESS
8 = SMOKE OR HAZE
[NO. OF DAYS WITH] [WEATHER - DAYS WITH] 9 = BLOWING SNOW
X = TORNADO
MAX 32 OR BELOW: 0 0.01 INCH OR MORE: 3
MAX 90 OR ABOVE: 0 0.10 INCH OR MORE: 1
MIN 32 OR BELOW: 0 0.50 INCH OR MORE: 0
MIN 0 OR BELOW: 0 1.00 INCH OR MORE: 0
[HDD (BASE 65) ]
TOTAL THIS MO. 207 CLEAR (SCALE 0-3) 1
DPTR FM NORMAL -32 PTCLDY (SCALE 4-7) 13
TOTAL FM JUL 1 207 CLOUDY (SCALE 8-10) 17
DPTR FM NORMAL -32
[CDD (BASE 65) ]
TOTAL THIS MO. 0
DPTR FM NORMAL 0 [PRESSURE DATA]
TOTAL FM JAN 1 0 HIGHEST SLP 30.25 ON 9
DPTR FM NORMAL 0 LOWEST SLP 29.83 ON 11
[REMARKS]
#FINAL-07-22#