000
CXUS52 KRAH 011452
CLMGSO


CLIMATE REPORT
NATIONAL WEATHER SERVICE RALEIGH NC
943 AM EST TUE DEC 1 2015

...................................

...THE PIEDMONT TRIAD INTL AIRPORT CLIMATE SUMMARY FOR THE MONTH OF NOVEMBER 2015...

CLIMATE NORMAL PERIOD 1981 TO 2010
CLIMATE RECORD PERIOD 1903 TO 2015

WEATHER         OBSERVED          NORMAL  DEPART  LAST YEAR`S
                 VALUE   DATE(S)  VALUE   FROM    VALUE
                                          NORMAL
.............................................................
TEMPERATURE (F)
RECORD
 HIGH              85   11/02/1974
 LOW               10   11/25/1970
                        11/30/1929
HIGHEST            76   11/05                         74
LOWEST             27   11/24                         16
AVG. MAXIMUM     63.5              60.8     2.7     56.3
AVG. MINIMUM     44.1              39.6     4.5     34.4
MEAN             53.8              50.2     3.6     45.3
DAYS MAX >= 90      0                                  0
DAYS MAX <= 32      0                                  0
DAYS MIN <= 32      3                                 14
DAYS MIN <= 0       0                                  0

PRECIPITATION (INCHES)
RECORD
 MAXIMUM         8.26   1985
TOTALS           6.79              3.11    3.68     3.33
DAYS >= .01        14
DAYS >= .10        10
DAYS >= .50         4
DAYS >= 1.00        3
GREATEST
 24 HR. TOTAL    1.73   11/09 TO 11/10

DEGREE_DAYS
HEATING TOTAL     330               447    -117      582
 SINCE 7/1        514               680    -166      750
COOLING TOTAL       3                 3       0        0
 SINCE 1/1       1766              1483     283     1499
..............................................................

WIND (MPH)
AVERAGE WIND SPEED              5.6
HIGHEST WIND SPEED/DIRECTION    26/300    DATE  11/13
HIGHEST GUST SPEED/DIRECTION    35/300    DATE  11/13

SKY COVER
POSSIBLE SUNSHINE (PERCENT)   MM
AVERAGE SKY COVER           0.60
NUMBER OF DAYS FAIR            4
NUMBER OF DAYS PC             13
NUMBER OF DAYS CLOUDY         13

AVERAGE RH (PERCENT)     67

WEATHER CONDITIONS. NUMBER OF DAYS WITH
THUNDERSTORM              0     MIXED PRECIP               0
HEAVY RAIN                5     RAIN                       9
LIGHT RAIN               14     FREEZING RAIN              0
LT FREEZING RAIN          0     HAIL                       0
HEAVY SNOW                0     SNOW                       0
LIGHT SNOW                0     SLEET                      0
FOG                      15     FOG W/VIS <= 1/4 MILE      0
HAZE                      2

-  INDICATES NEGATIVE NUMBERS.
R  INDICATES RECORD WAS SET OR TIED.
MM INDICATES DATA IS MISSING.
T  INDICATES TRACE AMOUNT.

$$
