000
CXUS55 KBOU 010900
CF6LIC
PRELIMINARY LOCAL CLIMATOLOGICAL DATA (WS FORM: F-6)
STATION: LIMON CO
MONTH: MARCH
YEAR: 2022
LATITUDE: 39 10 N
LONGITUDE: 103 42 W
TEMPERATURE IN F: :PCPN: SNOW: WIND :SUNSHINE: SKY :PK WND
================================================================================
1 2 3 4 5 6A 6B 7 8 9 10 11 12 13 14 15 16 17 18
12Z AVG MX 2MIN
DY MAX MIN AVG DEP HDD CDD WTR SNW DPTH SPD SPD DIR MIN PSBL S-S WX SPD DR
================================================================================
1 69 20 45 13 20 0 0.00 M M 5.1 14 150 M M 0 18 150
2 73 26 50 18 15 0 0.00 M M 6.7 18 150 M M 0 24 150
3 74 23 49 16 16 0 0.00 M M 8.3 21 140 M M 0 31 120
4 70 22 46 13 19 0 0.00 M M 7.1 32 190 M M 1 48 180
5 41 19 30 -3 35 0 0.10 M M 14.2 24 350 M M 6 12 30 350
6 23 13 18 -16 47 0 0.21 M M 9.8 18 340 M M 10 128 26 340
7 26 -3 12 -22 53 0 T M M 6.4 15 180 M M 3 1 19 200
8 38 6 22 -12 43 0 0.00 M M 5.8 16 340 M M 2 22 350
9 21 6 14 -21 51 0 0.18 M M 9.0 23 40 M M 8 1 29 40
10 16 -12 2 -33 63 0 0.02 M M 4.0 9 10 M M 7 1 13 140
11 32 -16 8 -28 57 0 0.00 M M 3.6 13 200 M M 0 17 210
12 60 6 33 -3 32 0 0.00 M M 4.6 12 320 M M 0 14 220
13 64 22 43 7 22 0 T M M 12.3 33 350 M M 1 46 360
14 53 21 37 0 28 0 T M M 18.3 40 340 M M 1 56 330
15 68 20 44 7 21 0 0.00 M M 9.0 23 200 M M 0 29 210
16 57 29 43 5 22 0 0.17 M M 7.7 22 20 M M 4 1 27 20
17 38 23 31 -7 34 0 0.40 M M 18.0 31 20 M M 9 128 37 20
18 48 13 31 -7 34 0 0.00 M M 5.1 13 290 M M 1 1 15 290
19 56 21 39 0 26 0 0.00 M M 7.5 17 190 M M 0 23 170
20 63 26 45 6 20 0 0.00 M M 6.3 20 200 M M 0 27 200
21 42 28 35 -4 30 0 0.14 M M 23.4 39 360 M M 7 12 52 350
22 43 24 34 -6 31 0 0.01 M M 27.8 40 340 M M 5 18 55 340
23 50 29 40 0 25 0 0.00 M M 24.8 45 360 M M 1 61 350
24 68 28 48 8 17 0 0.00 M M 13.0 31 360 M M 1 43 330
25 57 30 44 4 21 0 0.00 M M 9.4 21 180 M M 0 30 170
26 79 26 53 13 12 0 0.00 M M 11.0 29 310 M M 0 52 310
27 66 28 47 6 18 0 0.00 M M 10.4 22 150 M M 0 29 170
28 81 26 54 13 11 0 0.00 M M 6.3 18 150 M M 0 25 190
29 54 29 42 1 23 0 0.25 M M 18.3 35 340 M M 7 1 50 350
30 43 21 32 -9 33 0 0.03 M M 18.9 33 350 M M 4 1 44 350
31 61 17 39 -3 26 0 0.00 M M 8.2 15 150 M M 0 23 170
================================================================================
SM 1634 571 905 0 1.51 M 340.3 M 78
================================================================================
AV 52.7 18.4 11.0 FASTST M M 3 MAX(MPH)
MISC ----> 45 360 61 350
================================================================================
NOTES:
# LAST OF SEVERAL OCCURRENCES
COLUMN 17 PEAK WIND IN M.P.H.
PRELIMINARY LOCAL CLIMATOLOGICAL DATA (WS FORM: F-6) , PAGE 2
STATION: LIMON CO
MONTH: MARCH
YEAR: 2022
LATITUDE: 39 10 N
LONGITUDE: 103 42 W
[TEMPERATURE DATA] [PRECIPITATION DATA] SYMBOLS USED IN COLUMN 16
AVERAGE MONTHLY: 35.6 TOTAL FOR MONTH: 1.51 1 = FOG OR MIST
DPTR FM NORMAL: -1.7 DPTR FM NORMAL: 0.71 2 = FOG REDUCING VISIBILITY
HIGHEST: 81 ON 28 GRTST 24HR 0.57 ON 16-17 TO 1/4 MILE OR LESS
LOWEST: -16 ON 11 3 = THUNDER
SNOW, ICE PELLETS, HAIL 4 = ICE PELLETS
TOTAL MONTH: M 5 = HAIL
GRTST 24HR M ON M 6 = FREEZING RAIN OR DRIZZLE
GRTST DEPTH: M ON M 7 = DUSTSTORM OR SANDSTORM:
VSBY 1/2 MILE OR LESS
8 = SMOKE OR HAZE
[NO. OF DAYS WITH] [WEATHER - DAYS WITH] 9 = BLOWING SNOW
X = TORNADO
MAX 32 OR BELOW: 5 0.01 INCH OR MORE: 10
MAX 90 OR ABOVE: 0 0.10 INCH OR MORE: 7
MIN 32 OR BELOW: 31 0.50 INCH OR MORE: 0
MIN 0 OR BELOW: 3 1.00 INCH OR MORE: 0
[HDD (BASE 65) ]
TOTAL THIS MO. 905 CLEAR (SCALE 0-3) 20
DPTR FM NORMAL 45 PTCLDY (SCALE 4-7) 9
TOTAL FM JUL 1 5472 CLOUDY (SCALE 8-10) 2
DPTR FM NORMAL -499
[CDD (BASE 65) ]
TOTAL THIS MO. 0
DPTR FM NORMAL 0 [PRESSURE DATA]
TOTAL FM JAN 1 0 HIGHEST SLP M ON M
DPTR FM NORMAL 0 LOWEST SLP 29.30 ON 29
[REMARKS]
#FINAL-03-22#