000
CXUS55 KBOU 010823
CF6LIC
PRELIMINARY LOCAL CLIMATOLOGICAL DATA (WS FORM: F-6)
STATION: LIMON CO
MONTH: MARCH
YEAR: 2020
LATITUDE: 39 10 N
LONGITUDE: 103 42 W
TEMPERATURE IN F: :PCPN: SNOW: WIND :SUNSHINE: SKY :PK WND
================================================================================
1 2 3 4 5 6A 6B 7 8 9 10 11 12 13 14 15 16 17 18
12Z AVG MX 2MIN
DY MAX MIN AVG DEP HDD CDD WTR SNW DPTH SPD SPD DIR MIN PSBL S-S WX SPD DR
================================================================================
1 52 22 37 M 28 0 0.03 M M 8.7 21 10 M M 4 1 28 80
2 54 18 36 M 29 0 T M M 7.7 21 190 M M 2 30 180
3 59 12 36 M 29 0 0.00 M M 8.4 20 180 M M 0 26 190
4 64 12 38 M 27 0 0.00 M M 10.5 29 200 M M 0 39 220
5 51 21 36 M 29 0 0.00 M M 8.9 31 10 M M 0 38 10
6 69 14 42 M 23 0 0.00 M M 4.0 17 200 M M 0 25 180
7 69 24 47 M 18 0 0.00 M M 8.0 20 310 M M 0 25 310
8 70 27 49 M 16 0 T M M 10.4 40 20 M M 2 8 52 10
9 58 27 43 M 22 0 T M M 9.7 29 10 M M 4 38 360
10 63 19 41 M 24 0 0.00 M M 6.8 25 350 M M 2 33 350
11 68 19 44 M 21 0 0.00 M M 7.9 25 330 M M 1 40 310
12 50 29 40 M 25 0 0.00 M M 9.0 18 40 M M 2 25 30
13 32 24 28 M 37 0 0.07 M M 23.8 36 150 M M 10 12 47 150
14 35 26 31 M 34 0 0.00 M M 13.7 24 150 M M 10 1 30 160
15 39 28 34 M 31 0 0.00 M M 12.3 22 180 M M 10 1 29 180
16 60 28 44 M 21 0 0.00 M M 9.8 22 120 M M 4 12 28 110
17 44 31 38 M 27 0 0.00 M M 14.6 26 190 M M 10 1 35 180
18 67 30 49 M 16 0 0.00 M M 10.9 28 130 M M 1 12 39 180
19 43 19 31 M 34 0 0.46 M M 19.4 41 340 M M 10 12 56 340
20 31 16 24 M 41 0 T M M 11.1 24 160 M M 8 1 30 160
21 51 12 32 M 33 0 0.00 M M 5.2 16 150 M M 3 23 140
22 54 24 39 M 26 0 0.00 M M 7.0 33 320 M M 4 12 44 310
23 59 22 41 M 24 0 0.05 M M 11.4 29 280 M M 2 13 38 280
24 62 29 46 M 19 0 0.00 M M 5.9 21 160 M M 0 29 160
25 69 27 48 M 17 0 0.00 M M 10.4 28 240 M M 0 40 250
26 71 22 47 M 18 0 0.00 M M 11.0 29 210 M M 1 12 45 200
27 53 32 43 M 22 0 0.71 M M 11.0 24 340 M M 9 13 33 340
28 46 23 35 M 30 0 0.02 M M 19.8 43 330 M M 4 1 54 340
29 54 22 38 M 27 0 0.00 M M 4.6 15 110 M M 0 20 120
30 56 32 44 M 21 0 0.00 M M 7.9 22 330 M M 3 27 340
31 64 23 44 M 21 0 0.00 0.0 0 5.4 18 130 M M 1 25 180
================================================================================
SM 1717 714 790 0 1.34 0.0 315.2 M 107
================================================================================
AV 55.4 23.0 10.2 FASTST M M 3 MAX(MPH)
MISC ----> # 43 330 # 56 340
================================================================================
NOTES:
# LAST OF SEVERAL OCCURRENCES
COLUMN 17 PEAK WIND IN M.P.H.
PRELIMINARY LOCAL CLIMATOLOGICAL DATA (WS FORM: F-6) , PAGE 2
STATION: LIMON CO
MONTH: MARCH
YEAR: 2020
LATITUDE: 39 10 N
LONGITUDE: 103 42 W
[TEMPERATURE DATA] [PRECIPITATION DATA] SYMBOLS USED IN COLUMN 16
AVERAGE MONTHLY: 39.2 TOTAL FOR MONTH: 1.34 1 = FOG OR MIST
DPTR FM NORMAL: 2.8 DPTR FM NORMAL: 0.50 2 = FOG REDUCING VISIBILITY
HIGHEST: 71 ON 26 GRTST 24HR 0.71 ON 27-27 TO 1/4 MILE OR LESS
LOWEST: 12 ON 21, 4 3 = THUNDER
SNOW, ICE PELLETS, HAIL 4 = ICE PELLETS
TOTAL MONTH: 0.0 INCH 5 = HAIL
GRTST 24HR 0.0 6 = FREEZING RAIN OR DRIZZLE
GRTST DEPTH: 0 7 = DUSTSTORM OR SANDSTORM:
VSBY 1/2 MILE OR LESS
8 = SMOKE OR HAZE
[NO. OF DAYS WITH] [WEATHER - DAYS WITH] 9 = BLOWING SNOW
X = TORNADO
MAX 32 OR BELOW: 2 0.01 INCH OR MORE: 6
MAX 90 OR ABOVE: 0 0.10 INCH OR MORE: 2
MIN 32 OR BELOW: 31 0.50 INCH OR MORE: 1
MIN 0 OR BELOW: 0 1.00 INCH OR MORE: 0
[HDD (BASE 65) ]
TOTAL THIS MO. 790 CLEAR (SCALE 0-3) 19
DPTR FM NORMAL M PTCLDY (SCALE 4-7) 6
TOTAL FM JUL 1 5921 CLOUDY (SCALE 8-10) 6
DPTR FM NORMAL M
[CDD (BASE 65) ]
TOTAL THIS MO. 0
DPTR FM NORMAL M [PRESSURE DATA]
TOTAL FM JAN 1 0 HIGHEST SLP 30.50 ON 20
DPTR FM NORMAL M LOWEST SLP 29.58 ON 26
[REMARKS]
#FINAL-03-20#