000
CXUS52 KMLB 011415
CF6MLB
PRELIMINARY LOCAL CLIMATOLOGICAL DATA (WS FORM: F-6)
STATION: MELBOURNE
MONTH: NOVEMBER
YEAR: 2020
LATITUDE: 28 6 N
LONGITUDE: 80 39 W
TEMPERATURE IN F: :PCPN: SNOW: WIND :SUNSHINE: SKY :PK WND
================================================================================
1 2 3 4 5 6A 6B 7 8 9 10 11 12 13 14 15 16 17 18
12Z AVG MX 2MIN
DY MAX MIN AVG DEP HDD CDD WTR SNW DPTH SPD SPD DIR MIN PSBL S-S WX SPD DR
================================================================================
1 80 72 76 4 0 11 1.02 0.0 0 8.1 18 100 M M 8 1 24 90
2 75 64 70 -2 0 5 0.00 0.0 0 18.1 29 10 M M 6 38 20
3 76 59 68 -4 0 3 0.00 0.0 0 12.6 21 40 M M 8 25 40
4 79 71 75 3 0 10 T 0.0 0 16.6 23 80 M M 6 29 60
5 82 75 79 8 0 14 0.01 0.0 0 13.8 20 70 M M 5 18 25 70
6 83 73 78 7 0 13 0.00 0.0 0 11.5 17 50 M M 4 22 50
7 82 75 79 8 0 14 0.09 0.0 0 17.6 25 70 M M 7 1 33 70
8 79 73 76 6 0 11 0.07 0.0 0 20.7 32 90 M M 9 1 40 100
9 81 74 78 8 0 13 0.59 0.0 0 19.9 35 70 M M 10 1 42 80
10 82 72 77 7 0 12 0.54 0.0 0 12.8 30 170 M M 7 1 42 170
11 83 75 79 9 0 14 0.22 0.0 0 15.0 29 150 M M 4 1 38 150
12 86 73 80 10 0 15 0.10 0.0 0 12.4 23 210 M M 6 1 31 220
13 82 71 77 8 0 12 0.00 0.0 0 7.7 14 10 M M 4 16 20
14 80 71 76 7 0 11 0.00 0.0 0 9.0 17 30 M M 5 20 20
15 80 72 76 7 0 11 0.01 0.0 0 7.5 14 130 M M 6 1 18 130
16 81 69 75 6 0 10 0.00 0.0 0 8.6 18 360 M M 3 23 350
17 78 57 68 -1 0 3 0.00 0.0 0 12.2 24 360 M M 0 30 360
18 76 55 66 -2 0 1 T 0.0 0 17.6 26 50 M M 7 35 50
19 77 67 72 4 0 7 0.04 0.0 0 17.2 26 60 M M 9 1 35 50
20 78 67 73 5 0 8 T 0.0 0 13.5 22 50 M M 5 1 26 40
21 75 69 72 4 0 7 0.16 0.0 0 12.3 21 40 M M 6 18 28 30
22 75 68 72 4 0 7 1.51 0.0 0 4.5 14 80 M M 8 13 17 70
23 76 61 69 2 0 4 0.00 0.0 0 11.4 24 350 M M 5 1 29 350
24 79 58 69 2 0 4 0.00 0.0 0 10.1 21 100 M M 4 25 100
25 80 63 72 5 0 7 0.00 0.0 0 6.9 17 150 M M 4 24 140
26 80 61 71 4 0 6 0.00 0.0 0 4.3 14 110 M M 1 17 100
27 79 61 70 3 0 5 0.00 0.0 0 2.9 12 100 M M 0 14 70
28 83 62 73 7 0 8 0.00 0.0 0 5.4 12 190 M M 1 1 13 220
29 81 64 73 7 0 8 0.00 0.0 0 7.0 14 180 M M 1 18 180
30 74 56 65 -1 0 0 0.05 0.0 0 12.1 22 290 M M 4 1 29 280
================================================================================
SM 2382 2008 0 254 4.41 0.0 349.3 M 153
================================================================================
AV 79.4 66.9 11.6 FASTST M M 5 MAX(MPH)
MISC ----> 35 70 # 42 80
================================================================================
NOTES:
# LAST OF SEVERAL OCCURRENCES
COLUMN 17 PEAK WIND IN M.P.H.
PRELIMINARY LOCAL CLIMATOLOGICAL DATA (WS FORM: F-6) , PAGE 2
STATION: MELBOURNE
MONTH: NOVEMBER
YEAR: 2020
LATITUDE: 28 6 N
LONGITUDE: 80 39 W
[TEMPERATURE DATA] [PRECIPITATION DATA] SYMBOLS USED IN COLUMN 16
AVERAGE MONTHLY: 73.2 TOTAL FOR MONTH: 4.41 1 = FOG OR MIST
DPTR FM NORMAL: 4.2 DPTR FM NORMAL: 1.53 2 = FOG REDUCING VISIBILITY
HIGHEST: 86 ON 12 GRTST 24HR 1.58 ON 21-22 TO 1/4 MILE OR LESS
LOWEST: 55 ON 18 3 = THUNDER
SNOW, ICE PELLETS, HAIL 4 = ICE PELLETS
TOTAL MONTH: 0.0 INCH 5 = HAIL
GRTST 24HR 0.0 6 = FREEZING RAIN OR DRIZZLE
GRTST DEPTH: 0 7 = DUSTSTORM OR SANDSTORM:
VSBY 1/2 MILE OR LESS
8 = SMOKE OR HAZE
[NO. OF DAYS WITH] [WEATHER - DAYS WITH] 9 = BLOWING SNOW
X = TORNADO
MAX 32 OR BELOW: 0 0.01 INCH OR MORE: 13
MAX 90 OR ABOVE: 0 0.10 INCH OR MORE: 7
MIN 32 OR BELOW: 0 0.50 INCH OR MORE: 4
MIN 0 OR BELOW: 0 1.00 INCH OR MORE: 2
[HDD (BASE 65) ]
TOTAL THIS MO. 0 CLEAR (SCALE 0-3) 6
DPTR FM NORMAL -38 PTCLDY (SCALE 4-7) 21
TOTAL FM JUL 1 0 CLOUDY (SCALE 8-10) 3
DPTR FM NORMAL -42
[CDD (BASE 65) ]
TOTAL THIS MO. 254
DPTR FM NORMAL 96 [PRESSURE DATA]
TOTAL FM JAN 1 3928 HIGHEST SLP 30.36 ON 19
DPTR FM NORMAL 733 LOWEST SLP 29.76 ON 9
[REMARKS]
#FINAL-11-20#