000
CXUS54 KHGX 261454
CF6GLS
PRELIMINARY LOCAL CLIMATOLOGICAL DATA (WS FORM: F-6)

                                          STATION:   GALVESTON
                                          MONTH:     FEBRUARY
                                          YEAR:      2015
                                          LATITUDE:   29 16 N
                                          LONGITUDE:  94 52 W

  TEMPERATURE IN F:       :PCPN:    SNOW:  WIND      :SUNSHINE: SKY     :PK WND
================================================================================
1   2   3   4   5  6A  6B    7    8   9   10  11  12  13   14  15   16   17  18
                                     12Z  AVG MX 2MIN
DY MAX MIN AVG DEP HDD CDD  WTR  SNW DPTH SPD SPD DIR MIN PSBL S-S WX    SPD DR
================================================================================

 1  72  55  64   8   1   0 0.02  0.0    0 13.3 36 350   M    M   5 1      41 350
 2  55  41  48  -8  17   0 0.03    M    0 18.5 37 350   M    M   0        44 360
 3  50  45  48  -8  17   0 0.20    M    0 10.5 16  30   M    M   8 1      19  30
 4  58  45  52  -4  13   0 0.19  0.0    0  8.6 17  70   M    M  10 1      22  60
 5  54  46  50  -6  15   0    T  0.0    0 12.9 18 350   M    M  10 1      23 360
 6  53  46  50  -6  15   0 0.00  0.0    0  7.4 13  10   M    M   8        16 350
 7  65  48  57   1   8   0 0.00  0.0    0  8.5 14 170   M    M   1        17 180
 8  70  59  65   9   0   0 0.00  0.0    0 11.1 18 190   M    M   3        23 170
 9  79  59  69  12   0   4 0.00  0.0    0  7.4 14 350   M    M   4 12     18 340
10  63  53  58   1   7   0 0.00  0.0    0  9.3 18  70   M    M   0 8      21  80
11  67  54  61   4   4   0 0.00  0.0    0  8.2 17 100   M    M   0 12     21 110
12  65  53  59   2   6   0 0.00  0.0    0 11.7 24  10   M    M   2 12     30  10
13  59  51  55  -2  10   0 0.00  0.0    0  9.4 15  80   M    M   1        19  70
14  72  53  63   6   2   0 0.00  0.0    0  9.0 20 210   M    M   0 1      24 220
15  67  56  62   4   3   0    T  0.0    0  9.2 17 140   M    M   3 1      20 130
16  67  41  54  -4  11   0 0.10    M    0 18.2 31 340   M    M   8 1      37 340
17  51  38  45 -13  20   0 0.03  0.0    0 15.9 26 350   M    M   4        33 350
18  60  45  53  -5  12   0 0.00  0.0    0  8.1 16 340   M    M   0        18 270
19  61  45  53  -5  12   0 0.00  0.0    0 10.6 17 150   M    M   1        21 150
20  69  59  64   6   1   0    T  0.0    0 20.0 26 160   M    M  10        32 170
21  71  63  67   8   0   2 0.05  0.0    0 15.6 25 170   M    M  10 18     30 170
22  72  50  61   2   4   0    T  0.0    0 10.8 28 360   M    M   7 1      34 350
23  50  38  44 -15  21   0    T  0.0    0 19.5 28  10   M    M   9 1      36  20
24  43  38  41 -18  24   0 0.00  0.0    0 11.6 20 350   M    M  10        25 350
25  52  41  47 -12  18   0 0.06  0.0    0 13.1 20 360   M    M   7 1      25 310
================================================================================
SM 1545 1222       241   6  0.68     0.0 298.4          M      121
================================================================================
AV 61.8 48.9                              11.9 FASTST   M    M   5    MAX(MPH)
                                 MISC ---->  # 37 350               # 44  360
================================================================================
NOTES:
# LAST OF SEVERAL OCCURRENCES

COLUMN 17 PEAK WIND IN M.P.H.

PRELIMINARY LOCAL CLIMATOLOGICAL DATA (WS FORM: F-6) , PAGE 2

                                          STATION:  GALVESTON
                                          MONTH:    FEBRUARY
                                          YEAR:     2015
                                          LATITUDE:   29 16 N
                                          LONGITUDE:  94 52 W

[TEMPERATURE DATA]      [PRECIPITATION DATA]       SYMBOLS USED IN COLUMN 16

AVERAGE MONTHLY: 55.3   TOTAL FOR MONTH:   0.68    1 = FOG OR MIST
DPTR FM NORMAL:  -2.0   DPTR FM NORMAL:   -1.62    2 = FOG REDUCING VISIBILITY
HIGHEST:    79 ON  9    GRTST 24HR  0.39 ON  3- 4      TO 1/4 MILE OR LESS
LOWEST:     38 ON 24,23                            3 = THUNDER
                        SNOW, ICE PELLETS, HAIL    4 = ICE PELLETS
                        TOTAL MONTH:   0.0 INCH    5 = HAIL
                        GRTST 24HR     0.0         6 = FREEZING RAIN OR DRIZZLE
                        GRTST DEPTH:   0           7 = DUSTSTORM OR SANDSTORM:
                                                       VSBY 1/2 MILE OR LESS
                                                   8 = SMOKE OR HAZE
[NO. OF DAYS WITH]      [WEATHER - DAYS WITH]      9 = BLOWING SNOW
                                                   X = TORNADO
MAX 32 OR BELOW:   0    0.01 INCH OR MORE:   8
MAX 90 OR ABOVE:   0    0.10 INCH OR MORE:   3
MIN 32 OR BELOW:   0    0.50 INCH OR MORE:   0
MIN  0 OR BELOW:   0    1.00 INCH OR MORE:   0

[HDD (BASE 65) ]
TOTAL THIS MO.   241    CLEAR  (SCALE 0-3)  10
DPTR FM NORMAL    41    PTCLDY (SCALE 4-7)   8
TOTAL FM JUL 1  1010    CLOUDY (SCALE 8-10)  7
DPTR FM NORMAL   141

[CDD (BASE 65) ]
TOTAL THIS MO.     6
DPTR FM NORMAL     1    [PRESSURE DATA]
TOTAL FM JAN 1     6    HIGHEST SLP M ON M
DPTR FM NORMAL    -4    LOWEST  SLP 29.82 ON 25

[REMARKS]
