000
CXUS56 KFGZ 250910
CF6INW
PRELIMINARY LOCAL CLIMATOLOGICAL DATA (WS FORM: F-6)
STATION: WINSLOW AZ AIRPORT
MONTH: APRIL
YEAR: 2024
LATITUDE: 35 1 N
LONGITUDE: 110 44 W
TEMPERATURE IN F: :PCPN: SNOW: WIND :SUNSHINE: SKY :PK WND
================================================================================
1 2 3 4 5 6A 6B 7 8 9 10 11 12 13 14 15 16 17 18
12Z AVG MX 2MIN
DY MAX MIN AVG DEP HDD CDD WTR SNW DPTH SPD SPD DIR MIN PSBL S-S WX SPD DR
================================================================================
1 56 33 45 -7 20 0 T M M 6.4 26 310 M M 5 33 300
2 65 30 48 -4 17 0 0.00 M M 7.9 16 320 M M 0 25 320
3 73 33 53 1 12 0 0.00 M M 5.2 15 260 M M 0 19 260
4 78 38 58 6 7 0 0.00 M M 12.5 26 220 M M 0 37 220
5 66 34 50 -2 15 0 0.03 M M 23.5 49 210 M M 2 18 64 210
6 56 29 43 -10 22 0 T M M 13.4 32 270 M M 2 18 42 270
7 63 24 44 -9 21 0 0.00 M M 6.3 20 270 M M 0 26 270
8 61 41 51 -2 14 0 0.00 M M 6.9 21 270 M M 1 28 300
9 69 39 54 1 11 0 0.00 M M 11.2 21 330 M M 1 29 330
10 71 34 53 -1 12 0 0.00 M M 6.4 15 320 M M 0 22 330
11 77 33 55 1 10 0 0.00 M M 4.8 12 110 M M 0 17 140
12 81 44 63 9 2 0 0.00 M M 15.2 31 200 M M 0 49 190
13 77 40 59 5 6 0 0.00 M M 8.5 22 190 M M 0 27 220
14 77 40 59 5 6 0 0.00 M M 16.7 36 200 M M 0 47 220
15 66 39 53 -2 12 0 0.00 M M 15.5 30 260 M M 1 45 250
16 72 33 53 -2 12 0 0.00 M M 5.5 16 330 M M 0 22 330
17 82 39 61 6 4 0 0.00 M M 10.0 24 250 M M 0 32 240
18 83 45 64 9 1 0 0.00 M M 10.0 22 230 M M 0 29 230
19 83 41 62 6 3 0 0.00 M M 9.8 24 260 M M 0 38 270
20 82 45 64 8 1 0 0.00 M M 7.2 20 300 M M 0 28 300
21 83 46 65 9 0 0 0.00 M M 5.3 14 330 M M 0 21 310
22 86 48 67 11 0 2 0.00 M M 9.4 23 210 M M 0 33 220
23 83 48 66 9 0 1 0.00 M M 10.7 23 240 M M 0 35 260
24 82 45 64 7 1 0 0.00 M M 11.2 28 190 M M 0 37 190
================================================================================
SM 1772 921 209 3 0.03 M 239.5 M 12
================================================================================
AV 73.8 38.4 10.0 FASTST M M 1 MAX(MPH)
MISC ----> 49 210 64 210
================================================================================
NOTES:
# LAST OF SEVERAL OCCURRENCES
COLUMN 17 PEAK WIND IN M.P.H.
PRELIMINARY LOCAL CLIMATOLOGICAL DATA (WS FORM: F-6) , PAGE 2
STATION: WINSLOW AZ AIRPORT
MONTH: APRIL
YEAR: 2024
LATITUDE: 35 1 N
LONGITUDE: 110 44 W
[TEMPERATURE DATA] [PRECIPITATION DATA] SYMBOLS USED IN COLUMN 16
AVERAGE MONTHLY: 56.1 TOTAL FOR MONTH: 0.03 1 = FOG OR MIST
DPTR FM NORMAL: 1.9 DPTR FM NORMAL: -0.18 2 = FOG REDUCING VISIBILITY
HIGHEST: 86 ON 22 GRTST 24HR 0.03 ON 5- 5 TO 1/4 MILE OR LESS
LOWEST: 24 ON 7 3 = THUNDER
SNOW, ICE PELLETS, HAIL 4 = ICE PELLETS
TOTAL MONTH: M 5 = HAIL
GRTST 24HR M ON M 6 = FREEZING RAIN OR DRIZZLE
GRTST DEPTH: M ON M 7 = DUSTSTORM OR SANDSTORM:
VSBY 1/2 MILE OR LESS
8 = SMOKE OR HAZE
[NO. OF DAYS WITH] [WEATHER - DAYS WITH] 9 = BLOWING SNOW
X = TORNADO
MAX 32 OR BELOW: 0 0.01 INCH OR MORE: 1
MAX 90 OR ABOVE: 0 0.10 INCH OR MORE: 0
MIN 32 OR BELOW: 3 0.50 INCH OR MORE: 0
MIN 0 OR BELOW: 0 1.00 INCH OR MORE: 0
[HDD (BASE 65) ]
TOTAL THIS MO. 209 CLEAR (SCALE 0-3) 23
DPTR FM NORMAL -54 PTCLDY (SCALE 4-7) 1
TOTAL FM JUL 1 3756 CLOUDY (SCALE 8-10) 0
DPTR FM NORMAL -416
[CDD (BASE 65) ]
TOTAL THIS MO. 3
DPTR FM NORMAL 3 [PRESSURE DATA]
TOTAL FM JAN 1 3 HIGHEST SLP M ON M
DPTR FM NORMAL 3 LOWEST SLP 29.55 ON 5
[REMARKS]