000
CXUS56 KFGZ 250900
CF6INW
PRELIMINARY LOCAL CLIMATOLOGICAL DATA (WS FORM: F-6)

                                          STATION:   WINSLOW AZ AIRPORT
                                          MONTH:     JULY
                                          YEAR:      2016
                                          LATITUDE:   35  1 N
                                          LONGITUDE: 110 44 W

  TEMPERATURE IN F:       :PCPN:    SNOW:  WIND      :SUNSHINE: SKY     :PK WND
================================================================================
1   2   3   4   5  6A  6B    7    8   9   10  11  12  13   14  15   16   17  18
                                     12Z  AVG MX 2MIN
DY MAX MIN AVG DEP HDD CDD  WTR  SNW DPTH SPD SPD DIR MIN PSBL S-S WX    SPD DR
================================================================================

 1  80  63  72  -5   0   7 0.05    M    M  7.7 18  80   M    M   7 3      23 110
 2  84  58  71  -6   0   6 0.22    M    M  7.3 30 250   M    M   2 13     37 250
 3  95  56  76  -1   0  11 0.00    M    M  8.4 21 250   M    M   0        27 240
 4  96  61  79   1   0  14 0.00    M    M  9.4 22 250   M    M   1        28 250
 5  97  61  79   1   0  14 0.00    M    M 11.3 25 220   M    M   1        33 280
 6  96  62  79   1   0  14 0.00    M    M 12.7 28 240   M    M   0        37 240
 7  97  60  79   1   0  14 0.00    M    M 10.9 25 250   M    M   0        30 260
 8  98  60  79   1   0  14 0.00    M    M  9.9 21 260   M    M   0        29 240
 9 101  57  79   1   0  14 0.00    M    M  9.4 23 250   M    M   0        30 250
10  98  63  81   3   0  16 0.00    M    M 13.6 32 230   M    M   0        40 240
11  96  61  79   1   0  14 0.00    M    M 15.5 30 220   M    M   0        36 220
12  98  57  78   0   0  13 0.00    M    M 12.0 26 250   M    M   0        33 260
13 100  60  80   2   0  15 0.00    M    M 10.2 24 240   M    M   0        33 230
14 102  60  81   2   0  16 0.00    M    M  8.8 20 230   M    M   0        25 230
15 103  62  83   4   0  18 0.00    M    M  9.7 24 250   M    M   0        29 250
16 101  61  81   2   0  16 0.00    M    M 11.8 26 240   M    M   0        38 250
17  98  64  81   2   0  16 0.00    M    M 12.3 38 150   M    M   1 3      46 150
18  91  60  76  -3   0  11 0.04    M    M  9.0 31 220   M    M   1 3      36 220
19  90  62  76  -3   0  11 0.03    M    M  8.4 28 250   M    M   1 3      36 250
20  95  58  77  -2   0  12 0.02    M    M  6.5 33 270   M    M   2 3      41 260
21  92  62  77  -2   0  12 0.00    M    M  6.9 20 160   M    M   0 38     24 170
22  99  63  81   3   0  16    T    M    M  7.4 32 190   M    M   1 3      43 210
23 102  60  81   3   0  16 0.00    M    M  6.9 24 270   M    M   0 3      28 260
24  99  61  80   2   0  15 0.00    M    M  7.9 24 320   M    M   0 3      32 310
================================================================================
SM 2308 1452         0 325  0.36    M    233.9          M       17
================================================================================
AV 96.2 60.5                               9.7 FASTST   M    M   1    MAX(MPH)
                                 MISC ---->  # 38 150               # 46  150
================================================================================
NOTES:
# LAST OF SEVERAL OCCURRENCES

COLUMN 17 PEAK WIND IN M.P.H.

PRELIMINARY LOCAL CLIMATOLOGICAL DATA (WS FORM: F-6) , PAGE 2

                                          STATION:  WINSLOW AZ AIRPORT
                                          MONTH:    JULY
                                          YEAR:     2016
                                          LATITUDE:   35  1 N
                                          LONGITUDE: 110 44 W

[TEMPERATURE DATA]      [PRECIPITATION DATA]       SYMBOLS USED IN COLUMN 16

AVERAGE MONTHLY: 78.3   TOTAL FOR MONTH:   0.36    1 = FOG OR MIST
DPTR FM NORMAL:   0.1   DPTR FM NORMAL:   -0.39    2 = FOG REDUCING VISIBILITY
HIGHEST:   103 ON 15    GRTST 24HR  0.22 ON  1- 2      TO 1/4 MILE OR LESS
LOWEST:     56 ON  3                               3 = THUNDER
                        SNOW, ICE PELLETS, HAIL    4 = ICE PELLETS
                        TOTAL MONTH:    M          5 = HAIL
                        GRTST 24HR    M  ON   M    6 = FREEZING RAIN OR DRIZZLE
                        GRTST DEPTH:  M  ON   M    7 = DUSTSTORM OR SANDSTORM:
                                                       VSBY 1/2 MILE OR LESS
                                                   8 = SMOKE OR HAZE
[NO. OF DAYS WITH]      [WEATHER - DAYS WITH]      9 = BLOWING SNOW
                                                   X = TORNADO
MAX 32 OR BELOW:   0    0.01 INCH OR MORE:   5
MAX 90 OR ABOVE:  22    0.10 INCH OR MORE:   1
MIN 32 OR BELOW:   0    0.50 INCH OR MORE:   0
MIN  0 OR BELOW:   0    1.00 INCH OR MORE:   0

[HDD (BASE 65) ]
TOTAL THIS MO.     0    CLEAR  (SCALE 0-3)  23
DPTR FM NORMAL     0    PTCLDY (SCALE 4-7)   1
TOTAL FM JUL 1     0    CLOUDY (SCALE 8-10)  0
DPTR FM NORMAL     0

[CDD (BASE 65) ]
TOTAL THIS MO.   325
DPTR FM NORMAL     6    [PRESSURE DATA]
TOTAL FM JAN 1   731    HIGHEST SLP M ON M
DPTR FM NORMAL   104    LOWEST  SLP 29.75 ON M

[REMARKS]
