000
CXUS56 KFGZ 230900
CF6INW
PRELIMINARY LOCAL CLIMATOLOGICAL DATA (WS FORM: F-6)

                                          STATION:   WINSLOW AZ AIRPORT
                                          MONTH:     OCTOBER
                                          YEAR:      2014
                                          LATITUDE:   35  1 N
                                          LONGITUDE: 110 44 W

  TEMPERATURE IN F:       :PCPN:    SNOW:  WIND      :SUNSHINE: SKY     :PK WND
================================================================================
1   2   3   4   5  6A  6B    7    8   9   10  11  12  13   14  15   16   17  18
                                     12Z  AVG MX 2MIN
DY MAX MIN AVG DEP HDD CDD  WTR  SNW DPTH SPD SPD DIR MIN PSBL S-S WX    SPD DR
================================================================================

 1  78  47  63   1   2   0 0.00    M    M  6.4 18 310   M    M   2        24 320
 2  70  41  56  -6   9   0 0.00    M    M  4.9 14 300   M    M   0        17 300
 3  78  34  56  -6   9   0 0.00    M    M  2.9  8 330   M    M   0        13 310
 4  81  38  60  -1   5   0 0.00    M    M  2.8  9 350   M    M   0        15 360
 5  80  39  60  -1   5   0 0.00    M    M  4.5 15 350   M    M   0        19 280
 6  81  42  62   2   3   0 0.00    M    M  3.8  9 210   M    M   0        13 250
 7  79  49  64   4   1   0 0.00    M    M  4.0  9 240   M    M   0        12  20
 8  68  56  62   2   3   0 0.27    M    M  5.0 14 200   M    M   8 1      16 200
 9  71  53  62   3   3   0 0.05    M    M  7.1 16 300   M    M   5 1      22 300
10  79  48  64   5   1   0 0.00    M    M  4.3 16 220   M    M   1        20 220
11  79  48  64   6   1   0 0.00    M    M  6.1 20 220   M    M   2        25 240
12  81  45  63   5   2   0 0.00    M    M 17.2 38 300   M    M   0        47 310
13  69  36  53  -4  12   0 0.00    M    M  5.8 13 290   M    M   0        15 350
14  76  33  55  -2  10   0 0.00    M    0  4.4 10  70   M    M   0        15 110
15  80  44  62   5   3   0 0.00    M    0  8.7 17 120   M    M   0        21 220
16  84  44  64   8   1   0 0.00    M    M  6.2 15 240   M    M   0        19 210
17  71  46  59   3   6   0 0.00    M    M  3.3 13  60   M    M   0        16  70
18  80  52  66  10   0   1 0.00    M    M  6.1 13 120   M    M   5        14 110
19  77  50  64   9   1   0    T    M    M  6.5 23 110   M    M   3 3      28 110
20  74  42  58   3   7   0 0.00    M    M  4.1 12  90   M    M   1        17 130
21  76  44  60   6   5   0 0.07    M    M  5.5 12 210   M    M   1        15 250
22  77  44  61   7   4   0 0.00    M    M  3.8  9 150   M    M   0        13 150
================================================================================
SM 1689  975        93   1  0.39    M    123.4          M       28
================================================================================
AV 76.8 44.3                               5.6 FASTST   M    M   1    MAX(MPH)
                                 MISC ---->  # 38 300               # 47  310
================================================================================
NOTES:
# LAST OF SEVERAL OCCURRENCES

COLUMN 17 PEAK WIND IN M.P.H.

PRELIMINARY LOCAL CLIMATOLOGICAL DATA (WS FORM: F-6) , PAGE 2

                                          STATION:  WINSLOW AZ AIRPORT
                                          MONTH:    OCTOBER
                                          YEAR:     2014
                                          LATITUDE:   35  1 N
                                          LONGITUDE: 110 44 W

[TEMPERATURE DATA]      [PRECIPITATION DATA]       SYMBOLS USED IN COLUMN 16

AVERAGE MONTHLY: 60.5   TOTAL FOR MONTH:   0.39    1 = FOG OR MIST
DPTR FM NORMAL:   2.4   DPTR FM NORMAL:    0.00    2 = FOG REDUCING VISIBILITY
HIGHEST:    84 ON 16    GRTST 24HR  0.32 ON  8- 9      TO 1/4 MILE OR LESS
LOWEST:     33 ON 14                               3 = THUNDER
                        SNOW, ICE PELLETS, HAIL    4 = ICE PELLETS
                        TOTAL MONTH:    M          5 = HAIL
                        GRTST 24HR    M  ON   M    6 = FREEZING RAIN OR DRIZZLE
                        GRTST DEPTH:   0           7 = DUSTSTORM OR SANDSTORM:
                                                       VSBY 1/2 MILE OR LESS
                                                   8 = SMOKE OR HAZE
[NO. OF DAYS WITH]      [WEATHER - DAYS WITH]      9 = BLOWING SNOW
                                                   X = TORNADO
MAX 32 OR BELOW:   0    0.01 INCH OR MORE:   3
MAX 90 OR ABOVE:   0    0.10 INCH OR MORE:   1
MIN 32 OR BELOW:   0    0.50 INCH OR MORE:   0
MIN  0 OR BELOW:   0    1.00 INCH OR MORE:   0

[HDD (BASE 65) ]
TOTAL THIS MO.    93    CLEAR  (SCALE 0-3)  19
DPTR FM NORMAL   -66    PTCLDY (SCALE 4-7)   3
TOTAL FM JUL 1   106    CLOUDY (SCALE 8-10)  0
DPTR FM NORMAL   -84

[CDD (BASE 65) ]
TOTAL THIS MO.     1
DPTR FM NORMAL    -5    [PRESSURE DATA]
TOTAL FM JAN 1  1327    HIGHEST SLP M ON M
DPTR FM NORMAL   120    LOWEST  SLP 29.81 ON  1

[REMARKS]
