000
CXUS55 KGJT 281000
CF6MTJ
PRELIMINARY LOCAL CLIMATOLOGICAL DATA (WS FORM: F-6)

                                          STATION:   MONTROSE CO
                                          MONTH:     MARCH
                                          YEAR:      2015
                                          LATITUDE:   38 30 N
                                          LONGITUDE: 107 53 W

  TEMPERATURE IN F:       :PCPN:    SNOW:  WIND      :SUNSHINE: SKY     :PK WND
================================================================================
1   2   3   4   5  6A  6B    7    8   9   10  11  12  13   14  15   16   17  18
                                     12Z  AVG MX 2MIN
DY MAX MIN AVG DEP HDD CDD  WTR  SNW DPTH SPD SPD DIR MIN PSBL S-S WX    SPD DR
================================================================================

 1  43  25  34  -3  31   0 0.04    M    M  4.9 14 140   M    M  10 1      16 140
 2  54  32  43   6  22   0 0.07    M    M  9.5 32 230   M    M   7 1      41 230
 3  43  28  36  -1  29   0 0.12    M    M  8.7 24 240   M    M   5 12     31 240
 4  37  23  30  -8  35   0    T    M    M  8.2 22 310   M    M   6 1      25 310
 5  44  18  31  -7  34   0 0.00    M    M  5.4 12 150   M    M   0        14 140
 6  51  21  36  -2  29   0 0.00    M    M  5.8 14 150   M    M   0        16 150
 7  57  24  41   2  24   0 0.00    M    M  5.7 14 150   M    M   0        15 150
 8  57  28  43   4  22   0 0.00    M    M  6.5 14 140   M    M   0        16 130
 9  58  28  43   4  22   0 0.00    M    M  6.3 15 320   M    M   0        19 320
10  61  28  45   5  20   0 0.00    M    M  6.8 13 140   M    M   0        14 150
11  62  27  45   5  20   0 0.00    M    M  4.5 15 140   M    M   0        17 130
12  56  36  46   6  19   0 0.00    M    M  6.3 17 310   M    M   4        27 360
13  62  36  49   9  16   0 0.03    M    M  5.2 22 170   M    M   4        43 170
14  64  32  48   7  17   0 0.00    M    M  6.1 15 160   M    M   0        16 330
15  69  34  52  11  13   0 0.00    M    M  6.9 17 140   M    M   0        18 140
16  74  34  54  13  11   0 0.00    M    M  8.0 17 160   M    M   0        21 150
17  75  36  56  14   9   0    T    M    M  6.4 16 160   M    M   4        19 310
18  58  43  51   9  14   0 0.07    M    M  8.0 23 300   M    M   9 1      27 290
19  60  37  49   7  16   0 0.02    M    M  5.8 16 290   M    M   4        22 280
20  64  30  47   5  18   0 0.00    M    M  6.1 13 140   M    M   0        14 140
21  68  32  50   7  15   0 0.00    M    M  7.2 15 310   M    M   0        18 340
22  70  34  52   9  13   0 0.00    M    M  7.6 17 220   M    M   0        21 220
23  67  41  54  11  11   0    T    M    M 13.6 38 320   M    M   2 8      48 320
24  61  32  47   4  18   0 0.00    M    M  6.1 25 310   M    M   4        30 310
25  53  33  43  -1  22   0    T    M    M 11.2 32 310   M    M   5        40 300
26  61  26  44   0  21   0 0.00    M    M  6.8 14 350   M    M   0        19 330
27  71  32  52   8  13   0 0.00    M    M  7.8 14 140   M    M   0        20 300
================================================================================
SM 1600  830       534   0  0.35    M    191.4          M       64
================================================================================
AV 59.3 30.7                               7.1 FASTST   M    M   2    MAX(MPH)
                                 MISC ---->  # 38 320               # 48  320
================================================================================
NOTES:
# LAST OF SEVERAL OCCURRENCES

COLUMN 17 PEAK WIND IN M.P.H.

PRELIMINARY LOCAL CLIMATOLOGICAL DATA (WS FORM: F-6) , PAGE 2

                                          STATION:  MONTROSE CO
                                          MONTH:    MARCH
                                          YEAR:     2015
                                          LATITUDE:   38 30 N
                                          LONGITUDE: 107 53 W

[TEMPERATURE DATA]      [PRECIPITATION DATA]       SYMBOLS USED IN COLUMN 16

AVERAGE MONTHLY: 45.0   TOTAL FOR MONTH:   0.35    1 = FOG OR MIST
DPTR FM NORMAL:   4.4   DPTR FM NORMAL:   -0.52    2 = FOG REDUCING VISIBILITY
HIGHEST:    75 ON 17    GRTST 24HR  0.12 ON  3- 3      TO 1/4 MILE OR LESS
LOWEST:     18 ON  5                               3 = THUNDER
                        SNOW, ICE PELLETS, HAIL    4 = ICE PELLETS
                        TOTAL MONTH:    M          5 = HAIL
                        GRTST 24HR    M  ON   M    6 = FREEZING RAIN OR DRIZZLE
                        GRTST DEPTH:  M  ON   M    7 = DUSTSTORM OR SANDSTORM:
                                                       VSBY 1/2 MILE OR LESS
                                                   8 = SMOKE OR HAZE
[NO. OF DAYS WITH]      [WEATHER - DAYS WITH]      9 = BLOWING SNOW
                                                   X = TORNADO
MAX 32 OR BELOW:   0    0.01 INCH OR MORE:   6
MAX 90 OR ABOVE:   0    0.10 INCH OR MORE:   1
MIN 32 OR BELOW:  17    0.50 INCH OR MORE:   0
MIN  0 OR BELOW:   0    1.00 INCH OR MORE:   0

[HDD (BASE 65) ]
TOTAL THIS MO.   534    CLEAR  (SCALE 0-3)  16
DPTR FM NORMAL  -124    PTCLDY (SCALE 4-7)   9
TOTAL FM JUL 1  4622    CLOUDY (SCALE 8-10)  2
DPTR FM NORMAL  -751

[CDD (BASE 65) ]
TOTAL THIS MO.     0
DPTR FM NORMAL     0    [PRESSURE DATA]
TOTAL FM JAN 1     0    HIGHEST SLP M ON M
DPTR FM NORMAL     0    LOWEST  SLP 29.43 ON  2

[REMARKS]
