000
CXUS55 KGJT 211000
CF6MTJ
PRELIMINARY LOCAL CLIMATOLOGICAL DATA (WS FORM: F-6)

                                          STATION:   MONTROSE CO
                                          MONTH:     AUGUST
                                          YEAR:      2014
                                          LATITUDE:   38 30 N
                                          LONGITUDE: 107 53 W

  TEMPERATURE IN F:       :PCPN:    SNOW:  WIND      :SUNSHINE: SKY     :PK WND
================================================================================
1   2   3   4   5  6A  6B    7    8   9   10  11  12  13   14  15   16   17  18
                                     12Z  AVG MX 2MIN
DY MAX MIN AVG DEP HDD CDD  WTR  SNW DPTH SPD SPD DIR MIN PSBL S-S WX    SPD DR
================================================================================

 1  85  61  73   0   0   8    T    M    M  7.4 24 340   M    M   2        30 330
 2  88  55  72  -1   0   7 0.00    M    M  6.0 14 120   M    M   0        17  30
 3  87  59  73   0   0   8 0.05    M    M  7.2 22 170   M    M   3        27 150
 4  84  63  74   1   0   9 0.08    M    M  6.3 21 300   M    M   6 3      24 300
 5  84  60  72  -1   0   7 0.29    M    M  6.1 16 120   M    M   3 13     19 120
 6  89  56  73   0   0   8 0.00    M    M  6.9 13 140   M    M   0        14 140
 7  90  60  75   3   0  10 0.00    M    M  7.0 22 320   M    M   0        28 320
 8  88  52  70  -2   0   5 0.00    M    M  5.8 13 360   M    M   0        17 360
 9  88  57  73   1   0   8    T    M    M  7.3 38 290   M    M   0 38     48 280
10  88  52  70  -2   0   5 0.00    M    M  6.3 13 130   M    M   0        15 340
11  90  54  72   0   0   7 0.00    M    M  8.1 21 170   M    M   0        26 110
12  87  57  72   0   0   7    T    M    M  5.4 15 240   M    M   1        20 240
13  83  59  71  -1   0   6    T    M    M  6.7 20 250   M    M   4        24 230
14  80  61  71   0   0   6 0.09    M    M  3.9 12 360   M    M   4 1      16 340
15  86  57  72   1   0   7 0.00    M    M  7.7 18 350   M    M   0        24 350
16  91  56  74   3   0   9 0.00    M    M  7.3 16 150   M    M   0        18 300
17  93  56  75   4   0  10 0.00    M    M  7.1 14 150   M    M   0        17 150
18  94  56  75   5   0  10 0.00    M    M  6.8 21 150   M    M   0 8      26 150
19  84  62  73   3   0   8 0.18    M    M  6.5 26 150   M    M   5 3      41 190
20  82  60  71   1   0   6    T    M    M  5.3 17 350   M    M   5        20 340
================================================================================
SM 1741 1153         0 151  0.69    M    131.1          M       33
================================================================================
AV 87.1 57.7                               6.6 FASTST   M    M   2    MAX(MPH)
                                 MISC ---->  # 38 290               # 48  280
================================================================================
NOTES:
# LAST OF SEVERAL OCCURRENCES

COLUMN 17 PEAK WIND IN M.P.H.

PRELIMINARY LOCAL CLIMATOLOGICAL DATA (WS FORM: F-6) , PAGE 2

                                          STATION:  MONTROSE CO
                                          MONTH:    AUGUST
                                          YEAR:     2014
                                          LATITUDE:   38 30 N
                                          LONGITUDE: 107 53 W

[TEMPERATURE DATA]      [PRECIPITATION DATA]       SYMBOLS USED IN COLUMN 16

AVERAGE MONTHLY: 72.4   TOTAL FOR MONTH:   0.69    1 = FOG OR MIST
DPTR FM NORMAL:   0.6   DPTR FM NORMAL:   -0.12    2 = FOG REDUCING VISIBILITY
HIGHEST:    94 ON 18    GRTST 24HR  0.29 ON  5- 5      TO 1/4 MILE OR LESS
LOWEST:     52 ON 10, 8                            3 = THUNDER
                        SNOW, ICE PELLETS, HAIL    4 = ICE PELLETS
                        TOTAL MONTH:    M          5 = HAIL
                        GRTST 24HR    M  ON   M    6 = FREEZING RAIN OR DRIZZLE
                        GRTST DEPTH:  M  ON   M    7 = DUSTSTORM OR SANDSTORM:
                                                       VSBY 1/2 MILE OR LESS
                                                   8 = SMOKE OR HAZE
[NO. OF DAYS WITH]      [WEATHER - DAYS WITH]      9 = BLOWING SNOW
                                                   X = TORNADO
MAX 32 OR BELOW:   0    0.01 INCH OR MORE:   5
MAX 90 OR ABOVE:   5    0.10 INCH OR MORE:   2
MIN 32 OR BELOW:   0    0.50 INCH OR MORE:   0
MIN  0 OR BELOW:   0    1.00 INCH OR MORE:   0

[HDD (BASE 65) ]
TOTAL THIS MO.     0    CLEAR  (SCALE 0-3)  14
DPTR FM NORMAL     0    PTCLDY (SCALE 4-7)   6
TOTAL FM JUL 1     0    CLOUDY (SCALE 8-10)  0
DPTR FM NORMAL     0

[CDD (BASE 65) ]
TOTAL THIS MO.   151
DPTR FM NORMAL    14    [PRESSURE DATA]
TOTAL FM JAN 1   673    HIGHEST SLP M ON M
DPTR FM NORMAL   114    LOWEST  SLP 29.69 ON 19

[REMARKS]
