296
CDUS41 KBOX 080552
CLIBOS


CLIMATE REPORT
NATIONAL WEATHER SERVICE TAUNTON MA
1241 AM EST THU DEC 8 2016


...................................

...THE BOSTON MA CLIMATE SUMMARY FOR DECEMBER 7 2016...

CLIMATE NORMAL PERIOD 1981 TO 2010
CLIMATE RECORD PERIOD 1872 TO 2016


WEATHER ITEM   OBSERVED TIME   RECORD YEAR NORMAL DEPARTURE LAST
                VALUE   (LST)  VALUE       VALUE  FROM      YEAR
                                                  NORMAL
..................................................................
TEMPERATURE (F)
 YESTERDAY
  MAXIMUM         42    654 PM  76    1998  44     -2       56
  MINIMUM         36    924 AM   4    1906  31      5       37
  AVERAGE         39                        38      1       47

PRECIPITATION (IN)
  YESTERDAY        0.08          1.60 2011   0.14  -0.06     0.00
  MONTH TO DATE    0.53                      0.93  -0.40     0.46
  SINCE DEC 1      0.53                      0.93  -0.40     0.46
  SINCE JAN 1     30.33                     40.92 -10.59    30.98

SNOWFALL (IN)
  YESTERDAY        T             4.3  2003   0.2   -0.2      0.0
  MONTH TO DATE    0.3                       1.3   -1.0      0.0
  SINCE DEC 1      0.3                       1.3   -1.0      0.0
  SINCE JUL 1      0.3                       2.6   -2.3       T
  SNOW DEPTH      MM

DEGREE DAYS
 HEATING
  YESTERDAY       26                        27     -1       18
  MONTH TO DATE  169                       184    -15      140
  SINCE DEC 1    169                       184    -15      140
  SINCE JUL 1   1084                      1239   -155      995

 COOLING
  YESTERDAY        0                         0      0        0
  MONTH TO DATE    0                         0      0        0
  SINCE DEC 1      0                         0      0        0
  SINCE JAN 1   1035                       747    288      921
..................................................................


WIND (MPH)
  RESULTANT WIND SPEED   2   RESULTANT WIND DIRECTION   E (90)
  HIGHEST WIND SPEED    16   HIGHEST WIND DIRECTION     E (90)
  HIGHEST GUST SPEED    19   HIGHEST GUST DIRECTION     E (90)
  AVERAGE WIND SPEED     7.5


SKY COVER
  POSSIBLE SUNSHINE  MM
  AVERAGE SKY COVER 0.9


WEATHER CONDITIONS
 THE FOLLOWING WEATHER WAS RECORDED YESTERDAY.
  LIGHT RAIN
  LIGHT SNOW
  FOG


RELATIVE HUMIDITY (PERCENT)
 HIGHEST   100          1100 AM
 LOWEST     73           100 AM
 AVERAGE    87

..........................................................


THE BOSTON MA CLIMATE NORMALS FOR TODAY
                         NORMAL    RECORD    YEAR
 MAXIMUM TEMPERATURE (F)   44        65      1927
 MINIMUM TEMPERATURE (F)   31        -4      1902


SUNRISE AND SUNSET
DECEMBER  8 2016......SUNRISE   701 AM EST   SUNSET   411 PM EST
DECEMBER  9 2016......SUNRISE   702 AM EST   SUNSET   411 PM EST


-  INDICATES NEGATIVE NUMBERS.
R  INDICATES RECORD WAS SET OR TIED.
MM INDICATES DATA IS MISSING.
T  INDICATES TRACE AMOUNT.




$$
