000
CDUS41 KBOX 230540
CLIBOS


CLIMATE REPORT
NATIONAL WEATHER SERVICE TAUNTON MA
1236 AM EST MON JAN 23 2017


...................................

...THE BOSTON MA CLIMATE SUMMARY FOR JANUARY 22 2017...

CLIMATE NORMAL PERIOD 1981 TO 2010
CLIMATE RECORD PERIOD 1872 TO 2017


WEATHER ITEM   OBSERVED TIME   RECORD YEAR NORMAL DEPARTURE LAST
                VALUE   (LST)  VALUE       VALUE  FROM      YEAR
                                                  NORMAL
..................................................................
TEMPERATURE (F)
 YESTERDAY
  MAXIMUM         48   1236 PM  66    1916  36     12       32
  MINIMUM         39   1130 PM  -3    1888  22     17       19
  AVERAGE         44                        29     15       26

PRECIPITATION (IN)
  YESTERDAY        0.06          2.00 1881   0.11  -0.05     0.00
  MONTH TO DATE    2.72                      2.41   0.31     2.90
  SINCE DEC 1      5.97                      6.19  -0.22     7.18
  SINCE JAN 1      2.72                      2.41   0.31     2.90

SNOWFALL (IN)
  YESTERDAY        0.0           9.1  2005   0.4   -0.4      0.0
  MONTH TO DATE    8.3                       9.4   -1.1      3.4
  SINCE DEC 1     14.2                      18.4   -4.2      4.3
  SINCE JUL 1     14.2                      19.7   -5.5      4.3
  SNOW DEPTH       0

DEGREE DAYS
 HEATING
  YESTERDAY       21                        36    -15       39
  MONTH TO DATE  662                       788   -126      734
  SINCE DEC 1   1578                      1727   -149     1337
  SINCE JUL 1   2493                      2782   -289     2192

 COOLING
  YESTERDAY        0                         0      0        0
  MONTH TO DATE    0                         0      0        0
  SINCE DEC 1      0                         0      0        0
  SINCE JAN 1      0                         0      0        0
..................................................................


WIND (MPH)
  RESULTANT WIND SPEED   6   RESULTANT WIND DIRECTION  NE (50)
  HIGHEST WIND SPEED    23   HIGHEST WIND DIRECTION    NE (60)
  HIGHEST GUST SPEED    28   HIGHEST GUST DIRECTION    NE (60)
  AVERAGE WIND SPEED    11.0


SKY COVER
  POSSIBLE SUNSHINE  MM
  AVERAGE SKY COVER 0.9


WEATHER CONDITIONS
 THE FOLLOWING WEATHER WAS RECORDED YESTERDAY.
  LIGHT RAIN
  FOG


RELATIVE HUMIDITY (PERCENT)
 HIGHEST   100           200 AM
 LOWEST     83          1000 AM
 AVERAGE    92

..........................................................


THE BOSTON MA CLIMATE NORMALS FOR TODAY
                         NORMAL    RECORD    YEAR
 MAXIMUM TEMPERATURE (F)   36        68      1906
 MINIMUM TEMPERATURE (F)   22        -6      1882


SUNRISE AND SUNSET
JANUARY 23 2017.......SUNRISE   706 AM EST   SUNSET   447 PM EST
JANUARY 24 2017.......SUNRISE   705 AM EST   SUNSET   448 PM EST


-  INDICATES NEGATIVE NUMBERS.
R  INDICATES RECORD WAS SET OR TIED.
MM INDICATES DATA IS MISSING.
T  INDICATES TRACE AMOUNT.




$$
