000
CDUS41 KBOX 291325
CLIBOS


CLIMATE REPORT
NATIONAL WEATHER SERVICE TAUNTON MA
925 AM EDT FRI JUL 29 2016


...................................

...THE BOSTON MA CLIMATE SUMMARY FOR JULY 28 2016...

CLIMATE NORMAL PERIOD 1981 TO 2010
CLIMATE RECORD PERIOD 1872 TO 2016


WEATHER ITEM   OBSERVED TIME   RECORD YEAR NORMAL DEPARTURE LAST
                VALUE   (LST)  VALUE       VALUE  FROM      YEAR
                                                  NORMAL
..................................................................
TEMPERATURE (F)
 YESTERDAY
  MAXIMUM         92   1205 PM  99    1949  82     10       86
  MINIMUM         73    325 AM  54    1884  66      7       70
  AVERAGE         83                        74      9       78

PRECIPITATION (IN)
  YESTERDAY        0.00          3.49 1911   0.13  -0.13     0.00
  MONTH TO DATE    0.66                      3.05  -2.39     2.07
  SINCE JUN 1      1.99                      6.73  -4.74     7.08
  SINCE JAN 1     18.33                     24.89  -6.56    20.57

SNOWFALL (IN)
  YESTERDAY        0.0           0.0  2002   0.0    0.0      0.0
                                      2001
                                      2000
  MONTH TO DATE    0.0                       0.0    0.0      0.0
  SINCE JUN 1      0.0                       0.0    0.0      0.0
  SINCE JUL 1      0.0                       0.0    0.0      0.0
  SNOW DEPTH       0

DEGREE DAYS
 HEATING
  YESTERDAY        0                         0      0        0
  MONTH TO DATE    7                         0      7        1
  SINCE JUN 1     24                        55    -31       99
  SINCE JUL 1      7                         0      7        1

 COOLING
  YESTERDAY       18                         9      9       13
  MONTH TO DATE  330                       241     89      234
  SINCE JUN 1    459                       377     82      331
  SINCE JAN 1    504                       407     97      392
..................................................................


WIND (MPH)
  RESULTANT WIND SPEED   5   RESULTANT WIND DIRECTION  SW (210)
  HIGHEST WIND SPEED    18   HIGHEST WIND DIRECTION     S (190)
  HIGHEST GUST SPEED    23   HIGHEST GUST DIRECTION     S (170)
  AVERAGE WIND SPEED     7.2


SKY COVER
  POSSIBLE SUNSHINE  MM
  AVERAGE SKY COVER 0.6


WEATHER CONDITIONS
 THE FOLLOWING WEATHER WAS RECORDED YESTERDAY.
  NO SIGNIFICANT WEATHER WAS OBSERVED.


RELATIVE HUMIDITY (PERCENT)
 HIGHEST    79          1000 PM
 LOWEST     34          1100 AM
 AVERAGE    57

..........................................................


THE BOSTON MA CLIMATE NORMALS FOR TODAY
                         NORMAL    RECORD    YEAR
 MAXIMUM TEMPERATURE (F)   82        97      1933
                                             1931
 MINIMUM TEMPERATURE (F)   66        55      1880


SUNRISE AND SUNSET
JULY 29 2016..........SUNRISE   534 AM EDT   SUNSET   806 PM EDT
JULY 30 2016..........SUNRISE   535 AM EDT   SUNSET   805 PM EDT


-  INDICATES NEGATIVE NUMBERS.
R  INDICATES RECORD WAS SET OR TIED.
MM INDICATES DATA IS MISSING.
T  INDICATES TRACE AMOUNT.




$$
