000
CDUS41 KBOX 250545
CLIBOS


CLIMATE REPORT
NATIONAL WEATHER SERVICE TAUNTON MA
1242 AM EST SAT FEB 25 2017


...................................

...THE BOSTON MA CLIMATE SUMMARY FOR FEBRUARY 24 2017...

CLIMATE NORMAL PERIOD 1981 TO 2010
CLIMATE RECORD PERIOD 1872 TO 2017


WEATHER ITEM   OBSERVED TIME   RECORD YEAR NORMAL DEPARTURE LAST
                VALUE   (LST)  VALUE       VALUE  FROM      YEAR
                                                  NORMAL
..................................................................
TEMPERATURE (F)
 YESTERDAY
  MAXIMUM         73R   217 PM  70    1985  41     32       57
  MINIMUM         46    700 AM  -7    1894  26     20       38
  AVERAGE         60                        33     27       48

PRECIPITATION (IN)
  YESTERDAY        0.00          2.42 1969   0.12  -0.12     0.59
  MONTH TO DATE    3.12                      2.73   0.39     3.36
  SINCE DEC 1     10.62                      9.87   0.75    10.91
  SINCE JAN 1      7.37                      6.09   1.28     6.63

SNOWFALL (IN)
  YESTERDAY        0.0          13.7  1969   0.4   -0.4      0.0
  MONTH TO DATE   21.5                       9.4   12.1     15.0
  SINCE DEC 1     36.3                      31.3    5.0     25.4
  SINCE JUL 1     36.3                      32.6    3.7     25.4
  SNOW DEPTH      MM

DEGREE DAYS
 HEATING
  YESTERDAY        5                        32    -27       17
  MONTH TO DATE  717                       807    -90      763
  SINCE DEC 1   2552                      2862   -310     2367
  SINCE JUL 1   3467                      3917   -450     3222

 COOLING
  YESTERDAY        0                         0      0        0
  MONTH TO DATE    0                         0      0        0
  SINCE DEC 1      0                         0      0        0
  SINCE JAN 1      0                         0      0        0
..................................................................


WIND (MPH)
  RESULTANT WIND SPEED  11   RESULTANT WIND DIRECTION   S (200)
  HIGHEST WIND SPEED    25   HIGHEST WIND DIRECTION     S (200)
  HIGHEST GUST SPEED    30   HIGHEST GUST DIRECTION    SW (210)
  AVERAGE WIND SPEED    11.8


SKY COVER
  POSSIBLE SUNSHINE  MM
  AVERAGE SKY COVER 0.5


WEATHER CONDITIONS
 THE FOLLOWING WEATHER WAS RECORDED YESTERDAY.
  FOG


RELATIVE HUMIDITY (PERCENT)
 HIGHEST   100           300 AM
 LOWEST     47           300 PM
 AVERAGE    74

..........................................................


THE BOSTON MA CLIMATE NORMALS FOR TODAY
                         NORMAL    RECORD    YEAR
 MAXIMUM TEMPERATURE (F)   41        65      1930
 MINIMUM TEMPERATURE (F)   27        -6      1894


SUNRISE AND SUNSET
FEBRUARY 25 2017......SUNRISE   625 AM EST   SUNSET   529 PM EST
FEBRUARY 26 2017......SUNRISE   624 AM EST   SUNSET   531 PM EST


-  INDICATES NEGATIVE NUMBERS.
R  INDICATES RECORD WAS SET OR TIED.
MM INDICATES DATA IS MISSING.
T  INDICATES TRACE AMOUNT.




$$
