000
CDUS41 KBOX 260540
CLIBOS


CLIMATE REPORT
NATIONAL WEATHER SERVICE TAUNTON MA
1237 AM EST MON JAN 26 2015


...................................

...THE BOSTON MA CLIMATE SUMMARY FOR JANUARY 25 2015...

CLIMATE NORMAL PERIOD 1981 TO 2010
CLIMATE RECORD PERIOD 1872 TO 2015


WEATHER ITEM   OBSERVED TIME   RECORD YEAR NORMAL DEPARTURE LAST
                VALUE   (LST)  VALUE       VALUE  FROM      YEAR
                                                  NORMAL
..................................................................
TEMPERATURE (F)
 YESTERDAY
  MAXIMUM         38   1246 PM  59    1916  36      2       38
  MINIMUM         19   1159 PM  -5    1935  22     -3       15
  AVERAGE         29                        29      0       27

PRECIPITATION (IN)
  YESTERDAY        0.00          2.08 1979   0.10  -0.10      T
  MONTH TO DATE    2.40                      2.73  -0.33     3.21
  SINCE DEC 1      8.96                      6.51   2.45     7.83
  SINCE JAN 1      2.40                      2.73  -0.33     3.21

SNOWFALL (IN)
  YESTERDAY        0.0           9.0  1905   0.4   -0.4      0.1
  MONTH TO DATE    7.7                      10.5   -2.8     21.8
  SINCE DEC 1      8.0                      19.5  -11.5     33.5
  SINCE JUL 1     10.6                      20.8  -10.2     33.5
  SNOW DEPTH      MM

DEGREE DAYS
 HEATING
  YESTERDAY       36                        36      0       38
  MONTH TO DATE  928                       896     32      916
  SINCE DEC 1   1751                      1835    -84     1889
  SINCE JUL 1   2764                      2890   -126     2905

 COOLING
  YESTERDAY        0                         0      0        0
  MONTH TO DATE    0                         0      0        0
  SINCE DEC 1      0                         0      0        0
  SINCE JAN 1      0                         0      0        0
..................................................................


WIND (MPH)
  RESULTANT WIND SPEED  13   RESULTANT WIND DIRECTION   W (280)
  HIGHEST WIND SPEED    25   HIGHEST WIND DIRECTION     W (270)
  HIGHEST GUST SPEED    33   HIGHEST GUST DIRECTION     W (260)
  AVERAGE WIND SPEED    14.2


SKY COVER
  POSSIBLE SUNSHINE  MM
  AVERAGE SKY COVER 0.5


WEATHER CONDITIONS
 THE FOLLOWING WEATHER WAS RECORDED YESTERDAY.
  NO SIGNIFICANT WEATHER WAS OBSERVED.


RELATIVE HUMIDITY (PERCENT)
 HIGHEST    78           500 AM
 LOWEST     32           400 PM
 AVERAGE    55

..........................................................


THE BOSTON MA CLIMATE NORMALS FOR TODAY
                         NORMAL    RECORD    YEAR
 MAXIMUM TEMPERATURE (F)   36        72      1950
 MINIMUM TEMPERATURE (F)   22         0      1927


SUNRISE AND SUNSET
JANUARY 26 2015.......SUNRISE   704 AM EST   SUNSET   450 PM EST
JANUARY 27 2015.......SUNRISE   703 AM EST   SUNSET   451 PM EST


-  INDICATES NEGATIVE NUMBERS.
R  INDICATES RECORD WAS SET OR TIED.
MM INDICATES DATA IS MISSING.
T  INDICATES TRACE AMOUNT.




$$
