000
CDUS41 KBOX 262125
CLIBOS


CLIMATE REPORT
NATIONAL WEATHER SERVICE TAUNTON MA
525 PM EDT FRI MAY 26 2017


...................................

...THE BOSTON MA CLIMATE SUMMARY FOR MAY 26 2017...
VALID AS OF 0500 PM LOCAL TIME.

CLIMATE NORMAL PERIOD 1981 TO 2010
CLIMATE RECORD PERIOD 1872 TO 2017


WEATHER ITEM   OBSERVED TIME   RECORD YEAR NORMAL DEPARTURE LAST
                VALUE   (LST)  VALUE       VALUE  FROM      YEAR
                                                  NORMAL
..................................................................
TEMPERATURE (F)
 TODAY
  MAXIMUM         60    213 PM  97    1880  69     -9       79
  MINIMUM         49    810 AM  39    1882  53     -4       58
  AVERAGE         55                        61     -6       69

PRECIPITATION (IN)
  TODAY            0.52          1.36 1967   0.13   0.39     0.00
  MONTH TO DATE    3.31                      2.86   0.45     1.70
  SINCE MAR 1     13.22                     10.92   2.30     7.77
  SINCE JAN 1     20.69                     17.53   3.16    15.21

SNOWFALL (IN)
  TODAY            0.0           0.0  2001   0.0    0.0      0.0
                                      2000
  MONTH TO DATE    0.0                       0.1   -0.1      0.0
  SINCE MAR 1     11.3                       9.8    1.5     10.7
  SINCE JUL 1     47.6                      43.9    3.7     36.1
  SNOW DEPTH      MM

DEGREE DAYS
 HEATING
  TODAY           10                         5      5        0
  MONTH TO DATE  264                       222     42      233
  SINCE MAR 1   1625                      1561     64     1456
  SINCE JUL 1   5164                      5603   -439     4786

 COOLING
  TODAY            0                         1     -1        4
  MONTH TO DATE   41                        13     28       13
  SINCE MAR 1     60                        16     44       16
  SINCE JAN 1     60                        16     44       16
..................................................................


WIND (MPH)
  HIGHEST WIND SPEED    23   HIGHEST WIND DIRECTION     N (10)
  HIGHEST GUST SPEED    28   HIGHEST GUST DIRECTION     N (10)
  AVERAGE WIND SPEED    12.4


SKY COVER
  POSSIBLE SUNSHINE  MM
  AVERAGE SKY COVER 1.0


WEATHER CONDITIONS
 THE FOLLOWING WEATHER WAS RECORDED TODAY.
  THUNDERSTORM
  LIGHT RAIN
  FOG


RELATIVE HUMIDITY (PERCENT)
 HIGHEST   100          1200 AM
 LOWEST     75           200 PM
 AVERAGE    88

..........................................................


THE BOSTON MA CLIMATE NORMALS FOR TOMORROW
                         NORMAL    RECORD    YEAR
 MAXIMUM TEMPERATURE (F)   70        96      1880
 MINIMUM TEMPERATURE (F)   53        39      1915


SUNRISE AND SUNSET
MAY 26 2017...........SUNRISE   513 AM EDT   SUNSET   810 PM EDT
MAY 27 2017...........SUNRISE   513 AM EDT   SUNSET   811 PM EDT


-  INDICATES NEGATIVE NUMBERS.
R  INDICATES RECORD WAS SET OR TIED.
MM INDICATES DATA IS MISSING.
T  INDICATES TRACE AMOUNT.




$$
