000
CDUS41 KBOX 010529
CLIBOS


CLIMATE REPORT
NATIONAL WEATHER SERVICE TAUNTON MA
129 AM EDT THU SEP 1 2016


...................................

...THE BOSTON MA CLIMATE SUMMARY FOR AUGUST 31 2016...

CLIMATE NORMAL PERIOD 1981 TO 2010
CLIMATE RECORD PERIOD 1872 TO 2016


WEATHER ITEM   OBSERVED TIME   RECORD YEAR NORMAL DEPARTURE LAST
                VALUE   (LST)  VALUE       VALUE  FROM      YEAR
                                                  NORMAL
..................................................................
TEMPERATURE (F)
 YESTERDAY
  MAXIMUM         82    609 PM  97    1953  77      5       90
                                      1881
  MINIMUM         68    554 AM  47    1965  62      6       71
  AVERAGE         75                        70      5       81

PRECIPITATION (IN)
  YESTERDAY        T             2.58 1954   0.10  -0.10     0.00
  MONTH TO DATE    1.72                      3.35  -1.63     2.19
  SINCE JUN 1      3.92                     10.46  -6.54     9.29
  SINCE JAN 1     20.26                     28.62  -8.36    22.78

SNOWFALL (IN)
  YESTERDAY        0.0           T    1954   0.0    0.0      0.0
  MONTH TO DATE    0.0                       0.0    0.0      0.0
  SINCE JUN 1      0.0                       0.0    0.0      0.0
  SINCE JUL 1      0.0                       0.0    0.0      0.0
  SNOW DEPTH      MM

DEGREE DAYS
 HEATING
  YESTERDAY        0                         1     -1        0
  MONTH TO DATE    0                         3     -3        0
  SINCE JUN 1     24                        68    -44       99
  SINCE JUL 1      7                        13     -6        1

 COOLING
  YESTERDAY       10                         5      5       16
  MONTH TO DATE  362                       227    135      307
  SINCE JUN 1    849                       629    220      689
  SINCE JAN 1    894                       659    235      750
..................................................................


WIND (MPH)
  RESULTANT WIND SPEED  11   RESULTANT WIND DIRECTION  SW (230)
  HIGHEST WIND SPEED    17   HIGHEST WIND DIRECTION    SW (230)
  HIGHEST GUST SPEED    24   HIGHEST GUST DIRECTION     W (250)
  AVERAGE WIND SPEED    11.9


SKY COVER
  POSSIBLE SUNSHINE  MM
  AVERAGE SKY COVER 0.7


WEATHER CONDITIONS
 THE FOLLOWING WEATHER WAS RECORDED YESTERDAY.
  LIGHT RAIN


RELATIVE HUMIDITY (PERCENT)
 HIGHEST    90           700 AM
 LOWEST     54          1200 PM
 AVERAGE    72

..........................................................


THE BOSTON MA CLIMATE NORMALS FOR TODAY
                         NORMAL    RECORD    YEAR
 MAXIMUM TEMPERATURE (F)   77        96      1881
 MINIMUM TEMPERATURE (F)   62        50      1887


SUNRISE AND SUNSET
SEPTEMBER  1 2016.....SUNRISE   610 AM EDT   SUNSET   717 PM EDT
SEPTEMBER  2 2016.....SUNRISE   611 AM EDT   SUNSET   716 PM EDT


-  INDICATES NEGATIVE NUMBERS.
R  INDICATES RECORD WAS SET OR TIED.
MM INDICATES DATA IS MISSING.
T  INDICATES TRACE AMOUNT.




$$
