000
CDUS41 KBOX 230548
CLIBOS


CLIMATE REPORT
NATIONAL WEATHER SERVICE TAUNTON MA
137 AM EDT SUN JUL 23 2017


...................................

...THE BOSTON MA CLIMATE SUMMARY FOR JULY 22 2017...

CLIMATE NORMAL PERIOD 1981 TO 2010
CLIMATE RECORD PERIOD 1872 TO 2017


WEATHER ITEM   OBSERVED TIME   RECORD YEAR NORMAL DEPARTURE LAST
                VALUE   (LST)  VALUE       VALUE  FROM      YEAR
                                                  NORMAL
..................................................................
TEMPERATURE (F)
 YESTERDAY
  MAXIMUM         83   1253 PM 103    2011  82      1       98
                                      1926
  MINIMUM         73    738 PM  55    1890  66      7       73
  AVERAGE         78                        74      4       86

PRECIPITATION (IN)
  YESTERDAY        T             1.20 1897   0.12  -0.12     0.00
  MONTH TO DATE    2.57                      2.33   0.24     0.66
  SINCE JUN 1      7.42                      6.01   1.41     1.99
  SINCE JAN 1     28.25                     24.17   4.08    18.33

SNOWFALL (IN)
  YESTERDAY        0.0           0.0  2002   0.0    0.0      0.0
                                      2001
                                      2000
  MONTH TO DATE    0.0                       0.0    0.0      0.0
  SINCE JUN 1      0.0                       0.0    0.0      0.0
  SINCE JUL 1      0.0                       0.0    0.0      0.0
  SNOW DEPTH      MM

DEGREE DAYS
 HEATING
  YESTERDAY        0                         0      0        0
  MONTH TO DATE    2                         0      2        7
  SINCE JUN 1     52                        55     -3       24
  SINCE JUL 1      2                         0      2        7

 COOLING
  YESTERDAY       13                         9      4       21
  MONTH TO DATE  219                       187     32      229
  SINCE JUN 1    410                       323     87      358
  SINCE JAN 1    470                       353    117      403
..................................................................


WIND (MPH)
  RESULTANT WIND SPEED   2   RESULTANT WIND DIRECTION   W (270)
  HIGHEST WIND SPEED    16   HIGHEST WIND DIRECTION     W (270)
  HIGHEST GUST SPEED    20   HIGHEST GUST DIRECTION     W (290)
  AVERAGE WIND SPEED     7.5


SKY COVER
  POSSIBLE SUNSHINE  MM
  AVERAGE SKY COVER 0.7


WEATHER CONDITIONS
 THE FOLLOWING WEATHER WAS RECORDED YESTERDAY.
  NO SIGNIFICANT WEATHER WAS OBSERVED.


RELATIVE HUMIDITY (PERCENT)
 HIGHEST    79           600 PM
 LOWEST     51          1000 AM
 AVERAGE    65

..........................................................


THE BOSTON MA CLIMATE NORMALS FOR TODAY
                         NORMAL    RECORD    YEAR
 MAXIMUM TEMPERATURE (F)   82       100      1952
 MINIMUM TEMPERATURE (F)   66        54      1992


SUNRISE AND SUNSET
JULY 23 2017..........SUNRISE   528 AM EDT   SUNSET   813 PM EDT
JULY 24 2017..........SUNRISE   529 AM EDT   SUNSET   812 PM EDT


-  INDICATES NEGATIVE NUMBERS.
R  INDICATES RECORD WAS SET OR TIED.
MM INDICATES DATA IS MISSING.
T  INDICATES TRACE AMOUNT.




$$
