000
CXUS52 TJSJ 010444
CF6IST
PRELIMINARY LOCAL CLIMATOLOGICAL DATA (WS FORM: F-6)
STATION: CYRIL E. KING AP/ST THOMAS
MONTH: AUGUST
YEAR: 2022
LATITUDE: 18 19 N
LONGITUDE: 64 58 W
TEMPERATURE IN F: :PCPN: SNOW: WIND :SUNSHINE: SKY :PK WND
================================================================================
1 2 3 4 5 6A 6B 7 8 9 10 11 12 13 14 15 16 17 18
12Z AVG MX 2MIN
DY MAX MIN AVG DEP HDD CDD WTR SNW DPTH SPD SPD DIR MIN PSBL S-S WX SPD DR
================================================================================
1 93 80 87 2 0 22 T M M 12.3 22 70 M M 4 29 70
2 93 81 87 2 0 22 0.01 M M 11.1 21 60 M M 2 24 70
3 90 81 86 1 0 21 0.09 M M 12.0 25 80 M M 2 8 34 90
4 94 78 86 1 0 21 0.04 M M 12.9 24 60 M M 1 18 31 60
5 93 80 87 2 0 22 0.02 M M 12.5 24 100 M M 3 29 90
6 93 81 87 2 0 22 T M M 12.8 22 40 M M 3 30 70
7 90 79 85 0 0 20 0.22 M M 12.6 16 80 M M 5 24 80
8 94 82 88 3 0 23 0.00 M M 14.1 24 80 M M 2 32 90
9 91 82 87 2 0 22 T M M 13.6 22 50 M M 3 30 30
10 92 80 86 1 0 21 T M M 10.9 20 140 M M 2 23 140
11 93 83 88 3 0 23 0.00 M M 13.0 16 130 M M 4 24 90
12 90 79 85 0 0 20 0.00 M M 10.4 18 130 M M 2 22 130
13 92 79 86 1 0 21 0.00 M M 8.3 17 60 M M 2 26 20
14 92 81 87 2 0 22 0.23 M M 5.0 14 20 M M 3 1 21 10
15 88 80 84 -1 0 19 0.00 M M 4.1 10 140 M M 1 14 210
16 89 81 85 0 0 20 0.00 M M 3.5 10 180 M M 1 12 160
17 87 77 82 -3 0 17 4.24 M M 2.7 14 280 M M 4 18 17 130
18 89 78 84 -1 0 19 0.44 M M 9.5 21 130 M M 3 18 27 90
19 92 81 87 2 0 22 0.01 M M 11.3 18 70 M M 2 26 30
20 89 80 85 0 0 20 0.01 M M 10.2 21 120 M M 3 25 120
21 89 79 84 -1 0 19 0.20 M M 8.1 18 110 M M 3 24 120
22 88 79 84 -1 0 19 0.00 M M 7.9 15 110 M M 1 19 120
23 89 78 84 -1 0 19 0.00 M M 9.2 16 130 M M 1 20 150
24 90 81 86 1 0 21 T M M 11.1 18 130 M M 2 24 130
25 89 78 84 -1 0 19 0.11 M M 10.1 22 90 M M 2 18 26 90
26 89 80 85 0 0 20 0.15 M M 10.0 25 120 M M 2 1 30 130
27 89 80 85 0 0 20 0.01 M M 10.8 18 130 M M 2 24 120
28 91 79 85 0 0 20 0.01 M M 9.4 20 100 M M 3 24 100
29 90 81 86 1 0 21 0.05 M M 9.4 18 60 M M 2 23 60
30 91 82 87 2 0 22 0.01 M M 8.3 18 130 M M 2 23 140
31 89 79 84 -1 0 19 T 0.0 0 7.7 14 50 M M 2 21 20
================================================================================
SM 2808 2479 0 638 5.85 0.0 304.7 M 74
================================================================================
AV 90.6 80.0 9.8 FASTST M M 2 MAX(MPH)
MISC ----> # 25 80 34 90
================================================================================
NOTES:
# LAST OF SEVERAL OCCURRENCES
COLUMN 17 PEAK WIND IN M.P.H.
PRELIMINARY LOCAL CLIMATOLOGICAL DATA (WS FORM: F-6) , PAGE 2
STATION: CYRIL E. KING AP/ST THOMAS
MONTH: AUGUST
YEAR: 2022
LATITUDE: 18 19 N
LONGITUDE: 64 58 W
[TEMPERATURE DATA] [PRECIPITATION DATA] SYMBOLS USED IN COLUMN 16
AVERAGE MONTHLY: 85.3 TOTAL FOR MONTH: 5.85 1 = FOG OR MIST
DPTR FM NORMAL: 0.6 DPTR FM NORMAL: 1.48 2 = FOG REDUCING VISIBILITY
HIGHEST: 94 ON 8, 4 GRTST 24HR 4.61 ON 17-18 TO 1/4 MILE OR LESS
LOWEST: 77 ON 17 3 = THUNDER
SNOW, ICE PELLETS, HAIL 4 = ICE PELLETS
TOTAL MONTH: 0.0 INCH 5 = HAIL
GRTST 24HR 0.0 6 = FREEZING RAIN OR DRIZZLE
GRTST DEPTH: 0 7 = DUSTSTORM OR SANDSTORM:
VSBY 1/2 MILE OR LESS
8 = SMOKE OR HAZE
[NO. OF DAYS WITH] [WEATHER - DAYS WITH] 9 = BLOWING SNOW
X = TORNADO
MAX 32 OR BELOW: 0 0.01 INCH OR MORE: 17
MAX 90 OR ABOVE: 19 0.10 INCH OR MORE: 7
MIN 32 OR BELOW: 0 0.50 INCH OR MORE: 1
MIN 0 OR BELOW: 0 1.00 INCH OR MORE: 1
[HDD (BASE 65) ]
TOTAL THIS MO. 0 CLEAR (SCALE 0-3) 26
DPTR FM NORMAL 0 PTCLDY (SCALE 4-7) 5
TOTAL FM JUL 1 0 CLOUDY (SCALE 8-10) 0
DPTR FM NORMAL 0
[CDD (BASE 65) ]
TOTAL THIS MO. 638
DPTR FM NORMAL 27 [PRESSURE DATA]
TOTAL FM JAN 1 3901 HIGHEST SLP M ON M
DPTR FM NORMAL -150 LOWEST SLP 29.88 ON 22
[REMARKS]
#FINAL-08-22#