902
CXUS52 TJSJ 010458
CF6IST
PRELIMINARY LOCAL CLIMATOLOGICAL DATA (WS FORM: F-6)
STATION: CYRIL E. KING AP/ST THOMAS
MONTH: OCTOBER
YEAR: 2020
LATITUDE: 18 19 N
LONGITUDE: 64 58 W
TEMPERATURE IN F: :PCPN: SNOW: WIND :SUNSHINE: SKY :PK WND
================================================================================
1 2 3 4 5 6A 6B 7 8 9 10 11 12 13 14 15 16 17 18
12Z AVG MX 2MIN
DY MAX MIN AVG DEP HDD CDD WTR SNW DPTH SPD SPD DIR MIN PSBL S-S WX SPD DR
================================================================================
1 88 77 83 -1 0 18 0.30 0.0 0 11.6 30 110 M M 2 1 42 120
2 89 78 84 0 0 19 0.28 0.0 0 11.7 29 120 M M 3 8 41 90
3 86 78 82 -1 0 17 0.10 0.0 0 8.4 21 170 M M 4 25 170
4 84 75 80 -3 0 15 0.85 0.0 0 9.0 22 100 M M 4 1 27 110
5 87 78 83 0 0 18 0.08 0.0 0 7.8 18 100 M M 2 8 25 50
6 87 77 82 -1 0 17 0.03 0.0 0 9.7 21 80 M M 1 24 80
7 87 76 82 -1 0 17 T 0.0 0 8.3 17 120 M M 2 20 120
8 88 79 84 1 0 19 0.00 0.0 0 6.2 12 140 M M 3 15 150
9 90 79 85 2 0 20 T 0.0 0 4.5 15 30 M M 2 20 30
10 88 80 84 1 0 19 T 0.0 0 6.1 14 90 M M 2 16 80
11 88 79 84 1 0 19 0.71 0.0 0 9.6 18 100 M M 3 1 23 90
12 88 80 84 1 0 19 0.13 0.0 0 6.1 16 50 M M 2 8 21 50
13 88 79 84 1 0 19 0.01 0.0 0 6.3 15 130 M M 2 8 19 130
14 88 79 84 1 0 19 0.11 0.0 0 5.2 14 140 M M 4 8 17 80
15 89 80 85 2 0 20 0.05 0.0 0 9.6 21 120 M M 1 26 110
16 85 78 82 -1 0 17 0.43 0.0 0 11.4 24 130 M M 4 8 30 130
17 86 76 81 -2 0 16 0.13 0.0 0 8.7 21 140 M M 4 8 24 140
18 88 78 83 0 0 18 0.00 0.0 0 4.6 12 140 M M 2 21 100
19 88 77 83 0 0 18 T 0.0 0 6.6 13 330 M M 2 22 340
20 88 79 84 1 0 19 0.11 0.0 0 6.1 15 280 M M 2 20 290
21 86 77 82 -1 0 17 0.00 0.0 0 3.5 9 180 M M 1 17 210
22 87 81 84 2 0 19 0.00 0.0 0 7.9 14 130 M M 2 16 130
23 90 80 85 3 0 20 0.00 0.0 0 11.5 18 110 M M 2 24 110
24 89 82 86 4 0 21 0.00 0.0 0 13.4 18 90 M M 2 25 110
25 91 81 86 4 0 21 T 0.0 0 11.7 23 90 M M 2 31 90
26 90 80 85 3 0 20 0.03 0.0 0 12.0 22 70 M M 1 32 70
27 88 78 83 1 0 18 0.31 0.0 0 11.6 26 90 M M 2 1 33 90
28 88 77 83 1 0 18 0.30 0.0 0 12.1 23 70 M M 2 8 29 70
29 88 77 83 1 0 18 0.28 0.0 0 12.6 24 90 M M 3 18 30 130
30 89 80 85 3 0 20 T 0.0 0 14.3 25 120 M M 3 35 100
31 89 80 85 3 0 20 T 0.0 0 12.9 22 110 M M 2 27 110
================================================================================
SM 2725 2435 0 575 4.24 0.0 281.0 M 73
================================================================================
AV 87.9 78.6 9.1 FASTST M M 2 MAX(MPH)
MISC ----> # 30 110 # 42 120
================================================================================
NOTES:
# LAST OF SEVERAL OCCURRENCES
COLUMN 17 PEAK WIND IN M.P.H.
PRELIMINARY LOCAL CLIMATOLOGICAL DATA (WS FORM: F-6) , PAGE 2
STATION: CYRIL E. KING AP/ST THOMAS
MONTH: OCTOBER
YEAR: 2020
LATITUDE: 18 19 N
LONGITUDE: 64 58 W
[TEMPERATURE DATA] [PRECIPITATION DATA] SYMBOLS USED IN COLUMN 16
AVERAGE MONTHLY: 83.2 TOTAL FOR MONTH: 4.24 1 = FOG OR MIST
DPTR FM NORMAL: 0.4 DPTR FM NORMAL: -1.18 2 = FOG REDUCING VISIBILITY
HIGHEST: 91 ON 25 GRTST 24HR 0.85 ON 4- 4 TO 1/4 MILE OR LESS
LOWEST: 75 ON 4 3 = THUNDER
SNOW, ICE PELLETS, HAIL 4 = ICE PELLETS
TOTAL MONTH: 0.0 INCH 5 = HAIL
GRTST 24HR 0.0 6 = FREEZING RAIN OR DRIZZLE
GRTST DEPTH: 0 7 = DUSTSTORM OR SANDSTORM:
VSBY 1/2 MILE OR LESS
8 = SMOKE OR HAZE
[NO. OF DAYS WITH] [WEATHER - DAYS WITH] 9 = BLOWING SNOW
X = TORNADO
MAX 32 OR BELOW: 0 0.01 INCH OR MORE: 18
MAX 90 OR ABOVE: 4 0.10 INCH OR MORE: 13
MIN 32 OR BELOW: 0 0.50 INCH OR MORE: 2
MIN 0 OR BELOW: 0 1.00 INCH OR MORE: 0
[HDD (BASE 65) ]
TOTAL THIS MO. 0 CLEAR (SCALE 0-3) 25
DPTR FM NORMAL 0 PTCLDY (SCALE 4-7) 6
TOTAL FM JUL 1 0 CLOUDY (SCALE 8-10) 0
DPTR FM NORMAL 0
[CDD (BASE 65) ]
TOTAL THIS MO. 575
DPTR FM NORMAL 23 [PRESSURE DATA]
TOTAL FM JAN 1 5437 HIGHEST SLP M ON M
DPTR FM NORMAL 326 LOWEST SLP 29.77 ON 19
[REMARKS]
#FINAL-10-20#