000
CXUS52 TJSJ 011015
CF6IST
PRELIMINARY LOCAL CLIMATOLOGICAL DATA (WS FORM: F-6)
STATION: CYRIL E. KING AP/ST THOMAS
MONTH: JUNE
YEAR: 2022
LATITUDE: 18 19 N
LONGITUDE: 64 58 W
TEMPERATURE IN F: :PCPN: SNOW: WIND :SUNSHINE: SKY :PK WND
================================================================================
1 2 3 4 5 6A 6B 7 8 9 10 11 12 13 14 15 16 17 18
12Z AVG MX 2MIN
DY MAX MIN AVG DEP HDD CDD WTR SNW DPTH SPD SPD DIR MIN PSBL S-S WX SPD DR
================================================================================
1 85 77 81 -2 0 16 0.00 M M 10.2 18 130 M M 1 22 140
2 86 76 81 -2 0 16 0.00 M M 9.3 16 130 M M 1 19 140
3 86 77 82 -2 0 17 T M M 9.9 16 130 M M 1 21 130
4 87 78 83 -1 0 18 T M M 11.1 16 130 M M 3 22 100
5 86 81 84 0 0 19 0.00 M M 12.4 18 120 M M 2 8 23 110
6 87 80 84 0 0 19 0.00 M M 13.0 20 130 M M 1 26 120
7 87 79 83 -1 0 18 0.00 M M 11.0 18 130 M M 1 23 140
8 86 78 82 -2 0 17 T M M 10.3 17 140 M M 3 8 21 140
9 88 78 83 -1 0 18 T M M 9.6 17 50 M M 3 23 50
10 88 78 83 -1 0 18 T M M 10.4 20 130 M M 2 24 130
11 89 79 84 0 0 19 0.00 M M 13.9 23 120 M M 3 8 29 100
12 91 79 85 1 0 20 0.00 M M 14.1 22 100 M M 4 8 29 80
13 90 79 85 1 0 20 0.04 M M 12.5 21 80 M M 2 28 90
14 88 76 82 -2 0 17 0.06 M M 12.0 22 120 M M 1 18 27 120
15 88 81 85 1 0 20 0.00 M M 11.8 21 120 M M 2 25 120
16 85 80 83 -1 0 18 0.00 M M 11.0 18 110 M M 3 8 24 120
17 87 79 83 -1 0 18 0.00 M M 9.4 16 120 M M 2 8 20 120
18 86 80 83 -1 0 18 0.00 M M 10.8 16 130 M M 1 8 20 140
19 87 76 82 -2 0 17 0.04 M M 11.5 26 110 M M 2 18 32 110
20 87 77 82 -2 0 17 0.11 M M 10.3 20 130 M M 3 25 90
21 86 77 82 -2 0 17 0.00 M M 8.5 17 140 M M 3 21 140
22 87 77 82 -2 0 17 0.00 M M 6.9 14 140 M M 1 18 140
23 86 77 82 -2 0 17 T M M 10.1 17 130 M M 1 22 130
24 86 78 82 -2 0 17 T M M 12.1 20 130 M M 2 24 140
25 87 78 83 -1 0 18 0.05 M M 13.4 21 110 M M 2 1 26 140
26 88 80 84 0 0 19 0.03 0.0 0 14.6 21 140 M M 2 26 80
27 88 79 84 0 0 19 0.00 M M 12.8 22 130 M M 2 8 27 130
28 90 78 84 0 0 19 0.01 M M 11.8 21 80 M M 2 25 80
29 93 80 87 3 0 22 T M M 15.8 28 90 M M 3 36 50
30 92 81 87 3 0 22 0.00 M M 14.9 24 80 M M 1 31 80
================================================================================
SM 2627 2353 0 547 0.34 0.0 345.4 M 60
================================================================================
AV 87.6 78.4 11.5 FASTST M M 2 MAX(MPH)
MISC ----> 28 90 36 50
================================================================================
NOTES:
# LAST OF SEVERAL OCCURRENCES
COLUMN 17 PEAK WIND IN M.P.H.
PRELIMINARY LOCAL CLIMATOLOGICAL DATA (WS FORM: F-6) , PAGE 2
STATION: CYRIL E. KING AP/ST THOMAS
MONTH: JUNE
YEAR: 2022
LATITUDE: 18 19 N
LONGITUDE: 64 58 W
[TEMPERATURE DATA] [PRECIPITATION DATA] SYMBOLS USED IN COLUMN 16
AVERAGE MONTHLY: 83.0 TOTAL FOR MONTH: 0.34 1 = FOG OR MIST
DPTR FM NORMAL: -1.1 DPTR FM NORMAL: -2.01 2 = FOG REDUCING VISIBILITY
HIGHEST: 93 ON 29 GRTST 24HR 0.15 ON 19-20 TO 1/4 MILE OR LESS
LOWEST: 76 ON 19,14 3 = THUNDER
SNOW, ICE PELLETS, HAIL 4 = ICE PELLETS
TOTAL MONTH: 0.0 INCH 5 = HAIL
GRTST 24HR 0.0 6 = FREEZING RAIN OR DRIZZLE
GRTST DEPTH: 0 7 = DUSTSTORM OR SANDSTORM:
VSBY 1/2 MILE OR LESS
8 = SMOKE OR HAZE
[NO. OF DAYS WITH] [WEATHER - DAYS WITH] 9 = BLOWING SNOW
X = TORNADO
MAX 32 OR BELOW: 0 0.01 INCH OR MORE: 7
MAX 90 OR ABOVE: 5 0.10 INCH OR MORE: 1
MIN 32 OR BELOW: 0 0.50 INCH OR MORE: 0
MIN 0 OR BELOW: 0 1.00 INCH OR MORE: 0
[HDD (BASE 65) ]
TOTAL THIS MO. 0 CLEAR (SCALE 0-3) 29
DPTR FM NORMAL 0 PTCLDY (SCALE 4-7) 1
TOTAL FM JUL 1 0 CLOUDY (SCALE 8-10) 0
DPTR FM NORMAL 0
[CDD (BASE 65) ]
TOTAL THIS MO. 547
DPTR FM NORMAL -26 [PRESSURE DATA]
TOTAL FM JAN 1 2677 HIGHEST SLP 30.12 ON 28
DPTR FM NORMAL -159 LOWEST SLP 29.89 ON 23
[REMARKS]
#FINAL-06-22#