000
CXUS53 KPAH 060144
CLACGI

STLCLMCAA 000
TTAA00 KPAH 060131


CLIMATE REPORT
NATIONAL WEATHER SERVICE PADUCAH KY
659 PM CST TUE JAN 5 2010

...................................

...THE CAPE GIRARDEAU MO CLIMATE SUMMARY FOR THE YEAR OF 2009...

CLIMATE NORMAL PERIOD 1971 TO 2000
CLIMATE RECORD PERIOD 9999 TO 9999

WEATHER         OBSERVED          NORMAL  DEPART  LAST YEAR`S
                 VALUE   DATE(S)  VALUE   FROM    VALUE
                                          NORMAL
.............................................................
TEMPERATURE (F)
RECORD
 HIGH             103   08/16/2007
 LOW               -6   12/09/2005
HIGHEST            98   06/27                         97
LOWEST              1   01/16                          6
AVG. MAXIMUM     69.1              67.5     1.6     66.7
AVG. MINIMUM     48.6                MM      MM     45.5
MEAN             58.8              57.3     1.5     56.1
DAYS MAX >= 90     23
DAYS MAX <= 32     10
DAYS MAX >= 95      6
DAYS MAX >= 100     0
DAYS MIN <= 32     59
DAYS MIN <= 0       0

PRECIPITATION (INCHES)
RECORD
 MAXIMUM        59.98   2008
TOTALS          47.66             46.54    1.12    59.98
DAILY AVG.       0.12
DAYS >= .01       112
DAYS >= .10        75
DAYS >= .50        28
DAYS >= 1.00       10
DAYS >= 0.25       49
DAYS >= 2.00        1
GREATEST
 24 HR. TOTAL    3.50
 STORM TOTAL       MM
 (MM/DD(HH))

DEGREE_DAYS
HEATING TOTAL    4173
 SINCE 7/1        750
COOLING TOTAL    1340
 SINCE 1/1       1340
..............................................................

WIND (MPH)
AVERAGE WIND SPEED              7.2
HIGHEST WIND SPEED/DIRECTION    45/240    DATE  04/09
HIGHEST GUST SPEED/DIRECTION    62/260    DATE  03/08

SKY COVER
POSSIBLE SUNSHINE (PERCENT)   MM
NUMBER OF DAYS FAIR          191
NUMBER OF DAYS PC             88
NUMBER OF DAYS CLOUDY         55


WEATHER CONDITIONS. NUMBER OF DAYS WITH
THUNDERSTORM             59     MIXED PRECIP               0
HEAVY RAIN               48     RAIN                      57
LIGHT RAIN              135     FREEZING RAIN              3
LT FREEZING RAIN          5     HAIL                       0
HEAVY SNOW                0     SNOW                       1
LIGHT SNOW                5     SLEET                      2
FOG                     204     FOG W/VIS <= 1/4 MILE     44
HAZE                     86

-  INDICATES NEGATIVE NUMBERS.
R  INDICATES RECORD WAS SET OR TIED.
MM INDICATES DATA IS MISSING.
T  INDICATES TRACE AMOUNT.

$$
