000
CXUS55 KPIH 281100
CF6PIH
PRELIMINARY LOCAL CLIMATOLOGICAL DATA (WS FORM: F-6)
STATION: POCATELLO
MONTH: MARCH
YEAR: 2024
LATITUDE: 42 55 N
LONGITUDE: 112 36 W
TEMPERATURE IN F: :PCPN: SNOW: WIND :SUNSHINE: SKY :PK WND
================================================================================
1 2 3 4 5 6A 6B 7 8 9 10 11 12 13 14 15 16 17 18
12Z AVG MX 2MIN
DY MAX MIN AVG DEP HDD CDD WTR SNW DPTH SPD SPD DIR MIN PSBL S-S WX SPD DR
================================================================================
1 48 32 40 6 25 0 1.16 2.7 0 8.4 23 280 M M 10 1 32 270
2 41 19 30 -5 35 0 0.85 6.6 4 10.7 39 290 M M 8 12 54 260
3 26 14 20 -15 45 0 0.17 2.3 7 9.4 33 240 M M 6 129 42 240
4 28 7 18 -17 47 0 0.02 0.2 9 15.2 37 250 M M 4 129 43 240
5 38 17 28 -8 37 0 0.07 T 8 20.5 32 180 M M 7 18 40 180
6 34 28 31 -5 34 0 0.19 1.5 7 11.4 23 240 M M 10 1 28 240
7 28 20 24 -12 41 0 0.00 0.0 7 6.3 13 270 M M 9 1 15 280
8 27 10 19 -18 46 0 0.00 0.0 6 4.8 14 230 M M 6 12 15 230
9 34 4 19 -18 46 0 0.00 0.0 5 5.3 13 20 M M 1 1 14 20
10 46 11 29 -9 36 0 0.00 0.0 5 7.5 22 180 M M 0 29 170
11 44 23 34 -4 31 0 0.00 0.0 3 6.8 22 230 M M 4 26 230
12 48 34 41 3 24 0 0.17 0.0 1 12.5 22 250 M M 6 1 28 220
13 39 29 34 -5 31 0 T T T 12.5 26 240 M M 8 32 270
14 44 28 36 -3 29 0 0.00 0.0 0 5.7 12 260 M M 3 15 260
15 50 26 38 -1 27 0 0.00 0.0 0 9.9 21 40 M M 2 27 50
16 56 20 38 -2 27 0 0.00 0.0 0 6.5 17 30 M M 0 22 20
17 60 24 42 2 23 0 0.00 0.0 0 4.1 14 30 M M 0 19 20
18 61 27 44 4 21 0 0.00 0.0 0 4.6 13 320 M M 0 17 260
19 62 28 45 5 20 0 0.00 0.0 0 3.5 12 290 M M 0 15 310
20 64 30 47 6 18 0 0.00 0.0 0 5.8 13 290 M M 0 18 230
21 59 37 48 7 17 0 0.00 0.0 0 18.3 32 240 M M 1 41 230
22 63 30 47 6 18 0 T 0.0 0 4.9 31 260 M M 4 39 260
23 59 38 49 8 16 0 0.00 0.0 0 12.7 40 240 M M 6 51 250
24 48 29 39 -3 26 0 T 0.0 0 10.2 23 230 M M 5 29 220
25 49 29 39 -3 26 0 T T 0 11.9 21 260 M M 8 1 28 260
26 47 30 39 -3 26 0 T T 0 13.9 28 250 M M 7 3 35 250
27 52 26 39 -3 26 0 T 0.0 0 14.8 28 230 M M 6 35 200
================================================================================
SM 1255 650 798 0 2.63 13.3 258.1 M 121
================================================================================
AV 46.5 24.1 9.6 FASTST M M 4 MAX(MPH)
MISC ----> 40 240 54 260
================================================================================
NOTES:
# LAST OF SEVERAL OCCURRENCES
COLUMN 17 PEAK WIND IN M.P.H.
PRELIMINARY LOCAL CLIMATOLOGICAL DATA (WS FORM: F-6) , PAGE 2
STATION: POCATELLO
MONTH: MARCH
YEAR: 2024
LATITUDE: 42 55 N
LONGITUDE: 112 36 W
[TEMPERATURE DATA] [PRECIPITATION DATA] SYMBOLS USED IN COLUMN 16
AVERAGE MONTHLY: 35.3 TOTAL FOR MONTH: 2.63 1 = FOG OR MIST
DPTR FM NORMAL: -3.4 DPTR FM NORMAL: 1.57 2 = FOG REDUCING VISIBILITY
HIGHEST: 64 ON 20 GRTST 24HR 1.82 ON 1- 2 TO 1/4 MILE OR LESS
LOWEST: 4 ON 9 3 = THUNDER
SNOW, ICE PELLETS, HAIL 4 = ICE PELLETS
TOTAL MONTH: 13.3 INCHES 5 = HAIL
GRTST 24HR 6.6 ON 2- 2 6 = FREEZING RAIN OR DRIZZLE
GRTST DEPTH: 9 ON 4 7 = DUSTSTORM OR SANDSTORM:
VSBY 1/2 MILE OR LESS
8 = SMOKE OR HAZE
[NO. OF DAYS WITH] [WEATHER - DAYS WITH] 9 = BLOWING SNOW
X = TORNADO
MAX 32 OR BELOW: 4 0.01 INCH OR MORE: 7
MAX 90 OR ABOVE: 0 0.10 INCH OR MORE: 5
MIN 32 OR BELOW: 24 0.50 INCH OR MORE: 2
MIN 0 OR BELOW: 0 1.00 INCH OR MORE: 1
[HDD (BASE 65) ]
TOTAL THIS MO. 798 CLEAR (SCALE 0-3) 10
DPTR FM NORMAL 87 PTCLDY (SCALE 4-7) 14
TOTAL FM JUL 1 5500 CLOUDY (SCALE 8-10) 3
DPTR FM NORMAL -319
[CDD (BASE 65) ]
TOTAL THIS MO. 0
DPTR FM NORMAL 0 [PRESSURE DATA]
TOTAL FM JAN 1 0 HIGHEST SLP M ON M
DPTR FM NORMAL 0 LOWEST SLP 29.38 ON 2
[REMARKS]