000
CXUS55 KPIH 011440
CF6PIH
PRELIMINARY LOCAL CLIMATOLOGICAL DATA (WS FORM: F-6)
STATION: POCATELLO
MONTH: JUNE
YEAR: 2021
LATITUDE: 42 55 N
LONGITUDE: 112 36 W
TEMPERATURE IN F: :PCPN: SNOW: WIND :SUNSHINE: SKY :PK WND
================================================================================
1 2 3 4 5 6A 6B 7 8 9 10 11 12 13 14 15 16 17 18
12Z AVG MX 2MIN
DY MAX MIN AVG DEP HDD CDD WTR SNW DPTH SPD SPD DIR MIN PSBL S-S WX SPD DR
================================================================================
1 85 43 64 6 1 0 0.00 0.0 0 7.0 16 260 M M 1 23 280
2 89 44 67 8 0 2 0.00 0.0 0 4.4 12 300 M M 1 21 270
3 94 48 71 12 0 6 0.00 0.0 0 5.1 12 310 M M 1 14 320
4 96 56 76 17 0 11 0.00 0.0 0 12.1 28 250 M M 1 36 250
5 89 55 72 13 0 7 0.00 0.0 0 13.8 30 260 M M 0 36 250
6 79 51 65 5 0 0 0.00 0.0 0 12.3 26 230 M M 0 34 210
7 82 52 67 7 0 2 0.00 0.0 0 10.4 23 220 M M 0 29 230
8 86 55 71 11 0 6 0.00 0.0 0 11.4 26 240 M M 2 34 180
9 89 56 73 13 0 8 0.00 0.0 0 14.7 31 180 M M 0 42 210
10 63 39 51 -10 14 0 0.00 0.0 0 21.3 39 260 M M 5 50 240
11 74 34 54 -7 11 0 0.00 0.0 0 6.1 14 310 M M 0 20 300
12 85 39 62 1 3 0 0.00 0.0 0 5.6 15 300 M M 1 20 310
13 100 43 72 11 0 7 0.00 0.0 0 7.8 26 180 M M 1 43 230
14 99 49 74 12 0 9 0.00 0.0 0 9.2 22 180 M M 0 29 190
15 92 63 78 16 0 13 0.00 0.0 0 12.7 25 240 M M 0 36 160
16 87 56 72 10 0 7 0.00 0.0 0 12.2 25 240 M M 0 33 230
17 90 56 73 11 0 8 0.00 0.0 0 12.0 20 220 M M 0 24 220
18 93 54 74 11 0 9 0.00 0.0 0 6.4 14 220 M M 0 18 200
19 94 58 76 13 0 11 0.00 0.0 0 13.8 28 250 M M 0 35 230
20 88 58 73 10 0 8 0.00 0.0 0 15.8 25 250 M M 1 32 240
21 90 50 70 6 0 5 0.00 0.0 0 8.0 15 40 M M 0 21 40
22 96 56 76 12 0 11 0.00 0.0 0 9.3 35 240 M M 1 8 45 230
23 91 60 76 12 0 11 0.00 0.0 0 13.3 33 240 M M 1 8 42 230
24 81 55 68 3 0 3 0.01 0.0 0 9.5 26 30 M M 4 3 35 40
25 84 56 70 5 0 5 T 0.0 0 6.0 18 300 M M 4 25 310
26 85 54 70 5 0 5 0.00 0.0 0 13.5 28 20 M M 2 38 30
27 89 52 71 5 0 6 0.00 0.0 0 11.1 26 20 M M 1 34 10
28 90 52 71 5 0 6 0.00 0.0 0 6.7 16 20 M M 1 23 20
29 94 52 73 7 0 8 0.00 0.0 0 7.6 17 70 M M 1 8 25 70
30 93 51 72 5 0 7 0.00 0.0 0 7.2 14 150 M M 1 22 40
================================================================================
SM 2647 1547 29 181 0.01 0.0 306.3 M 30
================================================================================
AV 88.2 51.6 10.2 FASTST M M 1 MAX(MPH)
MISC ----> 39 260 50 240
================================================================================
NOTES:
# LAST OF SEVERAL OCCURRENCES
COLUMN 17 PEAK WIND IN M.P.H.
PRELIMINARY LOCAL CLIMATOLOGICAL DATA (WS FORM: F-6) , PAGE 2
STATION: POCATELLO
MONTH: JUNE
YEAR: 2021
LATITUDE: 42 55 N
LONGITUDE: 112 36 W
[TEMPERATURE DATA] [PRECIPITATION DATA] SYMBOLS USED IN COLUMN 16
AVERAGE MONTHLY: 69.9 TOTAL FOR MONTH: 0.01 1 = FOG OR MIST
DPTR FM NORMAL: 7.7 DPTR FM NORMAL: -0.92 2 = FOG REDUCING VISIBILITY
HIGHEST: 100 ON 13 GRTST 24HR 0.01 ON 24-24 TO 1/4 MILE OR LESS
LOWEST: 34 ON 11 3 = THUNDER
SNOW, ICE PELLETS, HAIL 4 = ICE PELLETS
TOTAL MONTH: 0.0 INCH 5 = HAIL
GRTST 24HR 0.0 6 = FREEZING RAIN OR DRIZZLE
GRTST DEPTH: 0 7 = DUSTSTORM OR SANDSTORM:
VSBY 1/2 MILE OR LESS
8 = SMOKE OR HAZE
[NO. OF DAYS WITH] [WEATHER - DAYS WITH] 9 = BLOWING SNOW
X = TORNADO
MAX 32 OR BELOW: 0 0.01 INCH OR MORE: 1
MAX 90 OR ABOVE: 14 0.10 INCH OR MORE: 0
MIN 32 OR BELOW: 0 0.50 INCH OR MORE: 0
MIN 0 OR BELOW: 0 1.00 INCH OR MORE: 0
[HDD (BASE 65) ]
TOTAL THIS MO. 29 CLEAR (SCALE 0-3) 27
DPTR FM NORMAL -100 PTCLDY (SCALE 4-7) 3
TOTAL FM JUL 1 6649 CLOUDY (SCALE 8-10) 0
DPTR FM NORMAL -310
[CDD (BASE 65) ]
TOTAL THIS MO. 181
DPTR FM NORMAL 135 [PRESSURE DATA]
TOTAL FM JAN 1 181 HIGHEST SLP 30.23 ON 10
DPTR FM NORMAL 130 LOWEST SLP 25.42 ON 15
[REMARKS]
2ND: HIGH OF 89 TIES RECORD SET IN 1986.
3RD: HIGH OF 94 BREAKS OLD RECORD OF 91 SET IN 1988.
4TH: HIGH OF 96 BREAKS OLD RECORD OF 95 SET IN 1988.
13TH: HIGH OF 100 BREAKS OLD RECORD OF 95 SET IN 1940.
14TH: HIGH OF 99 BREAKS OLD RECORD OF 98 SET IN 1974.
#FINAL-06-21#