000
CXUS55 KPIH 020135
CF6PIH
PRELIMINARY LOCAL CLIMATOLOGICAL DATA (WS FORM: F-6)
STATION: POCATELLO ID
MONTH: MAY
YEAR: 2020
LATITUDE: 42 55 N
LONGITUDE: 112 36 W
TEMPERATURE IN F: :PCPN: SNOW: WIND :SUNSHINE: SKY :PK WND
================================================================================
1 2 3 4 5 6A 6B 7 8 9 10 11 12 13 14 15 16 17 18
12Z AVG MX 2MIN
DY MAX MIN AVG DEP HDD CDD WTR SNW DPTH SPD SPD DIR MIN PSBL S-S WX SPD DR
================================================================================
1 68 45 57 7 8 0 0.00 0.0 0 10.2 22 230 M M 3 30 230
2 69 33 51 1 14 0 T 0.0 0 8.6 31 230 M M 2 39 240
3 61 47 54 4 11 0 0.00 0.0 0 18.9 33 250 M M 2 39 230
4 62 36 49 -1 16 0 0.00 0.0 0 13.6 23 260 M M 1 32 240
5 73 29 51 0 14 0 0.00 0.0 0 5.3 13 330 M M 1 18 350
6 71 38 55 4 10 0 0.00 0.0 0 17.5 39 250 M M 1 7 49 270
7 61 28 45 -6 20 0 0.00 0.0 0 5.4 13 240 M M 0 15 240
8 70 28 49 -3 16 0 0.00 0.0 0 8.2 31 40 M M 1 37 30
9 71 31 51 -1 14 0 0.00 0.0 0 5.3 14 40 M M 0 8 17 320
10 78 33 56 4 9 0 0.00 0.0 0 5.4 12 330 M M 1 15 340
11 82 43 63 11 2 0 0.00 0.0 0 9.6 28 230 M M 2 33 220
12 68 47 58 5 7 0 T 0.0 0 16.3 29 230 M M 5 35 230
13 65 32 49 -4 16 0 T 0.0 0 17.0 35 240 M M 6 78 43 230
14 62 46 54 1 11 0 0.00 0.0 0 12.1 20 240 M M 8 24 270
15 64 35 50 -4 15 0 0.00 0.0 0 13.8 26 250 M M 4 33 260
16 67 28 48 -6 17 0 0.00 0.0 0 3.9 14 290 M M 1 16 290
17 83 43 63 9 2 0 0.00 0.0 0 10.1 33 180 M M 2 41 180
18 80 48 64 10 1 0 0.00 0.0 0 17.8 43 250 M M 2 78 51 240
19 71 36 54 -1 11 0 T 0.0 0 9.7 39 240 M M 4 46 240
20 56 40 48 -7 17 0 0.26 0.0 0 12.6 32 190 M M 8 135 38 180
21 62 41 52 -3 13 0 0.10 0.0 0 15.1 29 240 M M 7 1 35 230
22 51 38 45 -10 20 0 0.44 0.0 0 7.7 21 240 M M 10 1 24 230
23 57 34 46 -10 19 0 0.40 T 0 12.7 23 230 M M 9 1 31 230
24 63 39 51 -5 14 0 0.05 0.0 0 4.0 14 80 M M 5 16 80
25 72 36 54 -2 11 0 0.00 0.0 0 6.8 16 290 M M 1 23 260
26 77 53 65 9 0 0 T 0.0 0 13.9 23 260 M M 6 30 250
27 79 53 66 9 0 1 0.00 0.0 0 10.2 15 230 M M 1 20 270
28 85 43 64 7 1 0 0.00 0.0 0 5.3 10 170 M M 0 14 270
29 92 48 70 13 0 5 0.00 0.0 0 7.2 31 190 M M 1 38 180
30 93 52 73 15 0 8 T 0.0 0 10.7 38 190 M M 3 3 46 190
31 78 55 67 9 0 2 0.00 0.0 0 10.8 31 250 M M 1 40 250
================================================================================
SM 2191 1238 309 16 1.25 T 325.7 M 98
================================================================================
AV 70.7 39.9 10.5 FASTST M M 3 MAX(MPH)
MISC ----> # 43 250 # 51 240
================================================================================
NOTES:
# LAST OF SEVERAL OCCURRENCES
SNOWFALL AND SNOWDEPTH ALWAYS AUGMENTED BY WFO POCATELLO
COLUMN 17 PEAK WIND IN M.P.H.
PRELIMINARY LOCAL CLIMATOLOGICAL DATA (WS FORM: F-6) , PAGE 2
STATION: POCATELLO ID
MONTH: MAY
YEAR: 2020
LATITUDE: 42 55 N
LONGITUDE: 112 36 W
[TEMPERATURE DATA] [PRECIPITATION DATA] SYMBOLS USED IN COLUMN 16
AVERAGE MONTHLY: 55.3 TOTAL FOR MONTH: 1.25 1 = FOG OR MIST
DPTR FM NORMAL: 1.5 DPTR FM NORMAL: -0.21 2 = FOG REDUCING VISIBILITY
HIGHEST: 93 ON 30 GRTST 24HR 0.44 ON 22-22 TO 1/4 MILE OR LESS
LOWEST: 28 ON 16, 8 3 = THUNDER
SNOW, ICE PELLETS, HAIL 4 = ICE PELLETS
TOTAL MONTH: T 5 = HAIL
GRTST 24HR T ON 23-23 6 = FREEZING RAIN OR DRIZZLE
GRTST DEPTH: 0 7 = DUSTSTORM OR SANDSTORM:
VSBY 1/2 MILE OR LESS
8 = SMOKE OR HAZE
[NO. OF DAYS WITH] [WEATHER - DAYS WITH] 9 = BLOWING SNOW
X = TORNADO
MAX 32 OR BELOW: 0 0.01 INCH OR MORE: 5
MAX 90 OR ABOVE: 2 0.10 INCH OR MORE: 4
MIN 32 OR BELOW: 6 0.50 INCH OR MORE: 0
MIN 0 OR BELOW: 0 1.00 INCH OR MORE: 0
[HDD (BASE 65) ]
TOTAL THIS MO. 309 CLEAR (SCALE 0-3) 19
DPTR FM NORMAL -44 PTCLDY (SCALE 4-7) 9
TOTAL FM JUL 1 6882 CLOUDY (SCALE 8-10) 3
DPTR FM NORMAL -165
[CDD (BASE 65) ]
TOTAL THIS MO. 16
DPTR FM NORMAL 11 [PRESSURE DATA]
TOTAL FM JAN 1 16 HIGHEST SLP 30.35 ON 7
DPTR FM NORMAL 11 LOWEST SLP 29.50 ON 18
[REMARKS]
22ND: RAINFALL OF 0.44 INCHES BREAKS OLD RECORD OF 0.31 SET IN 2008.
30TH: HIGH OF 93 BREAKS OLD RECORD OF 91 SET IN 2002.
#FINAL-05-20#