000
CXUS52 KFFC 011010
CF6RMG
PRELIMINARY LOCAL CLIMATOLOGICAL DATA (WS FORM: F-6)
STATION: ROME
MONTH: APRIL
YEAR: 2021
LATITUDE: 34 20 N
LONGITUDE: 85 10 W
TEMPERATURE IN F: :PCPN: SNOW: WIND :SUNSHINE: SKY :PK WND
================================================================================
1 2 3 4 5 6A 6B 7 8 9 10 11 12 13 14 15 16 17 18
12Z AVG MX 2MIN
DY MAX MIN AVG DEP HDD CDD WTR SNW DPTH SPD SPD DIR MIN PSBL S-S WX SPD DR
================================================================================
1 53 40 47 -9 18 0 0.00 M M 11.6 24 340 M M 0 35 340
2 55 33 44 -13 21 0 0.00 M M 8.1 21 20 M M 0 29 20
3 65 29 47 -10 18 0 0.00 M M 1.7 12 180 M M 0 18 230
4 74 33 54 -3 11 0 0.00 M M 1.7 10 210 M M 0 16 230
5 80 39 60 3 5 0 0.00 M M 1.5 10 220 M M 0 16 210
6 82 44 63 6 2 0 0.00 M M 1.5 15 190 M M 1 22 160
7 82 49 66 8 0 1 0.00 M M 3.4 13 170 M M 1 20 170
8 82 58 70 12 0 5 0.02 M M 5.4 20 190 M M 6 30 180
9 82 52 67 9 0 2 0.00 M M 5.0 23 170 M M 2 38 34 170
10 75 60 68 10 0 3 0.37 M M 6.2 14 180 M M 7 13 21 150
11 74 51 63 4 2 0 0.00 M M 5.3 15 240 M M 1 1 23 260
12 85 45 65 6 0 0 0.00 M M 4.3 18 270 M M 0 26 270
13 86 49 68 9 0 3 0.00 M M 1.0 12 230 M M 0 16 210
14 82 50 66 7 0 1 0.04 M M 2.6 16 270 M M 4 1 24 290
15 73 52 63 3 2 0 0.00 M M 7.7 16 310 M M 4 1 23 350
16 69 46 58 -2 7 0 0.00 M M 3.8 10 70 M M 0 8 15 70
17 74 51 63 3 2 0 T M M 3.3 13 270 M M 6 19 280
18 72 43 58 -2 7 0 0.00 M M 4.8 13 320 M M 3 20 280
19 74 45 60 -1 5 0 0.00 M M 3.8 14 310 M M 2 20 330
20 77 45 61 0 4 0 0.00 M M 3.0 15 260 M M 1 8 21 210
21 57 37 47 -14 18 0 0.00 M M 8.1 20 340 M M 3 31 350
22 65 31 48 -13 17 0 0.00 M M 2.5 17 260 M M 0 18 22 250
23 70 39 55 -7 10 0 0.01 M M 2.3 13 170 M M 4 17 150
24 74 51 63 1 2 0 0.72 M M 5.9 17 90 M M 8 138 28 90
25 70 49 60 -2 5 0 0.00 M M 9.1 21 10 M M 5 29 10
26 81 46 64 2 1 0 0.00 M M 4.1 15 140 M M 0 23 140
27 84 53 69 6 0 4 0.00 M M 3.9 16 180 M M 1 22 190
28 86 62 74 11 0 9 0.00 M M 3.1 14 170 M M 2 23 190
29 78 59 69 6 0 4 0.15 M M 4.9 24 260 M M 4 1 38 270
30 78 55 67 3 0 2 0.01 M M 7.2 17 300 M M 1 23 300
================================================================================
SM 2239 1396 157 34 1.32 M 136.8 M 66
================================================================================
AV 74.6 46.5 4.6 FASTST M M 2 MAX(MPH)
MISC ----> # 24 340 38 270
================================================================================
NOTES:
# LAST OF SEVERAL OCCURRENCES
COLUMN 17 PEAK WIND IN M.P.H.
PRELIMINARY LOCAL CLIMATOLOGICAL DATA (WS FORM: F-6) , PAGE 2
STATION: ROME
MONTH: APRIL
YEAR: 2021
LATITUDE: 34 20 N
LONGITUDE: 85 10 W
[TEMPERATURE DATA] [PRECIPITATION DATA] SYMBOLS USED IN COLUMN 16
AVERAGE MONTHLY: 60.6 TOTAL FOR MONTH: 1.32 1 = FOG OR MIST
DPTR FM NORMAL: 0.8 DPTR FM NORMAL: -2.73 2 = FOG REDUCING VISIBILITY
HIGHEST: 86 ON 28,13 GRTST 24HR 0.72 ON 24-24 TO 1/4 MILE OR LESS
LOWEST: 29 ON 3 3 = THUNDER
SNOW, ICE PELLETS, HAIL 4 = ICE PELLETS
TOTAL MONTH: 0.0 INCH 5 = HAIL
GRTST 24HR M ON M 6 = FREEZING RAIN OR DRIZZLE
GRTST DEPTH: M ON M 7 = DUSTSTORM OR SANDSTORM:
VSBY 1/2 MILE OR LESS
8 = SMOKE OR HAZE
[NO. OF DAYS WITH] [WEATHER - DAYS WITH] 9 = BLOWING SNOW
X = TORNADO
MAX 32 OR BELOW: 0 0.01 INCH OR MORE: 7
MAX 90 OR ABOVE: 0 0.10 INCH OR MORE: 3
MIN 32 OR BELOW: 2 0.50 INCH OR MORE: 1
MIN 0 OR BELOW: 0 1.00 INCH OR MORE: 0
[HDD (BASE 65) ]
TOTAL THIS MO. 157 CLEAR (SCALE 0-3) 21
DPTR FM NORMAL -29 PTCLDY (SCALE 4-7) 9
TOTAL FM JUL 1 2588 CLOUDY (SCALE 8-10) 0
DPTR FM NORMAL -626
[CDD (BASE 65) ]
TOTAL THIS MO. 34
DPTR FM NORMAL 5 [PRESSURE DATA]
TOTAL FM JAN 1 54 HIGHEST SLP 30.49 ON 3
DPTR FM NORMAL 21 LOWEST SLP 29.58 ON 24
[REMARKS]
#FINAL-04-21#