000
CXUS51 KBUF 010805
CF6ART
PRELIMINARY LOCAL CLIMATOLOGICAL DATA (WS FORM: F-6)
STATION: WATERTOWN NY
MONTH: JUNE
YEAR: 2022
LATITUDE: 43 59 N
LONGITUDE: 76 2 W
TEMPERATURE IN F: :PCPN: SNOW: WIND :SUNSHINE: SKY :PK WND
================================================================================
1 2 3 4 5 6A 6B 7 8 9 10 11 12 13 14 15 16 17 18
12Z AVG MX 2MIN
DY MAX MIN AVG DEP HDD CDD WTR SNW DPTH SPD SPD DIR MIN PSBL S-S WX SPD DR
================================================================================
1 71 55 63 3 2 0 0.78 M M 5.4 16 320 M M 7 123 19 340
2 68 56 62 2 3 0 0.00 M M 5.1 13 270 M M 5 1 16 280
3 68 53 61 1 4 0 0.00 M M 6.5 22 290 M M 5 25 290
4 61 46 54 -7 11 0 0.00 M M 11.0 23 240 M M 0 38 230
5 71 43 57 -4 8 0 0.00 M M 5.3 15 230 M M 1 21 230
6 78 48 63 2 2 0 0.16 M M 3.9 13 290 M M 7 1 16 290
7 74 59 67 5 0 2 0.40 M M 11.3 20 190 M M 9 13 30 220
8 69 56 63 1 2 0 T M M 7.3 15 210 M M 5 19 210
9 62 56 59 -3 6 0 0.56 M M 6.8 16 260 M M 9 1 21 260
10 66 54 60 -2 5 0 0.00 M M 9.9 18 230 M M 5 28 250
11 75 53 64 1 1 0 0.00 M M 5.8 15 260 M M 1 21 220
12 77 59 68 5 0 3 T M M 6.3 14 260 M M 4 20 190
13 71 54 63 0 2 0 0.00 M M 5.6 17 260 M M 2 1 21 270
14 77 49 63 -1 2 0 0.00 M M 4.8 14 260 M M 1 19 260
15 83 53 68 4 0 3 0.01 M M 4.2 13 310 M M 2 3 16 180
16 87 68 78 14 0 13 0.12 M M 9.0 18 200 M M 3 138 28 180
17 76 55 66 2 0 1 0.01 M M 14.3 28 10 M M 5 37 20
18 67 44 56 -9 9 0 0.00 M M 10.6 23 340 M M 6 8 29 330
19 71 38 55 -10 10 0 0.00 M M 8.6 21 300 M M 0 28 350
20 71 42 57 -8 8 0 0.00 M M 5.8 16 260 M M 0 19 260
21 77 48 63 -2 2 0 T M M 3.8 16 160 M M 6 23 160
22 87 63 75 9 0 10 0.00 M M 5.8 15 160 M M 4 23 160
23 74 59 67 1 0 2 0.00 M M 6.3 20 270 M M 6 26 270
24 77 57 67 1 0 2 0.00 M M 4.5 14 270 M M 2 1 17 260
25 84 53 69 3 0 4 0.00 M M 4.1 12 260 M M 0 16 330
26 90 62 76 9 0 11 0.18 M M 6.3 17 220 M M 3 13 25 210
27 73 60 67 0 0 2 0.11 M M 11.6 23 230 M M 6 1 31 230
28 70 52 61 -6 4 0 0.00 M M 7.0 17 260 M M 4 21 260
29 75 51 63 -4 2 0 T M M 6.1 17 260 M M 4 20 260
30 79 50 65 -2 0 0 0.00 M M 5.5 15 270 M M 1 18 270
================================================================================
SM 2229 1596 83 53 2.33 M 208.5 M 113
================================================================================
AV 74.3 53.2 7.0 FASTST M M 4 MAX(MPH)
MISC ----> 28 10 38 230
================================================================================
NOTES:
# LAST OF SEVERAL OCCURRENCES
COLUMN 17 PEAK WIND IN M.P.H.
PRELIMINARY LOCAL CLIMATOLOGICAL DATA (WS FORM: F-6) , PAGE 2
STATION: WATERTOWN NY
MONTH: JUNE
YEAR: 2022
LATITUDE: 43 59 N
LONGITUDE: 76 2 W
[TEMPERATURE DATA] [PRECIPITATION DATA] SYMBOLS USED IN COLUMN 16
AVERAGE MONTHLY: 63.8 TOTAL FOR MONTH: 2.33 1 = FOG OR MIST
DPTR FM NORMAL: 0.0 DPTR FM NORMAL: -0.76 2 = FOG REDUCING VISIBILITY
HIGHEST: 90 ON 26 GRTST 24HR 0.78 ON 1- 1 TO 1/4 MILE OR LESS
LOWEST: 38 ON 19 3 = THUNDER
SNOW, ICE PELLETS, HAIL 4 = ICE PELLETS
TOTAL MONTH: M 5 = HAIL
GRTST 24HR M ON M 6 = FREEZING RAIN OR DRIZZLE
GRTST DEPTH: M ON M 7 = DUSTSTORM OR SANDSTORM:
VSBY 1/2 MILE OR LESS
8 = SMOKE OR HAZE
[NO. OF DAYS WITH] [WEATHER - DAYS WITH] 9 = BLOWING SNOW
X = TORNADO
MAX 32 OR BELOW: 0 0.01 INCH OR MORE: 9
MAX 90 OR ABOVE: 1 0.10 INCH OR MORE: 7
MIN 32 OR BELOW: 0 0.50 INCH OR MORE: 2
MIN 0 OR BELOW: 0 1.00 INCH OR MORE: 0
[HDD (BASE 65) ]
TOTAL THIS MO. 83 CLEAR (SCALE 0-3) 12
DPTR FM NORMAL -17 PTCLDY (SCALE 4-7) 16
TOTAL FM JUL 1 7000 CLOUDY (SCALE 8-10) 2
DPTR FM NORMAL -524
[CDD (BASE 65) ]
TOTAL THIS MO. 53
DPTR FM NORMAL -11 [PRESSURE DATA]
TOTAL FM JAN 1 90 HIGHEST SLP 30.21 ON 30
DPTR FM NORMAL 11 LOWEST SLP 29.60 ON 17
[REMARKS]
#FINAL-06-22#