000
CXUS52 KCAE 011400
CF6DNL
PRELIMINARY LOCAL CLIMATOLOGICAL DATA (WS FORM: F-6)
STATION: AUGUSTA DANIEL FIELD GA
MONTH: MAY
YEAR: 2023
LATITUDE: 33 28 N
LONGITUDE: 82 2 W
TEMPERATURE IN F: :PCPN: SNOW: WIND :SUNSHINE: SKY :PK WND
================================================================================
1 2 3 4 5 6A 6B 7 8 9 10 11 12 13 14 15 16 17 18
12Z AVG MX 2MIN
DY MAX MIN AVG DEP HDD CDD WTR SNW DPTH SPD SPD DIR MIN PSBL S-S WX SPD DR
================================================================================
1 72 50 61 -10 4 0 0.00 M M 7.2 17 290 M M 0 31 320
2 75 52 64 -7 1 0 0.00 M M 8.0 18 310 M M 0 32 300
3 74 52 63 -9 2 0 0.00 M M 8.7 21 300 M M 0 29 300
4 75 50 63 -9 2 0 0.00 M M 4.0 10 200 M M 0 17 140
5 72 56 64 -8 1 0 0.10 M M 3.4 12 210 M M 4 1 15 200
6 75 59 67 -5 0 2 T M M 4.7 13 200 M M 8 18 180
7 82 59 71 -2 0 6 0.00 M M 4.6 14 190 M M 3 1 17 200
8 85 67 76 3 0 11 0.06 M M 5.3 15 270 M M 2 23 250
9 91 71 81 8 0 16 0.00 M M 5.9 13 210 M M 0 20 210
10 83 67 75 2 0 10 0.00 M M 8.2 15 40 M M 1 19 80
11 84 63 74 0 0 9 0.00 M M 6.5 13 150 M M 2 1 17 170
12 81 66 74 0 0 9 0.23 M M 5.3 13 120 M M 7 13 17 110
13 84 68 76 2 0 11 T M M 4.6 12 180 M M 4 1 14 130
14 90 68 79 5 0 14 T M M 5.0 16 70 M M 3 12 20 80
15 84 70 77 2 0 12 0.00 M M 7.4 16 80 M M 5 8 22 60
16 86 66 76 1 0 11 0.26 M M 5.3 16 300 M M 3 13 24 300
17 87 68 78 3 0 13 0.46 M M 5.2 16 340 M M 3 13 22 340
18 69 61 65 -10 0 0 0.58 M M 10.3 20 80 M M 9 1 30 70
19 70 60 65 -11 0 0 0.11 M M 6.9 13 30 M M 10 1 17 30
20 80 65 73 -3 0 8 T M M 3.3 9 170 M M 7 1 11 280
21 73 67 70 -6 0 5 0.83 M M 6.2 12 30 M M 10 1 14 30
22 78 65 72 -4 0 7 0.41 M M 6.9 15 70 M M 9 18 19 50
23 76 64 70 -6 0 5 T M M 8.1 15 50 M M 6 21 40
24 80 64 72 -5 0 7 0.00 M M 8.2 15 30 M M 1 23 20
25 82 56 69 -8 0 4 0.00 M M 10.0 17 50 M M 2 24 20
26 72 63 68 -9 0 3 T M M 12.0 18 50 M M 5 27 10
27 64 54 59 -18 6 0 1.17 M M 13.4 24 30 M M 8 1 32 40
28 66 56 61 -17 4 0 T M M 7.2 15 10 M M 9 18 22 10
29 81 57 69 -9 0 4 0.00 M M 2.0 12 190 M M 3 15 190
30 83 62 73 -5 0 8 0.00 M M 6.0 15 30 M M 4 20 50
31 77 68 73 -5 0 8 0.00 M M 7.0 13 40 M M 7 18 80
================================================================================
SM 2431 1914 20 183 4.21 M 206.8 M 135
================================================================================
AV 78.4 61.7 6.7 FASTST M M 4 MAX(MPH)
MISC ----> 24 30 # 32 300
================================================================================
NOTES:
# LAST OF SEVERAL OCCURRENCES
COLUMN 17 PEAK WIND IN M.P.H.
PRELIMINARY LOCAL CLIMATOLOGICAL DATA (WS FORM: F-6) , PAGE 2
STATION: AUGUSTA DANIEL FIELD GA
MONTH: MAY
YEAR: 2023
LATITUDE: 33 28 N
LONGITUDE: 82 2 W
[TEMPERATURE DATA] [PRECIPITATION DATA] SYMBOLS USED IN COLUMN 16
AVERAGE MONTHLY: 70.1 TOTAL FOR MONTH: 4.21 1 = FOG OR MIST
DPTR FM NORMAL: -4.6 DPTR FM NORMAL: 1.39 2 = FOG REDUCING VISIBILITY
HIGHEST: 91 ON 9 GRTST 24HR 1.17 ON 27-27 TO 1/4 MILE OR LESS
LOWEST: 50 ON 4, 1 3 = THUNDER
SNOW, ICE PELLETS, HAIL 4 = ICE PELLETS
TOTAL MONTH: M 5 = HAIL
GRTST 24HR M ON M 6 = FREEZING RAIN OR DRIZZLE
GRTST DEPTH: M ON M 7 = DUSTSTORM OR SANDSTORM:
VSBY 1/2 MILE OR LESS
8 = SMOKE OR HAZE
[NO. OF DAYS WITH] [WEATHER - DAYS WITH] 9 = BLOWING SNOW
X = TORNADO
MAX 32 OR BELOW: 0 0.01 INCH OR MORE: 10
MAX 90 OR ABOVE: 2 0.10 INCH OR MORE: 9
MIN 32 OR BELOW: 0 0.50 INCH OR MORE: 3
MIN 0 OR BELOW: 0 1.00 INCH OR MORE: 1
[HDD (BASE 65) ]
TOTAL THIS MO. 20 CLEAR (SCALE 0-3) 14
DPTR FM NORMAL 14 PTCLDY (SCALE 4-7) 11
TOTAL FM JUL 1 1632 CLOUDY (SCALE 8-10) 6
DPTR FM NORMAL -246
[CDD (BASE 65) ]
TOTAL THIS MO. 183
DPTR FM NORMAL -126 [PRESSURE DATA]
TOTAL FM JAN 1 357 HIGHEST SLP 30.27 ON 6
DPTR FM NORMAL -125 LOWEST SLP 29.62 ON 2
[REMARKS]
#FINAL-05-23#