000
CXUS55 KGJT 010910
CF6DRO
PRELIMINARY LOCAL CLIMATOLOGICAL DATA (WS FORM: F-6)
STATION: DURANGO AIRPORT CO
MONTH: MARCH
YEAR: 2024
LATITUDE: 37 9 N
LONGITUDE: 107 45 W
TEMPERATURE IN F: :PCPN: SNOW: WIND :SUNSHINE: SKY :PK WND
================================================================================
1 2 3 4 5 6A 6B 7 8 9 10 11 12 13 14 15 16 17 18
12Z AVG MX 2MIN
DY MAX MIN AVG DEP HDD CDD WTR SNW DPTH SPD SPD DIR MIN PSBL S-S WX SPD DR
================================================================================
1 55 19 37 3 28 0 0.00 M M 4.8 20 250 M M 0 27 250
2 59 21 40 6 25 0 0.00 M M 11.4 35 250 M M 2 48 250
3 55 35 45 11 20 0 T M M 15.6 29 250 M M 8 45 250
4 52 23 38 3 27 0 0.00 M M 6.5 22 270 M M 3 31 270
5 55 19 37 2 28 0 0.00 M M 6.0 22 270 M M 1 28 220
6 52 21 37 2 28 0 0.00 M M 4.9 16 260 M M 4 26 280
7 48 25 37 1 28 0 0.02 M M 6.1 22 310 M M 7 123 33 310
8 48 26 37 1 28 0 T M M 5.8 25 350 M M 6 12 31 350
9 50 26 38 2 27 0 T M M 5.0 13 260 M M 6 1 20 250
10 56 18 37 1 28 0 0.00 M M 3.5 14 260 M M 0 19 280
11 56 20 38 1 27 0 0.00 M M 4.3 18 220 M M 2 25 230
12 56 23 40 3 25 0 T M M 7.2 24 270 M M 4 31 260
13 42 29 36 -1 29 0 0.14 M M 4.9 20 260 M M 8 12 26 300
14 44 31 38 0 27 0 0.09 M M 6.1 21 130 M M 9 18 25 130
15 46 32 39 1 26 0 0.21 M M 9.1 23 130 M M 9 1 31 120
16 45 32 39 1 26 0 0.20 M M 4.9 20 210 M M 9 13 26 310
17 46 30 38 0 27 0 0.14 M M 4.2 14 200 M M 8 1 22 190
18 50 27 39 1 26 0 0.00 M M 2.8 9 10 M M 2 13 180
19 55 29 42 3 23 0 0.01 M M 4.1 23 10 M M 3 30 360
20 56 26 41 2 24 0 T M M 5.6 22 20 M M 3 3 32 20
21 63 25 44 5 21 0 0.00 M M 6.9 25 310 M M 0 37 290
22 63 27 45 5 20 0 0.00 M M 5.5 18 210 M M 1 26 230
23 58 30 44 4 21 0 T M M 8.7 33 260 M M 5 48 220
24 44 31 38 -2 27 0 0.24 M M 10.3 26 260 M M 9 12 33 250
25 48 27 38 -2 27 0 0.01 M M 8.4 29 280 M M 4 38 280
26 45 24 35 -5 30 0 0.03 M M 7.6 25 250 M M 3 18 34 260
27 49 18 34 -7 31 0 0.00 M M 7.7 24 260 M M 0 34 260
28 60 19 40 -1 25 0 0.00 M M 5.6 20 260 M M 0 28 230
29 58 30 44 3 21 0 0.00 M M 6.9 26 260 M M 3 8 36 260
30 65 26 46 5 19 0 0.00 M M 8.2 29 230 M M 2 39 210
31 54 28 41 0 24 0 0.03 M M 11.1 30 210 M M 7 1 43 200
================================================================================
SM 1633 797 793 0 1.12 M 209.7 M 128
================================================================================
AV 52.7 25.7 6.8 FASTST M M 4 MAX(MPH)
MISC ----> 35 250 # 48 250
================================================================================
NOTES:
# LAST OF SEVERAL OCCURRENCES
COLUMN 17 PEAK WIND IN M.P.H.
PRELIMINARY LOCAL CLIMATOLOGICAL DATA (WS FORM: F-6) , PAGE 2
STATION: DURANGO AIRPORT CO
MONTH: MARCH
YEAR: 2024
LATITUDE: 37 9 N
LONGITUDE: 107 45 W
[TEMPERATURE DATA] [PRECIPITATION DATA] SYMBOLS USED IN COLUMN 16
AVERAGE MONTHLY: 39.2 TOTAL FOR MONTH: 1.12 1 = FOG OR MIST
DPTR FM NORMAL: 1.3 DPTR FM NORMAL: 0.25 2 = FOG REDUCING VISIBILITY
HIGHEST: 65 ON 30 GRTST 24HR 0.30 ON 15-16 TO 1/4 MILE OR LESS
LOWEST: 18 ON 27,10 3 = THUNDER
SNOW, ICE PELLETS, HAIL 4 = ICE PELLETS
TOTAL MONTH: M 5 = HAIL
GRTST 24HR M ON M 6 = FREEZING RAIN OR DRIZZLE
GRTST DEPTH: M ON M 7 = DUSTSTORM OR SANDSTORM:
VSBY 1/2 MILE OR LESS
8 = SMOKE OR HAZE
[NO. OF DAYS WITH] [WEATHER - DAYS WITH] 9 = BLOWING SNOW
X = TORNADO
MAX 32 OR BELOW: 0 0.01 INCH OR MORE: 11
MAX 90 OR ABOVE: 0 0.10 INCH OR MORE: 5
MIN 32 OR BELOW: 30 0.50 INCH OR MORE: 0
MIN 0 OR BELOW: 0 1.00 INCH OR MORE: 0
[HDD (BASE 65) ]
TOTAL THIS MO. 793 CLEAR (SCALE 0-3) 14
DPTR FM NORMAL -47 PTCLDY (SCALE 4-7) 13
TOTAL FM JUL 1 5354 CLOUDY (SCALE 8-10) 4
DPTR FM NORMAL -584
[CDD (BASE 65) ]
TOTAL THIS MO. 0
DPTR FM NORMAL 0 [PRESSURE DATA]
TOTAL FM JAN 1 0 HIGHEST SLP M ON M
DPTR FM NORMAL 0 LOWEST SLP 29.31 ON 24
[REMARKS]
#FINAL-03-24#