000
CXUS55 KGJT 011010
CF6DRO
PRELIMINARY LOCAL CLIMATOLOGICAL DATA (WS FORM: F-6)
STATION: DURANGO AIRPORT CO
MONTH: DECEMBER
YEAR: 2021
LATITUDE: 37 9 N
LONGITUDE: 107 45 W
TEMPERATURE IN F: :PCPN: SNOW: WIND :SUNSHINE: SKY :PK WND
================================================================================
1 2 3 4 5 6A 6B 7 8 9 10 11 12 13 14 15 16 17 18
12Z AVG MX 2MIN
DY MAX MIN AVG DEP HDD CDD WTR SNW DPTH SPD SPD DIR MIN PSBL S-S WX SPD DR
================================================================================
1 57 22 40 10 25 0 0.00 M M 2.6 12 70 M M 0 16 270
2 58 22 40 10 25 0 0.00 M M 3.9 14 250 M M 0 18 230
3 57 20 39 9 26 0 0.00 M M 3.5 10 10 M M 0 14 230
4 57 20 39 10 26 0 0.00 M M 4.4 14 230 M M 0 20 250
5 58 18 38 9 27 0 0.00 M M 5.8 24 270 M M 0 34 260
6 50 17 34 5 31 0 0.00 M M 5.7 14 310 M M 2 20 300
7 47 25 36 8 29 0 0.00 M M 7.6 24 250 M M 6 35 250
8 39 24 32 4 33 0 T M M 3.1 8 10 M M 7 1 9 40
9 37 31 34 6 31 0 0.56 M M 3.2 8 70 M M 10 1 10 90
10 33 -1 16 -11 49 0 0.23 M M 11.8 29 270 M M 5 1 41 270
11 23 -6 9 -18 56 0 0.00 M M 2.9 10 10 M M 0 11 10
12 36 -2 17 -10 48 0 0.00 M M 3.5 10 10 M M 0 11 10
13 43 5 24 -2 41 0 0.00 M M 3.2 9 20 M M 0 10 20
14 38 23 31 5 34 0 0.12 M M 4.7 13 110 M M 8 1 18 110
15 41 9 25 -1 40 0 0.09 M M 12.9 48 260 M M 6 123 67 250
16 34 2 18 -8 47 0 0.00 M M 2.7 10 360 M M 1 12 10
17 35 7 21 -4 44 0 0.00 M M 4.7 16 250 M M 0 22 250
18 32 3 18 -7 47 0 0.00 M M 3.1 10 360 M M 0 12 360
19 37 3 20 -5 45 0 0.00 M M 3.2 9 360 M M 0 13 10
20 39 6 23 -2 42 0 0.00 M M 4.5 10 360 M M 0 12 360
21 40 7 24 0 41 0 0.00 M M 3.8 10 60 M M 0 12 50
22 42 7 25 1 40 0 0.00 M M 4.2 9 10 M M 0 11 90
23 39 24 32 8 33 0 0.13 M M 3.9 14 50 M M 9 1 16 40
24 37 32 35 11 30 0 1.04 M M 7.3 22 230 M M 10 1 30 220
25 39 24 32 8 33 0 0.00 M M 5.0 10 70 M M 7 12 12 20
26 39 26 33 9 32 0 T M M 12.4 33 260 M M 7 50 260
27 34 24 29 5 36 0 T M M 6.7 31 250 M M 7 46 250
28 30 25 28 5 37 0 0.17 M M 8.1 23 250 M M 10 1 33 250
29 30 24 27 4 38 0 0.10 M M 7.2 17 230 M M 10 12 22 260
30 32 20 26 3 39 0 0.01 M M 3.7 8 60 M M 10 1 9 220
31 35 25 30 7 35 0 0.06 M M 4.2 9 350 M M 10 12 15 140
================================================================================
SM 1248 486 1140 0 2.51 M 163.5 M 125
================================================================================
AV 40.3 15.7 5.3 FASTST M M 4 MAX(MPH)
MISC ----> 48 260 67 250
================================================================================
NOTES:
# LAST OF SEVERAL OCCURRENCES
COLUMN 17 PEAK WIND IN M.P.H.
PRELIMINARY LOCAL CLIMATOLOGICAL DATA (WS FORM: F-6) , PAGE 2
STATION: DURANGO AIRPORT CO
MONTH: DECEMBER
YEAR: 2021
LATITUDE: 37 9 N
LONGITUDE: 107 45 W
[TEMPERATURE DATA] [PRECIPITATION DATA] SYMBOLS USED IN COLUMN 16
AVERAGE MONTHLY: 28.0 TOTAL FOR MONTH: 2.51 1 = FOG OR MIST
DPTR FM NORMAL: 2.0 DPTR FM NORMAL: 1.64 2 = FOG REDUCING VISIBILITY
HIGHEST: 58 ON 5, 2 GRTST 24HR 1.07 ON 23-24 TO 1/4 MILE OR LESS
LOWEST: -6 ON 11 3 = THUNDER
SNOW, ICE PELLETS, HAIL 4 = ICE PELLETS
TOTAL MONTH: M 5 = HAIL
GRTST 24HR M ON M 6 = FREEZING RAIN OR DRIZZLE
GRTST DEPTH: M ON M 7 = DUSTSTORM OR SANDSTORM:
VSBY 1/2 MILE OR LESS
8 = SMOKE OR HAZE
[NO. OF DAYS WITH] [WEATHER - DAYS WITH] 9 = BLOWING SNOW
X = TORNADO
MAX 32 OR BELOW: 5 0.01 INCH OR MORE: 10
MAX 90 OR ABOVE: 0 0.10 INCH OR MORE: 7
MIN 32 OR BELOW: 31 0.50 INCH OR MORE: 2
MIN 0 OR BELOW: 3 1.00 INCH OR MORE: 1
[HDD (BASE 65) ]
TOTAL THIS MO. 1140 CLEAR (SCALE 0-3) 16
DPTR FM NORMAL -67 PTCLDY (SCALE 4-7) 8
TOTAL FM JUL 1 2544 CLOUDY (SCALE 8-10) 7
DPTR FM NORMAL -288
[CDD (BASE 65) ]
TOTAL THIS MO. 0
DPTR FM NORMAL 0 [PRESSURE DATA]
TOTAL FM JAN 1 455 HIGHEST SLP 30.64 ON 11
DPTR FM NORMAL 165 LOWEST SLP 29.48 ON 31
[REMARKS]
#FINAL-12-21#