000
CXUS53 KEAX 010736
CF6EAX
PRELIMINARY LOCAL CLIMATOLOGICAL DATA (WS FORM: F-6)
STATION: PLEASANT HILL NWS MO
MONTH: JULY
YEAR: 2023
LATITUDE: 38 48 N
LONGITUDE: 94 16 W
TEMPERATURE IN F: :PCPN: SNOW: WIND :SUNSHINE: SKY :PK WND
================================================================================
1 2 3 4 5 6A 6B 7 8 9 10 11 12 13 14 15 16 17 18
12Z AVG MX 2MIN
DY MAX MIN AVG DEP HDD CDD WTR SNW DPTH SPD SPD DIR MIN PSBL S-S WX SPD DR
================================================================================
1 87 67 77 0 0 12 0.12 0.0 0 M M M M M M M M
2 88 65 77 -1 0 12 0.00 0.0 0 M M M M M M M M
3 90 64 77 -1 0 12 0.00 0.0 0 M M M M M M M M
4 94 65 80 2 0 15 0.00 0.0 0 M M M M M M M M
5 82 66 74 -4 0 9 0.35 0.0 0 M M M M M M 3 M M
6 79 65 72 -6 0 7 0.00 0.0 0 M M M M M M M M
7 83 62 73 -5 0 8 0.00 0.0 0 M M M M M M M M
8 72 61 67 -11 0 2 0.30 0.0 0 M M M M M M 3 M M
9 82 62 72 -6 0 7 0.00 0.0 0 M M M M M M M M
10 89 60 75 -3 0 10 0.00 0.0 0 M M M M M M M M
11 93 66 80 2 0 15 0.00 0.0 0 M M M M M M M M
12 95 70 83 5 0 18 0.31 0.0 0 M M M M M M 3 M M
13 93 71 82 4 0 17 0.00 0.0 0 M M M M M M M M
14 93 67 80 1 0 15 0.92 0.0 0 M M M M M M M M
15 87 66 77 -2 0 12 0.00 0.0 0 M M M M M M M M
16 85 67 76 -3 0 11 0.06 0.0 0 M M M M M M M M
17 90 69 80 1 0 15 0.10 0.0 0 M M M M M M M M
18 78 67 73 -6 0 8 0.42 0.0 0 M M M M M M M M
19 89 70 80 1 0 15 T 0.0 0 M M M M M M M M
20 88 70 79 0 0 14 0.01 0.0 0 M M M M M M M M
21 80 66 73 -6 0 8 T 0.0 0 M M M M M M M M
22 86 63 75 -4 0 10 0.00 0.0 0 M M M M M M M M
23 93 65 79 0 0 14 0.00 0.0 0 M M M M M M M M
24 89 67 78 -1 0 13 1.04 0.0 0 M M M M M M 3 M M
25 90 71 81 2 0 16 0.00 0.0 0 M M M M M M M M
26 97 80 89 10 0 24 0.00 0.0 0 M M M M M M M M
27 95 72 84 5 0 19 T 0.0 0 M M M M M M M M
28 97 76 87 8 0 22 0.00 0.0 0 M M M M M M M M
29 90 70 80 1 0 15 0.05 0.0 0 M M M M M M M M
30 92 67 80 1 0 15 0.72 0.0 0 M M M M M M 13 M M
31 83 68 76 -3 0 11 0.56 0.0 0 M M M M M M M M
================================================================================
SM 2729 2085 0 401 4.96 0.0 M M M
================================================================================
AV 88.0 67.3 M FASTST M M M MAX(MPH)
MISC ----> M M M M
================================================================================
NOTES:
# LAST OF SEVERAL OCCURRENCES
COLUMN 17 PEAK WIND IN M.P.H.
PRELIMINARY LOCAL CLIMATOLOGICAL DATA (WS FORM: F-6) , PAGE 2
STATION: PLEASANT HILL NWS MO
MONTH: JULY
YEAR: 2023
LATITUDE: 38 48 N
LONGITUDE: 94 16 W
[TEMPERATURE DATA] [PRECIPITATION DATA] SYMBOLS USED IN COLUMN 16
AVERAGE MONTHLY: 77.6 TOTAL FOR MONTH: 4.96 1 = FOG OR MIST
DPTR FM NORMAL: -0.8 DPTR FM NORMAL: 0.22 2 = FOG REDUCING VISIBILITY
HIGHEST: 97 ON 28,26 GRTST 24HR 1.04 ON 24-24 TO 1/4 MILE OR LESS
LOWEST: 60 ON 10 3 = THUNDER
SNOW, ICE PELLETS, HAIL 4 = ICE PELLETS
TOTAL MONTH: 0.0 INCH 5 = HAIL
GRTST 24HR 0.0 6 = FREEZING RAIN OR DRIZZLE
GRTST DEPTH: 0 7 = DUSTSTORM OR SANDSTORM:
VSBY 1/2 MILE OR LESS
8 = SMOKE OR HAZE
[NO. OF DAYS WITH] [WEATHER - DAYS WITH] 9 = BLOWING SNOW
X = TORNADO
MAX 32 OR BELOW: 0 0.01 INCH OR MORE: 13
MAX 90 OR ABOVE: 14 0.10 INCH OR MORE: 10
MIN 32 OR BELOW: 0 0.50 INCH OR MORE: 4
MIN 0 OR BELOW: 0 1.00 INCH OR MORE: 1
[HDD (BASE 65) ]
TOTAL THIS MO. 0 CLEAR (SCALE 0-3) 0
DPTR FM NORMAL 0 PTCLDY (SCALE 4-7) 0
TOTAL FM JUL 1 0 CLOUDY (SCALE 8-10) 31
DPTR FM NORMAL 0
[CDD (BASE 65) ]
TOTAL THIS MO. 401
DPTR FM NORMAL -16 [PRESSURE DATA]
TOTAL FM JAN 1 854 HIGHEST SLP M ON M
DPTR FM NORMAL 38 LOWEST SLP M ON M
[REMARKS]
#FINAL-07-23#