000
CXUS55 KEAX 010736
CF6EAX
PRELIMINARY LOCAL CLIMATOLOGICAL DATA (WS FORM: F-6)
STATION: PLEASANT HILL NWS MO
MONTH: MARCH
YEAR: 2020
LATITUDE: 38 48 N
LONGITUDE: 94 16 W
TEMPERATURE IN F: :PCPN: SNOW: WIND :SUNSHINE: SKY :PK WND
================================================================================
1 2 3 4 5 6A 6B 7 8 9 10 11 12 13 14 15 16 17 18
12Z AVG MX 2MIN
DY MAX MIN AVG DEP HDD CDD WTR SNW DPTH SPD SPD DIR MIN PSBL S-S WX SPD DR
================================================================================
1 63 46 55 17 10 0 0.00 0.0 0 M M M M M M M M
2 53 34 44 6 21 0 0.00 0.0 0 M M M M M M M M
3 62 36 49 10 16 0 0.00 0.0 0 M M M M M M M M
4 58 42 50 11 15 0 0.00 0.0 0 M M M M M M M M
5 58 38 48 8 17 0 0.00 0.0 0 M M M M M M M M
6 55 30 43 3 22 0 0.00 0.0 0 M M M M M M M M
7 66 33 50 10 15 0 0.00 0.0 0 M M M M M M M M
8 68 44 56 15 9 0 0.03 0.0 0 M M M M M M M M
9 59 36 48 7 17 0 1.17 0.0 0 M M M M M M M M
10 53 32 43 1 22 0 0.00 0.0 0 M M M M M M M M
11 67 40 54 12 11 0 T 0.0 0 M M M M M M M M
12 67 44 56 14 9 0 0.03 0.0 0 M M M M M M M M
13 45 37 41 -2 24 0 T 0.0 0 M M M M M M M M
14 41 34 38 -5 27 0 0.88 T 0 M M M M M M 4 M M
15 39 33 36 -7 29 0 T T 0 M M M M M M M M
16 45 35 40 -4 25 0 0.07 0.0 0 M M M M M M M M
17 51 40 46 2 19 0 0.05 0.0 0 M M M M M M M M
18 62 46 54 10 11 0 0.89 0.0 0 M M M M M 0 M M
19 69 57 63 18 2 0 0.29 0.0 0 M M M M M M M M
20 62 29 46 1 19 0 T 0.0 0 M M M M M M M M
21 46 25 36 -9 29 0 0.00 0.0 0 M M M M M M M M
22 43 36 40 -6 25 0 0.34 0.0 0 M M M M M M M M
23 52 41 47 1 18 0 0.05 0.0 0 M M M M M M M M
24 50 42 46 0 19 0 0.08 0.0 0 M M M M M M M M
25 68 42 55 8 10 0 T 0.0 0 M M M M M M M M
26 73 52 63 16 2 0 0.62 0.0 0 M M M M M M 13 M M
27 70 51 61 14 4 0 0.66 0.0 0 M M M M M M M M
28 74 47 61 13 4 0 0.03 0.0 0 M M M M M M M M
29 67 43 55 7 10 0 0.00 0.0 0 M M M M M M M M
30 69 44 57 9 8 0 0.00 0.0 0 M M M M M M M M
31 67 48 58 9 7 0 0.00 0.0 0 M M M M M M M M
================================================================================
SM 1822 1237 476 0 5.19 T M M 0
================================================================================
AV 58.8 39.9 M FASTST M M 0 MAX(MPH)
MISC ----> M M M M
================================================================================
NOTES:
# LAST OF SEVERAL OCCURRENCES
COLUMN 17 PEAK WIND IN M.P.H.
PRELIMINARY LOCAL CLIMATOLOGICAL DATA (WS FORM: F-6) , PAGE 2
STATION: PLEASANT HILL NWS MO
MONTH: MARCH
YEAR: 2020
LATITUDE: 38 48 N
LONGITUDE: 94 16 W
[TEMPERATURE DATA] [PRECIPITATION DATA] SYMBOLS USED IN COLUMN 16
AVERAGE MONTHLY: 49.3 TOTAL FOR MONTH: 5.19 1 = FOG OR MIST
DPTR FM NORMAL: 5.7 DPTR FM NORMAL: 2.18 2 = FOG REDUCING VISIBILITY
HIGHEST: 74 ON 28 GRTST 24HR 1.17 ON 9- 9 TO 1/4 MILE OR LESS
LOWEST: 25 ON 21 3 = THUNDER
SNOW, ICE PELLETS, HAIL 4 = ICE PELLETS
TOTAL MONTH: T 5 = HAIL
GRTST 24HR T ON 14-14 6 = FREEZING RAIN OR DRIZZLE
GRTST DEPTH: 0 7 = DUSTSTORM OR SANDSTORM:
VSBY 1/2 MILE OR LESS
8 = SMOKE OR HAZE
[NO. OF DAYS WITH] [WEATHER - DAYS WITH] 9 = BLOWING SNOW
X = TORNADO
MAX 32 OR BELOW: 0 0.01 INCH OR MORE: 14
MAX 90 OR ABOVE: 0 0.10 INCH OR MORE: 7
MIN 32 OR BELOW: 4 0.50 INCH OR MORE: 5
MIN 0 OR BELOW: 0 1.00 INCH OR MORE: 1
[HDD (BASE 65) ]
TOTAL THIS MO. 476 CLEAR (SCALE 0-3) 1
DPTR FM NORMAL -188 PTCLDY (SCALE 4-7) 0
TOTAL FM JUL 1 4258 CLOUDY (SCALE 8-10) 30
DPTR FM NORMAL -434
[CDD (BASE 65) ]
TOTAL THIS MO. 0
DPTR FM NORMAL -1 [PRESSURE DATA]
TOTAL FM JAN 1 0 HIGHEST SLP M ON M
DPTR FM NORMAL -1 LOWEST SLP M ON M
[REMARKS]
#FINAL-03-20#