000
CXUS53 KMKX 010810
CF6ENW
PRELIMINARY LOCAL CLIMATOLOGICAL DATA (WS FORM: F-6)
STATION: KENOSHA WI
MONTH: MARCH
YEAR: 2023
LATITUDE: 42 35 N
LONGITUDE: 87 56 W
TEMPERATURE IN F: :PCPN: SNOW: WIND :SUNSHINE: SKY :PK WND
================================================================================
1 2 3 4 5 6A 6B 7 8 9 10 11 12 13 14 15 16 17 18
12Z AVG MX 2MIN
DY MAX MIN AVG DEP HDD CDD WTR SNW DPTH SPD SPD DIR MIN PSBL S-S WX SPD DR
================================================================================
1 54 39 47 16 18 0 0.01 M M 9.4 18 270 M M 6 1 24 270
2 40 28 34 2 31 0 0.00 0.0 M 7.6 14 290 M M 9 20 320
3 39 31 35 3 30 0 0.00 M M 11.5 23 50 M M 6 8 29 50
4 51 26 39 7 26 0 0.02 M M 8.2 17 250 M M 3 18 23 240
5 46 25 36 3 29 0 0.10 M M 8.3 22 100 M M 3 1 31 80
6 50 38 44 11 21 0 0.22 M M 10.3 24 120 M M 7 1 33 120
7 47 33 40 6 25 0 T M M 11.2 23 50 M M 3 30 50
8 44 29 37 3 28 0 0.00 M M 9.7 16 60 M M 3 23 90
9 40 34 37 3 28 0 0.03 M M 13.8 18 80 M M 10 1 26 80
10 40 33 37 2 28 0 0.33 M M 11.2 22 90 M M 10 18 28 100
11 37 31 34 -1 31 0 0.02 M M 9.4 17 80 M M 10 18 20 80
12 37 28 33 -2 32 0 0.04 M M 8.6 21 270 M M 9 18 29 270
13 32 24 28 -8 37 0 0.01 M M 10.5 23 360 M M 9 18 34 350
14 35 15 25 -11 40 0 0.00 M M 5.3 12 340 M M 0 15 310
15 48 18 33 -3 32 0 0.00 M M 10.8 18 190 M M 0 18 28 210
16 47 42 45 8 20 0 0.26 M M 9.6 17 200 M M 8 128 23 200
17 45 20 33 -4 32 0 0.03 M M 22.3 31 290 M M 7 1 43 280
18 27 13 20 -17 45 0 T M M 18.3 28 280 M M 8 8 37 290
19 42 19 31 -7 34 0 0.00 0.0 M 15.5 23 250 M M 0 31 250
20 53 32 43 5 22 0 0.00 M M 13.9 29 240 M M 2 42 250
21 54 30 42 4 23 0 0.00 M M 8.2 20 190 M M 4 29 190
22 53 41 47 8 18 0 0.00 M M 8.6 18 180 M M 10 18 26 180
23 48 32 40 1 25 0 0.01 M M 8.0 21 330 M M 7 18 27 330
24 43 32 38 -1 27 0 T M M 12.7 23 70 M M 2 8 33 60
25 42 33 38 -2 27 0 0.73 M M 14.5 24 290 M M 7 128 34 300
26 41 27 34 -6 31 0 0.19 M M 5.4 17 250 M M 6 1248 19 30
27 44 25 35 -5 30 0 0.00 M M 7.0 16 50 M M 1 128 23 30
28 49 28 39 -2 26 0 0.00 M M 6.5 17 260 M M 0 22 260
29 39 24 32 -9 33 0 T M M 8.9 22 330 M M 2 8 30 310
30 50 22 36 -5 29 0 0.00 M M 10.0 20 150 M M 5 27 160
31 70 47 59 17 6 0 0.71 M M 12.7 31 240 M M 9 13 43 240
================================================================================
SM 1387 899 864 0 2.71 0.0 327.9 M 166
================================================================================
AV 44.7 29.0 10.6 FASTST M M 5 MAX(MPH)
MISC ----> # 31 290 # 43 280
================================================================================
NOTES:
# LAST OF SEVERAL OCCURRENCES
COLUMN 17 PEAK WIND IN M.P.H.
PRELIMINARY LOCAL CLIMATOLOGICAL DATA (WS FORM: F-6) , PAGE 2
STATION: KENOSHA WI
MONTH: MARCH
YEAR: 2023
LATITUDE: 42 35 N
LONGITUDE: 87 56 W
[TEMPERATURE DATA] [PRECIPITATION DATA] SYMBOLS USED IN COLUMN 16
AVERAGE MONTHLY: 36.9 TOTAL FOR MONTH: 2.71 1 = FOG OR MIST
DPTR FM NORMAL: 0.3 DPTR FM NORMAL: 0.68 2 = FOG REDUCING VISIBILITY
HIGHEST: 70 ON 31 GRTST 24HR 0.73 ON 25-25 TO 1/4 MILE OR LESS
LOWEST: 13 ON 18 3 = THUNDER
SNOW, ICE PELLETS, HAIL 4 = ICE PELLETS
TOTAL MONTH: 0.0 INCH 5 = HAIL
GRTST 24HR 0.0 6 = FREEZING RAIN OR DRIZZLE
GRTST DEPTH: M ON M 7 = DUSTSTORM OR SANDSTORM:
VSBY 1/2 MILE OR LESS
8 = SMOKE OR HAZE
[NO. OF DAYS WITH] [WEATHER - DAYS WITH] 9 = BLOWING SNOW
X = TORNADO
MAX 32 OR BELOW: 2 0.01 INCH OR MORE: 15
MAX 90 OR ABOVE: 0 0.10 INCH OR MORE: 7
MIN 32 OR BELOW: 22 0.50 INCH OR MORE: 2
MIN 0 OR BELOW: 0 1.00 INCH OR MORE: 0
[HDD (BASE 65) ]
TOTAL THIS MO. 864 CLEAR (SCALE 0-3) 11
DPTR FM NORMAL -16 PTCLDY (SCALE 4-7) 11
TOTAL FM JUL 1 5138 CLOUDY (SCALE 8-10) 9
DPTR FM NORMAL -457
[CDD (BASE 65) ]
TOTAL THIS MO. 0
DPTR FM NORMAL -1 [PRESSURE DATA]
TOTAL FM JAN 1 0 HIGHEST SLP M ON M
DPTR FM NORMAL -1 LOWEST SLP 29.25 ON 31
[REMARKS]
#FINAL-03-23#