000
CXUS52 KMLB 011134
CF6FPR
PRELIMINARY LOCAL CLIMATOLOGICAL DATA (WS FORM: F-6)
STATION: FORT PIERCE
MONTH: AUGUST
YEAR: 2020
LATITUDE: 27 30 N
LONGITUDE: 80 22 W
TEMPERATURE IN F: :PCPN: SNOW: WIND :SUNSHINE: SKY :PK WND
================================================================================
1 2 3 4 5 6A 6B 7 8 9 10 11 12 13 14 15 16 17 18
12Z AVG MX 2MIN
DY MAX MIN AVG DEP HDD CDD WTR SNW DPTH SPD SPD DIR MIN PSBL S-S WX SPD DR
================================================================================
1 91 76 84 2 0 19 1.28 0.0 0 9.1 31 110 M M 4 18 38 110
2 85 78 82 0 0 17 0.03 0.0 0 14.6 25 80 M M 9 18 35 320
3 94 77 86 4 0 21 0.00 0.0 0 7.2 20 120 M M 3 23 130
4 92 78 85 3 0 20 0.08 0.0 0 3.9 15 110 M M 2 13 23 50
5 91 73 82 0 0 17 1.76 0.0 0 3.9 20 280 M M 4 138 24 290
6 89 75 82 0 0 17 0.01 0.0 0 4.5 16 100 M M 1 3 20 110
7 89 73 81 -1 0 16 T 0.0 0 4.5 20 270 M M 1 1 24 270
8 89 73 81 -1 0 16 0.00 0.0 0 4.4 13 80 M M 1 17 80
9 90 75 83 1 0 18 0.00 0.0 0 4.2 14 70 M M 2 8 19 60
10 89 74 82 0 0 17 0.00 0.0 0 4.8 13 110 M M 1 17 90
11 90 75 83 1 0 18 T 0.0 0 4.7 16 290 M M 1 20 290
12 89 73 81 -1 0 16 0.00 0.0 0 5.2 17 110 M M 1 3 21 110
13 89 74 82 0 0 17 0.52 0.0 0 6.1 18 150 M M 1 38 23 150
14 91 74 83 1 0 18 0.00 0.0 0 6.1 17 130 M M 1 3 23 130
15 92 73 83 1 0 18 2.01 0.0 0 4.0 21 130 M M 2 13 33 130
16 91 74 83 1 0 18 0.44 0.0 0 3.5 20 250 M M 2 13 23 250
17 91 73 82 0 0 17 0.29 0.0 0 3.0 21 150 M M 2 13 24 140
18 90 72 81 -1 0 16 0.01 0.0 0 4.1 18 120 M M 1 38 26 310
19 90 73 82 0 0 17 T 0.0 0 6.3 24 140 M M 1 3 33 150
20 88 71 80 -2 0 15 0.69 0.0 0 4.6 23 130 M M 3 13 33 120
21 92 73 83 1 0 18 0.02 0.0 0 4.4 16 170 M M 3 13 21 150
22 89 74 82 0 0 17 0.16 0.0 0 9.3 22 100 M M 2 1 28 110
23 90 79 85 3 0 20 0.11 0.0 0 13.2 24 120 M M 3 13 32 110
24 90 81 86 4 0 21 0.04 0.0 0 18.0 28 130 M M 6 1 34 130
25 90 81 86 4 0 21 T 0.0 0 14.7 21 130 M M 2 26 130
26 89 78 84 2 0 19 0.09 0.0 0 10.6 20 110 M M 3 1 23 100
27 89 76 83 1 0 18 0.28 0.0 0 7.7 18 120 M M 2 13 23 130
28 92 76 84 3 0 19 0.00 0.0 0 4.4 15 130 M M 1 19 120
29 92 76 84 3 0 19 0.16 0.0 0 4.5 16 130 M M 2 13 19 130
30 92 75 84 3 0 19 0.57 0.0 0 5.5 25 280 M M 3 138 35 280
31 91 75 83 2 0 18 0.14 0.0 0 4.4 17 320 M M 3 13 24 310
================================================================================
SM 2796 2328 0 557 8.69 0.0 205.4 M 73
================================================================================
AV 90.2 75.1 6.6 FASTST M M 2 MAX(MPH)
MISC ----> 31 110 38 110
================================================================================
NOTES:
# LAST OF SEVERAL OCCURRENCES
COLUMN 17 PEAK WIND IN M.P.H.
PRELIMINARY LOCAL CLIMATOLOGICAL DATA (WS FORM: F-6) , PAGE 2
STATION: FORT PIERCE
MONTH: AUGUST
YEAR: 2020
LATITUDE: 27 30 N
LONGITUDE: 80 22 W
[TEMPERATURE DATA] [PRECIPITATION DATA] SYMBOLS USED IN COLUMN 16
AVERAGE MONTHLY: 82.6 TOTAL FOR MONTH: 8.69 1 = FOG OR MIST
DPTR FM NORMAL: 0.9 DPTR FM NORMAL: 1.39 2 = FOG REDUCING VISIBILITY
HIGHEST: 94 ON 3 GRTST 24HR 2.30 ON 15-16 TO 1/4 MILE OR LESS
LOWEST: 71 ON 20 3 = THUNDER
SNOW, ICE PELLETS, HAIL 4 = ICE PELLETS
TOTAL MONTH: 0.0 INCH 5 = HAIL
GRTST 24HR 0.0 6 = FREEZING RAIN OR DRIZZLE
GRTST DEPTH: 0 7 = DUSTSTORM OR SANDSTORM:
VSBY 1/2 MILE OR LESS
8 = SMOKE OR HAZE
[NO. OF DAYS WITH] [WEATHER - DAYS WITH] 9 = BLOWING SNOW
X = TORNADO
MAX 32 OR BELOW: 0 0.01 INCH OR MORE: 20
MAX 90 OR ABOVE: 20 0.10 INCH OR MORE: 13
MIN 32 OR BELOW: 0 0.50 INCH OR MORE: 6
MIN 0 OR BELOW: 0 1.00 INCH OR MORE: 3
[HDD (BASE 65) ]
TOTAL THIS MO. 0 CLEAR (SCALE 0-3) 26
DPTR FM NORMAL 0 PTCLDY (SCALE 4-7) 4
TOTAL FM JUL 1 0 CLOUDY (SCALE 8-10) 1
DPTR FM NORMAL 0
[CDD (BASE 65) ]
TOTAL THIS MO. 557
DPTR FM NORMAL 39 [PRESSURE DATA]
TOTAL FM JAN 1 2793 HIGHEST SLP 30.17 ON 8
DPTR FM NORMAL 524 LOWEST SLP 29.67 ON 2
[REMARKS]
#FINAL-08-20#