000
CXUS51 KRLX 022049
CLMHTS
CLIMATE REPORT
NATIONAL WEATHER SERVICE CHARLESTON WV
449 PM EDT TUE MAY 02 2023
...................................
...THE HUNTINGTON WV CLIMATE SUMMARY FOR THE MONTH OF APRIL 2023...
CLIMATE NORMAL PERIOD: 1991 TO 2020
CLIMATE RECORD PERIOD: 1897 TO 2023
WEATHER OBSERVED NORMAL DEPART LAST YEAR`S
VALUE DATE(S) VALUE FROM VALUE
NORMAL
..............................................................
TEMPERATURE (F)
RECORD
HIGH 92 04/21/1985
04/26/1957
04/30/1942
LOW 15 04/05/1898
HIGHEST 90 04/05 88
LOWEST 29 04/25 28
AVG. MAXIMUM 70.7 68.8 1.9 65.4
AVG. MINIMUM 44.8 45.5 -0.7 44.3
MEAN 57.8 57.2 0.6 54.8
DAYS MAX >= 90 1 0.0 1.0 0
DAYS MAX <= 32 0 0.0 0.0 0
DAYS MAX >= 80 7 5
DAYS MIN <= 32 2 2.7 -0.7 2
DAYS MIN <= 0 0 0.0 0.0 0
PRECIPITATION (INCHES)
RECORD
MAXIMUM 9.98 2011
MINIMUM 0.74 1976
TOTALS 3.54 3.91 -0.37 3.21
DAILY AVG. 0.12 0.13 -0.01 0.11
DAYS >= .01 11 13.1 -2.1 15
DAYS >= .10 10 8.2 1.8 6
DAYS >= .50 3 2.3 0.7 3
DAYS >= 1.00 0 0.8 -0.8 0
GREATEST
24 HR. TOTAL 0.78 04/01 TO 04/01 0.85
SNOWFALL (INCHES)
RECORDS
TOTAL 14.4 1987
24 HR TOTAL 6.8 04/03/1987 TO 04/03/1987
SNOW DEPTH 14 04/05/1987
TOTALS 0.0 0.3 -0.3 T
SINCE 7/1 2.6 19.8 -17.2 MM
SNOWDEPTH AVG. 0 0
DAYS >= TRACE 0 0.5 -0.5 2
DAYS >= 1.0 0 0.1 -0.1 0
GREATEST
SNOW DEPTH 0 MM
24 HR TOTAL 0.0 MM
DEGREE DAYS
HEATING TOTAL 233 266 -33 328
SINCE 7/1 3713 4214 -501 MM
COOLING TOTAL 28 31 -3 32
SINCE 1/1 34 37 -3 MM
..............................................................
WIND (MPH)
AVERAGE WIND SPEED 6.1
HIGHEST WIND SPEED/DIRECTION 35/230 DATE 04/01
HIGHEST GUST SPEED/DIRECTION 51/260 DATE 04/01
SKY COVER
AVERAGE SKY COVER 0.37
NUMBER OF DAYS FAIR 15
NUMBER OF DAYS PC 11
NUMBER OF DAYS CLOUDY 4
AVERAGE RH (PERCENT) 57
WEATHER CONDITIONS. NUMBER OF DAYS WITH
THUNDERSTORM 6 MIXED PRECIP 0
HEAVY RAIN 4 RAIN 7
LIGHT RAIN 12 FREEZING RAIN 0
LT FREEZING RAIN 0 HAIL 0
HEAVY SNOW 0 SNOW 0
LIGHT SNOW 0 SLEET 0
FOG 11 FOG W/VIS <= 1/4 MILE 0
HAZE 1
- INDICATES NEGATIVE NUMBERS.
R INDICATES RECORD WAS SET OR TIED.
MM INDICATES DATA IS MISSING.
T INDICATES TRACE AMOUNT.
$$