000
CXUS55 KPSR 011005
CF6PHX
PRELIMINARY LOCAL CLIMATOLOGICAL DATA (WS FORM: F-6)
STATION: PHOENIX AZ
MONTH: JULY
YEAR: 2022
LATITUDE: 33 25 N
LONGITUDE: 112 1 W
TEMPERATURE IN F: :PCPN: SNOW: WIND :SUNSHINE: SKY :PK WND
================================================================================
1 2 3 4 5 6A 6B 7 8 9 10 11 12 13 14 15 16 17 18
12Z AVG MX 2MIN
DY MAX MIN AVG DEP HDD CDD WTR SNW DPTH SPD SPD DIR MIN PSBL S-S WX SPD DR
================================================================================
1 108 88 98 3 0 33 0.00 0.0 0 9.9 25 150 M M 3 78 35 160
2 105 88 97 2 0 32 0.00 0.0 0 5.8 13 120 M M 6 24 320
3 109 87 98 3 0 33 0.00 0.0 0 8.7 22 270 M M 4 30 270
4 105 84 95 0 0 30 0.00 0.0 0 8.1 22 260 M M 5 28 270
5 105 87 96 1 0 31 T 0.0 0 8.6 22 270 M M 5 28 270
6 107 84 96 1 0 31 0.00 0.0 0 8.6 20 280 M M 1 29 190
7 107 84 96 0 0 31 0.00 0.0 0 5.8 17 270 M M 1 22 350
8 112 87 100 4 0 35 0.00 0.0 0 9.9 20 260 M M 2 30 300
9 112 87 100 4 0 35 0.00 0.0 0 8.5 25 130 M M 4 35 130
10 113 89 101 5 0 36 0.00 0.0 0 7.7 14 270 M M 6 21 350
11 115 91 103 7 0 38 T 0.0 0 8.4 36 70 M M 5 44 70
12 112 93 103 7 0 38 0.00 0.0 0 7.8 25 60 M M 5 32 60
13 113 93 103 7 0 38 T 0.0 0 6.9 18 170 M M 6 378 29 340
14 111 88 100 4 0 35 T 0.0 0 8.8 29 60 M M 7 3 36 70
15 112 88 100 4 0 35 0.00 0.0 0 7.0 14 300 M M 5 22 300
16 114 92 103 7 0 38 T 0.0 0 8.5 36 310 M M 4 3 61 60
17 112 81 97 1 0 32 0.03 0.0 0 9.9 48 80 M M 5 38 61 90
18 108 82 95 -1 0 30 0.01 0.0 0 9.2 17 290 M M 6 3 32 330
19 111 94 103 7 0 38 0.00 0.0 0 12.0 25 270 M M 7 36 270
20 111 91 101 5 0 36 0.00 0.0 0 12.7 23 260 M M 8 43 350
21 110 90 100 4 0 35 0.00 0.0 0 9.3 18 180 M M 7 8 26 160
22 114 95 105 9 0 40 0.00 0.0 0 6.3 18 290 M M 8 27 270
23 108 84 96 0 0 31 T 0.0 0 9.5 32 150 M M 6 47 150
24 100 80 90 -6 0 25 T 0.0 0 8.2 28 120 M M 7 78 37 150
25 102 83 93 -3 0 28 0.00 0.0 0 7.0 20 220 M M 7 3 25 140
26 99 77 88 -8 0 23 0.17 0.0 0 7.0 16 220 M M 7 3 23 270
27 98 83 91 -4 0 26 T 0.0 0 7.1 21 320 M M 8 34 360
28 92 79 86 -9 0 21 T 0.0 0 8.4 18 310 M M 8 3 29 330
29 100 78 89 -6 0 24 T 0.0 0 5.8 18 270 M M 8 22 290
30 104 79 92 -3 0 27 T 0.0 0 7.1 37 220 M M 7 378 52 220
31 103 80 92 -3 0 27 0.00 0.0 0 8.8 28 260 M M 6 35 260
================================================================================
SM 3332 2666 0 992 0.21 0.0 257.3 M 174
================================================================================
AV107.5 86.0 8.3 FASTST M M 6 MAX(MPH)
MISC ----> 48 80 # 61 60
================================================================================
NOTES:
# LAST OF SEVERAL OCCURRENCES
COLUMN 17 PEAK WIND IN M.P.H.
PRELIMINARY LOCAL CLIMATOLOGICAL DATA (WS FORM: F-6) , PAGE 2
STATION: PHOENIX AZ
MONTH: JULY
YEAR: 2022
LATITUDE: 33 25 N
LONGITUDE: 112 1 W
[TEMPERATURE DATA] [PRECIPITATION DATA] SYMBOLS USED IN COLUMN 16
AVERAGE MONTHLY: 96.7 TOTAL FOR MONTH: 0.21 1 = FOG OR MIST
DPTR FM NORMAL: 1.2 DPTR FM NORMAL: -0.70 2 = FOG REDUCING VISIBILITY
HIGHEST: 115 ON 11 GRTST 24HR 0.17 ON 26-26 TO 1/4 MILE OR LESS
LOWEST: 77 ON 26 3 = THUNDER
SNOW, ICE PELLETS, HAIL 4 = ICE PELLETS
TOTAL MONTH: 0.0 INCH 5 = HAIL
GRTST 24HR 0.0 6 = FREEZING RAIN OR DRIZZLE
GRTST DEPTH: 0 7 = DUSTSTORM OR SANDSTORM:
VSBY 1/2 MILE OR LESS
8 = SMOKE OR HAZE
[NO. OF DAYS WITH] [WEATHER - DAYS WITH] 9 = BLOWING SNOW
X = TORNADO
MAX 32 OR BELOW: 0 0.01 INCH OR MORE: 3
MAX 90 OR ABOVE: 31 0.10 INCH OR MORE: 1
MIN 32 OR BELOW: 0 0.50 INCH OR MORE: 0
MIN 0 OR BELOW: 0 1.00 INCH OR MORE: 0
[HDD (BASE 65) ]
TOTAL THIS MO. 0 CLEAR (SCALE 0-3) 3
DPTR FM NORMAL 0 PTCLDY (SCALE 4-7) 28
TOTAL FM JUL 1 0 CLOUDY (SCALE 8-10) 0
DPTR FM NORMAL 0
[CDD (BASE 65) ]
TOTAL THIS MO. 992
DPTR FM NORMAL 47 [PRESSURE DATA]
TOTAL FM JAN 1 2946 HIGHEST SLP 29.96 ON 31
DPTR FM NORMAL 299 LOWEST SLP 29.57 ON 22
[REMARKS]
#FINAL-07-22#