000
CXUS54 KCRP 251300
CF6LRD
PRELIMINARY LOCAL CLIMATOLOGICAL DATA (WS FORM: F-6)

                                          STATION:   LAREDO
                                          MONTH:     MARCH
                                          YEAR:      2017
                                          LATITUDE:   27 31 N
                                          LONGITUDE:  99 28 W

  TEMPERATURE IN F:       :PCPN:    SNOW:  WIND      :SUNSHINE: SKY     :PK WND
================================================================================
1   2   3   4   5  6A  6B    7    8   9   10  11  12  13   14  15   16   17  18
                                     12Z  AVG MX 2MIN
DY MAX MIN AVG DEP HDD CDD  WTR  SNW DPTH SPD SPD DIR MIN PSBL S-S WX    SPD DR
================================================================================

 1  87  65  76  11   0  11 0.00  0.0    0 12.6 21  10   M    M   1 18     36 360
 2  73  52  63  -2   2   0 0.00  0.0    0 12.8 22  40   M    M   4        31  50
 3  69  58  64  -1   1   0    T  0.0    0  7.7 14 110   M    M  10         M  M
 4  63  57  60  -5   5   0 1.39  0.0    0  6.4 14  60   M    M  10 1       M  M
 5  77  60  69   3   0   4 0.01  0.0    0  6.2 14 120   M    M   8         M  M
 6  88  67  78  12   0  13 0.00  0.0    0 13.1 20 140   M    M   5        24 140
 7  84  67  76  10   0  11    T  0.0    0 10.2 18  40   M    M   6 3      33  40
 8  77  64  71   5   0   6 0.55  0.0    0 10.3 18  40   M    M   9 13     24  40
 9  84  67  76   9   0  11 0.33  0.0    0  8.5 15 140   M    M   6 13      M  M
10  78  64  71   4   0   6 0.05  0.0    0  6.3 16  60   M    M   7 3      33  50
11  78  64  71   4   0   6 0.01  0.0    0  3.9  8  40   M    M   7 1       M  M
12  67  57  62  -5   3   0    T  0.0    0 10.5 16  20   M    M   9 1       M  M
13  67  54  61  -7   4   0    T  0.0    0  5.8 15  10   M    M   8 1       M  M
14  78  49  64  -4   1   0 0.00  0.0    0  8.0 17 120   M    M   0        23 120
15  81  57  69   1   0   4 0.00  0.0    0 11.3 15  80   M    M   6        21 130
16  85  66  76   8   0  11 0.00  0.0    0 12.9 20 150   M    M   6        26 150
17  88  66  77   8   0  12 0.00  0.0    0 15.3 20 150   M    M   1        27 150
18  89  65  77   8   0  12 0.00  0.0    0 11.2 16 150   M    M   0        21 140
19  89  66  78   9   0  13 0.00  0.0    0   M  17 150   M    M   1         M  M
20  88  65  77   8   0  12 0.00  0.0    0 12.0 16 130   M    M   1        21 150
21  90  64  77   7   0  12 0.00  0.0    0 11.9 16 130   M    M   0        18 150
22  90  66  78   8   0  13 0.00  0.0    0 12.6 17 130   M    M   1        24 130
23  89  67  78   8   0  13 0.00  0.0    0 19.9 28 140   M    M   4        38 120
24  90  68  79   9   0  14    T  0.0    0 10.1 23 140   M    M   1        31 140
================================================================================
SM 1949 1495        16 184  2.34     0.0 239.5          M      111
================================================================================
AV 81.2 62.3                              10.4 FASTST   M    M   5    MAX(MPH)
                                 MISC ---->  # 28 140               # 38  120
================================================================================
NOTES:
# LAST OF SEVERAL OCCURRENCES

COLUMN 17 PEAK WIND IN M.P.H.

PRELIMINARY LOCAL CLIMATOLOGICAL DATA (WS FORM: F-6) , PAGE 2

                                          STATION:  LAREDO
                                          MONTH:    MARCH
                                          YEAR:     2017
                                          LATITUDE:   27 31 N
                                          LONGITUDE:  99 28 W

[TEMPERATURE DATA]      [PRECIPITATION DATA]       SYMBOLS USED IN COLUMN 16

AVERAGE MONTHLY: 71.8   TOTAL FOR MONTH:   2.34    1 = FOG OR MIST
DPTR FM NORMAL:   4.2   DPTR FM NORMAL:    1.43    2 = FOG REDUCING VISIBILITY
HIGHEST:    90 ON 24,22 GRTST 24HR  1.39 ON  4- 4      TO 1/4 MILE OR LESS
LOWEST:     49 ON 14                               3 = THUNDER
                        SNOW, ICE PELLETS, HAIL    4 = ICE PELLETS
                        TOTAL MONTH:   0.0 INCH    5 = HAIL
                        GRTST 24HR     0.0         6 = FREEZING RAIN OR DRIZZLE
                        GRTST DEPTH:   0           7 = DUSTSTORM OR SANDSTORM:
                                                       VSBY 1/2 MILE OR LESS
                                                   8 = SMOKE OR HAZE
[NO. OF DAYS WITH]      [WEATHER - DAYS WITH]      9 = BLOWING SNOW
                                                   X = TORNADO
MAX 32 OR BELOW:   0    0.01 INCH OR MORE:   6
MAX 90 OR ABOVE:   3    0.10 INCH OR MORE:   3
MIN 32 OR BELOW:   0    0.50 INCH OR MORE:   2
MIN  0 OR BELOW:   0    1.00 INCH OR MORE:   1

[HDD (BASE 65) ]
TOTAL THIS MO.    16    CLEAR  (SCALE 0-3)   9
DPTR FM NORMAL   -46    PTCLDY (SCALE 4-7)  11
TOTAL FM JUL 1   396    CLOUDY (SCALE 8-10)  4
DPTR FM NORMAL  -510

[CDD (BASE 65) ]
TOTAL THIS MO.   184
DPTR FM NORMAL    64    [PRESSURE DATA]
TOTAL FM JAN 1   490    HIGHEST SLP M ON M
DPTR FM NORMAL   285    LOWEST  SLP 29.84 ON  1

[REMARKS]
