000
CXUS54 KCRP 221300
CF6LRD
PRELIMINARY LOCAL CLIMATOLOGICAL DATA (WS FORM: F-6)

                                          STATION:   LAREDO
                                          MONTH:     NOVEMBER
                                          YEAR:      2014
                                          LATITUDE:   27 31 N
                                          LONGITUDE:  99 28 W

  TEMPERATURE IN F:       :PCPN:    SNOW:  WIND      :SUNSHINE: SKY     :PK WND
================================================================================
1   2   3   4   5  6A  6B    7    8   9   10  11  12  13   14  15   16   17  18
                                     12Z  AVG MX 2MIN
DY MAX MIN AVG DEP HDD CDD  WTR  SNW DPTH SPD SPD DIR MIN PSBL S-S WX    SPD DR
================================================================================

 1  79  51  65  -6   0   0 0.00  0.0    0  8.2 15 100   M    M   0        17 100
 2  78  60  69  -2   0   4 0.00  0.0    0 13.3 24 120   M    M   6        28 120
 3  84  68  76   5   0  11 0.00  0.0    0 13.3 22 130   M    M   8        28 130
 4  83  71  77   7   0  12    T  0.0    0 10.0 22 140   M    M   7        26 140
 5  72  60  66  -4   0   1 0.47  0.0    0  9.1 21  50   M    M  10 1      22  50
 6  62  55  59 -10   6   0 1.10  0.0    0 11.4 17 330   M    M  10 1      21 330
 7  64  55  60  -9   5   0 0.23  0.0    0  5.8 13 300   M    M   9        15 300
 8  75  52  64  -5   1   0 0.00  0.0    0  3.3 15 340   M    M   1 12     17 310
 9  77  53  65  -3   0   0 0.00  0.0    0  4.8 10 170   M    M   0        13 160
10  81  56  69   1   0   4 0.00  0.0    0 10.4 17 160   M    M   0 18     21 170
11  75  58  67  -1   0   2 0.00  0.0    0  9.6 25 350   M    M   5 18     31 360
12  58  48  53 -14  12   0 0.00  0.0    0 11.2 16 330   M    M  10        21  30
13  50  43  47 -20  18   0 0.00  0.0    0 11.0 18 360   M    M  10        22 350
14  51  41  46 -20  19   0 0.00  0.0    0  6.9 12  50   M    M   9        16  60
15  52  42  47 -19  18   0    T  0.0    0  6.1  6 140   M    M   9 128    14 130
16  62  45  54 -12  11   0 0.01  0.0    0  8.1 31 330   M    M   9 128    38 330
17  55  37  46 -19  19   0    T  0.0    0 12.7 28 330   M    M   1        36 330
18  60  40  50 -15  15   0 0.00  0.0    0  7.0 12 160   M    M   5        16 160
19  71  40  56  -8   9   0 0.00  0.0    0  6.8 16 160   M    M   1        18 150
20  74  55  65   1   0   0    T  0.0    0  6.6 16 170   M    M   6 1      20 160
21  80  66  73   9   0   8    T  0.0    0 12.0 24 140   M    M   9 1      29 150
================================================================================
SM 1443 1096       133  42  1.81     0.0 187.6          M      125
================================================================================
AV 68.7 52.2                               8.9 FASTST   M    M   6    MAX(MPH)
                                 MISC ---->    31   M               # 38  330
================================================================================
NOTES:
# LAST OF SEVERAL OCCURRENCES

COLUMN 17 PEAK WIND IN M.P.H.

PRELIMINARY LOCAL CLIMATOLOGICAL DATA (WS FORM: F-6) , PAGE 2

                                          STATION:  LAREDO
                                          MONTH:    NOVEMBER
                                          YEAR:     2014
                                          LATITUDE:   27 31 N
                                          LONGITUDE:  99 28 W

[TEMPERATURE DATA]      [PRECIPITATION DATA]       SYMBOLS USED IN COLUMN 16

AVERAGE MONTHLY: 60.5   TOTAL FOR MONTH:   1.81    1 = FOG OR MIST
DPTR FM NORMAL:  -7.1   DPTR FM NORMAL:    0.92    2 = FOG REDUCING VISIBILITY
HIGHEST:    84 ON  3    GRTST 24HR  1.10 ON  6- 6      TO 1/4 MILE OR LESS
LOWEST:     37 ON 17                               3 = THUNDER
                        SNOW, ICE PELLETS, HAIL    4 = ICE PELLETS
                        TOTAL MONTH:   0.0 INCH    5 = HAIL
                        GRTST 24HR     0.0         6 = FREEZING RAIN OR DRIZZLE
                        GRTST DEPTH:   0           7 = DUSTSTORM OR SANDSTORM:
                                                       VSBY 1/2 MILE OR LESS
                                                   8 = SMOKE OR HAZE
[NO. OF DAYS WITH]      [WEATHER - DAYS WITH]      9 = BLOWING SNOW
                                                   X = TORNADO
MAX 32 OR BELOW:   0    0.01 INCH OR MORE:   4
MAX 90 OR ABOVE:   0    0.10 INCH OR MORE:   3
MIN 32 OR BELOW:   0    0.50 INCH OR MORE:   1
MIN  0 OR BELOW:   0    1.00 INCH OR MORE:   1

[HDD (BASE 65) ]
TOTAL THIS MO.   133    CLEAR  (SCALE 0-3)   6
DPTR FM NORMAL    80    PTCLDY (SCALE 4-7)   6
TOTAL FM JUL 1   133    CLOUDY (SCALE 8-10)  9
DPTR FM NORMAL    68

[CDD (BASE 65) ]
TOTAL THIS MO.    42
DPTR FM NORMAL   -62    [PRESSURE DATA]
TOTAL FM JAN 1  4456    HIGHEST SLP M ON M
DPTR FM NORMAL   223    LOWEST  SLP M ON M

[REMARKS]
