000
CXUS55 KALY 250710
CF6POU
PRELIMINARY LOCAL CLIMATOLOGICAL DATA (WS FORM: F-6)

                                          STATION:   POUGHKEEPSIE NY
                                          MONTH:     MARCH
                                          YEAR:      2017
                                          LATITUDE:   41 37 N
                                          LONGITUDE:  73 53 W

  TEMPERATURE IN F:       :PCPN:    SNOW:  WIND      :SUNSHINE: SKY     :PK WND
================================================================================
1   2   3   4   5  6A  6B    7    8   9   10  11  12  13   14  15   16   17  18
                                     12Z  AVG MX 2MIN
DY MAX MIN AVG DEP HDD CDD  WTR  SNW DPTH SPD SPD DIR MIN PSBL S-S WX    SPD DR
================================================================================

 1  65  51  58  26   7   0 0.09    M    M  7.8 18 220   M    M   8 1      26 220
 2  59  29  44  12  21   0 0.00    M    M 17.2 32 250   M    M   3        48 260
 3  37  20  29  -3  36   0    T    M    M 11.2 25 320   M    M   4 1      40 330
 4  27  12  20 -13  45   0 0.00    M    M 11.6 26 320   M    M   3        36 280
 5  32   8  20 -13  45   0 0.00  0.0    0  6.3 18 350   M    M   0        24  30
 6  44  10  27  -6  38   0 0.00    M    M  3.2 10 150   M    M   3        13 150
 7  50  35  43   9  22   0 0.04    M    M  2.3  7 170   M    M  10 18      M  M
 8  58  40  49  15  16   0 0.02    M    M  9.1 28 260   M    M   5 1      37 240
 9  55  34  45  11  20   0 0.00    M    M 11.9 30 280   M    M   4        43 250
10  38  19  29  -5  36   0 0.27    M    M  8.1 24 290   M    M   8 128    38 290
11  23  11  17 -18  48   0 0.00    M    M 13.1 26 270   M    M   6        35 290
12  26   7  17 -18  48   0    T    M    M  8.0 21 280   M    M   1        28 330
13  33   6  20 -16  45   0    T    M    M  2.2 12 130   M    M   1        16 120
14  28  19  24 -12  41   0 0.63    M    M 12.0 28 360   M    M  10 128    38 350
15  25  15  20 -16  45   0    T    M    M 12.7 23 270   M    M   6 8      31 270
16  36  20  28  -9  37   0 0.00    M    M 12.0 25 250   M    M   3 8      32 270
17  44  18  31  -6  34   0 0.00    M    M  5.7 15 240   M    M   0        18 250
18  39  11  25 -12  40   0 0.01    M    M  4.4 16 140   M    M   6 18     22 150
19  43  24  34  -4  31   0    T    M    M  8.0 18  20   M    M   4        25  30
20  49  18  34  -4  31   0 0.00    M    M  3.3 17  20   M    M   1        22  20
21  56  30  43   5  22   0 0.00    M    M  2.1 16 260   M    M   4        21 270
22  39  18  29 -10  36   0 0.00    M    M 13.8 28 320   M    M   1        46 290
23  40   9  25 -14  40   0 0.00    M    M  1.8 13 300   M    M   0        17 260
24  46  24  35  -5  30   0    T    M    M  3.6 16 220   M    M   6        23 220
================================================================================
SM  992  488       814   0  1.06     0.0 191.4          M       97
================================================================================
AV 41.3 20.3                               8.0 FASTST   M    M   4    MAX(MPH)
                                 MISC ---->  # 32 250               # 48  260
================================================================================
NOTES:
# LAST OF SEVERAL OCCURRENCES

COLUMN 17 PEAK WIND IN M.P.H.

PRELIMINARY LOCAL CLIMATOLOGICAL DATA (WS FORM: F-6) , PAGE 2

                                          STATION:  POUGHKEEPSIE NY
                                          MONTH:    MARCH
                                          YEAR:     2017
                                          LATITUDE:   41 37 N
                                          LONGITUDE:  73 53 W

[TEMPERATURE DATA]      [PRECIPITATION DATA]       SYMBOLS USED IN COLUMN 16

AVERAGE MONTHLY: 30.8   TOTAL FOR MONTH:   1.06    1 = FOG OR MIST
DPTR FM NORMAL:  -4.7   DPTR FM NORMAL:   -1.68    2 = FOG REDUCING VISIBILITY
HIGHEST:    65 ON  1    GRTST 24HR  0.63 ON 14-14      TO 1/4 MILE OR LESS
LOWEST:      6 ON 13                               3 = THUNDER
                        SNOW, ICE PELLETS, HAIL    4 = ICE PELLETS
                        TOTAL MONTH:   0.0 INCH    5 = HAIL
                        GRTST 24HR     0.0         6 = FREEZING RAIN OR DRIZZLE
                        GRTST DEPTH:   0           7 = DUSTSTORM OR SANDSTORM:
                                                       VSBY 1/2 MILE OR LESS
                                                   8 = SMOKE OR HAZE
[NO. OF DAYS WITH]      [WEATHER - DAYS WITH]      9 = BLOWING SNOW
                                                   X = TORNADO
MAX 32 OR BELOW:   6    0.01 INCH OR MORE:   6
MAX 90 OR ABOVE:   0    0.10 INCH OR MORE:   2
MIN 32 OR BELOW:  20    0.50 INCH OR MORE:   1
MIN  0 OR BELOW:   0    1.00 INCH OR MORE:   0

[HDD (BASE 65) ]
TOTAL THIS MO.   814    CLEAR  (SCALE 0-3)  10
DPTR FM NORMAL   107    PTCLDY (SCALE 4-7)  11
TOTAL FM JUL 1  4856    CLOUDY (SCALE 8-10)  3
DPTR FM NORMAL  -422

[CDD (BASE 65) ]
TOTAL THIS MO.     0
DPTR FM NORMAL     0    [PRESSURE DATA]
TOTAL FM JAN 1     0    HIGHEST SLP M ON M
DPTR FM NORMAL     0    LOWEST  SLP 29.28 ON  1

[REMARKS]
