000
CXUS55 KALY 230800
CF6POU
PRELIMINARY LOCAL CLIMATOLOGICAL DATA (WS FORM: F-6)

                                          STATION:   POUGHKEEPSIE NY
                                          MONTH:     OCTOBER
                                          YEAR:      2014
                                          LATITUDE:   41 37 N
                                          LONGITUDE:  73 53 W

  TEMPERATURE IN F:       :PCPN:    SNOW:  WIND      :SUNSHINE: SKY     :PK WND
================================================================================
1   2   3   4   5  6A  6B    7    8   9   10  11  12  13   14  15   16   17  18
                                     12Z  AVG MX 2MIN
DY MAX MIN AVG DEP HDD CDD  WTR  SNW DPTH SPD SPD DIR MIN PSBL S-S WX    SPD DR
================================================================================

 1  65  58  62   5   3   0 0.14    M    M  3.7 12  20   M    M  10 1      14  20
 2  72  58  65   9   0   0    T    M    M  3.5 12  30   M    M   9        15  20
 3  73  49  61   5   4   0 0.00    M    M  4.6 13 140   M    M   3        18 130
 4  65  51  58   2   7   0 0.27    M    M  5.9 14 260   M    M   8 1      17 260
 5  62  40  51  -4  14   0 0.00    M    M  7.4 15 240   M    M   2        21 270
 6  70  38  54  -1  11   0 0.00    M    M  5.1 20 150   M    M   2        28 150
 7  76  52  64  10   1   0 0.03    M    M  7.3 17 230   M    M   6        23 170
 8  74  52  63   9   2   0 0.62    M    M  8.7 21 250   M    M   4 1      27 240
 9  70  44  57   4   8   0 0.00    M    M  8.0 23 260   M    M   2        32 240
10  63  37  50  -3  15   0 0.00    M    M  2.5  7 230   M    M   M         M  M
11  56  44  50  -3  15   0 0.15    M    M  1.8  6 330   M    M   8 1       M  M
12  63  35  49  -3  16   0 0.00    M    M  1.2 10 360   M    M   1 1      14 280
13  63  37  50  -2  15   0 0.00    M    M  1.5 10 180   M    M  10        15 160
14  78  59  69  17   0   4 0.00    M    M  6.6 15 130   M    M   8 1      23 140
15  79  69  74  23   0   9 0.67    M    M  6.4 17 140   M    M   9 1      25 190
16  72  53  63  12   2   0 0.49    M    M  4.9 21 150   M    M   6 1      28 140
17  73  52  63  13   2   0 0.00    M    M  4.5 15 250   M    M   3 1      20 230
18  68  50  59   9   6   0    T    M    M  4.8 16 280   M    M   8        22 280
19  56  33  45  -5  20   0 0.00    M    M  8.8 22 320   M    M   5        28 330
20  61  30  46  -4  19   0 0.00    M    M  3.1 12 220   M    M   1        18 150
21  57  48  53   4  12   0 0.21    M    M  2.7 10 350   M    M   9 1      14  10
22  53  50  52   3  13   0 0.57    M    M 11.6 20  10   M    M  10 18     29  10
================================================================================
SM 1469 1039       185  13  3.15    M    114.6          M      124
================================================================================
AV 66.8 47.2                               5.2 FASTST   M    M   6    MAX(MPH)
                                 MISC ---->  # 23 260               # 32  240
================================================================================
NOTES:
# LAST OF SEVERAL OCCURRENCES

COLUMN 17 PEAK WIND IN M.P.H.

PRELIMINARY LOCAL CLIMATOLOGICAL DATA (WS FORM: F-6) , PAGE 2

                                          STATION:  POUGHKEEPSIE NY
                                          MONTH:    OCTOBER
                                          YEAR:     2014
                                          LATITUDE:   41 37 N
                                          LONGITUDE:  73 53 W

[TEMPERATURE DATA]      [PRECIPITATION DATA]       SYMBOLS USED IN COLUMN 16

AVERAGE MONTHLY: 57.0   TOTAL FOR MONTH:   3.15    1 = FOG OR MIST
DPTR FM NORMAL:   4.4   DPTR FM NORMAL:   -0.11    2 = FOG REDUCING VISIBILITY
HIGHEST:    79 ON 15    GRTST 24HR  1.16 ON 15-16      TO 1/4 MILE OR LESS
LOWEST:     30 ON 20                               3 = THUNDER
                        SNOW, ICE PELLETS, HAIL    4 = ICE PELLETS
                        TOTAL MONTH:    M          5 = HAIL
                        GRTST 24HR    M  ON   M    6 = FREEZING RAIN OR DRIZZLE
                        GRTST DEPTH:  M  ON   M    7 = DUSTSTORM OR SANDSTORM:
                                                       VSBY 1/2 MILE OR LESS
                                                   8 = SMOKE OR HAZE
[NO. OF DAYS WITH]      [WEATHER - DAYS WITH]      9 = BLOWING SNOW
                                                   X = TORNADO
MAX 32 OR BELOW:   0    0.01 INCH OR MORE:   9
MAX 90 OR ABOVE:   0    0.10 INCH OR MORE:   8
MIN 32 OR BELOW:   1    0.50 INCH OR MORE:   3
MIN  0 OR BELOW:   0    1.00 INCH OR MORE:   0

[HDD (BASE 65) ]
TOTAL THIS MO.   185    CLEAR  (SCALE 0-3)   5
DPTR FM NORMAL   -94    PTCLDY (SCALE 4-7)   8
TOTAL FM JUL 1   279    CLOUDY (SCALE 8-10)  8
DPTR FM NORMAL  -140

[CDD (BASE 65) ]
TOTAL THIS MO.    13
DPTR FM NORMAL    13    [PRESSURE DATA]
TOTAL FM JAN 1   696    HIGHEST SLP M ON M
DPTR FM NORMAL    28    LOWEST  SLP 29.53 ON  4

[REMARKS]
