000
CXAK56 PAFC 241328
CF6SNP

PRELIMINARY LOCAL CLIMATOLOGICAL DATA (WS FORM: F-6)

                                          STATION:   SAINT PAUL ISLAND
                                          MONTH:     SEPTEMBER
                                          YEAR:      2017
                                          LATITUDE:   57  9 N
                                          LONGITUDE: 170 13 W

  TEMPERATURE IN F:       :PCPN:    SNOW:  WIND      :SUNSHINE: SKY     :PK WND
================================================================================
1   2   3   4   5  6A  6B    7    8   9   10  11  12  13   14  15   16   17  18
                                     12Z  AVG MX 2MIN
DY MAX MIN AVG DEP HDD CDD  WTR  SNW DPTH SPD SPD DIR MIN PSBL S-S WX    SPD DR
================================================================================

 1  49  40  45  -3  20   0 0.12  0.0    0  4.7 10 110   M    M   8 1       M  M
 2  53  43  48   0  17   0 0.01  0.0    0 11.9 22  10   M    M   9 1      28  30
 3  51  44  48   0  17   0    T  0.0    0 21.9 28 360   M    M   8 1      37 360
 4  51  44  48   0  17   0    T  0.0    0 17.6 23 360   M    M  10 1      33 360
 5  49  44  47  -1  18   0 0.00  0.0    0  7.0 10 110   M    M  10 12      M  M
 6  51  46  49   2  16   0 0.00  0.0    0 11.0 14  40   M    M  10 1       M  M
 7  55  47  51   4  14   0    T  0.0    0 15.4 24 340   M    M   9 1      31 320
 8  53  44  49   2  16   0 0.09  0.0    0 12.2 16  10   M    M  10 1      22  20
 9  54  46  50   3  15   0    T  0.0    0 14.8 28 270   M    M  10 1      34 270
10  53  47  50   3  15   0 0.01  0.0    0  9.4 15 230   M    M  10 1      18 270
11  50  48  49   3  16   0 0.07  0.0    0 18.0 28 170   M    M  10 1      36 180
12  52  49  51   5  14   0 0.43  0.0    0 14.6 18 220   M    M  10 1      30 210
13  52  32  42  -4  23   0 0.02  0.0    0 11.3 18 360   M    M   7 1      23 360
14  51  29  40  -6  25   0 0.10  0.0    0 11.2 29 120   M    M   4 1      43 120
15  50  46  48   2  17   0 0.45  0.0    0 27.8 35 180   M    M  10 1      51 210
16  49  45  47   2  18   0 0.15  0.0    0 28.5 41 300   M    M  10 1      55 300
17  50  40  45   0  20   0    T  0.0    0 16.8 24 290   M    M   2        33 310
18  51  35  43  -2  22   0    T  0.0    0  9.8 15 260   M    M   3        22 240
19  51  37  44  -1  21   0 0.00  0.0    0 10.7 16 230   M    M   1         M  M
20  47  37  42  -2  23   0 0.03  0.0    0 19.1 27  60   M    M   5        38  60
21  50  42  46   2  19   0    T  0.0    M 25.2 29  30   M    M  10        40  40
22  48  39  44   0  21   0 0.04  0.0    0 18.3 25  10   M    M   7 1      31  10
23  48  38  43  -1  22   0 0.04  0.0    0 13.2 21 330   M    M   8        31 310
================================================================================
SM 1168  962       426   0  1.56     0.0 350.4          M      181
================================================================================
AV 50.8 41.8                              15.2 FASTST   M    M   8    MAX(MPH)
                                 MISC ---->  # 41 300               # 55  300
================================================================================
NOTES:
# LAST OF SEVERAL OCCURRENCES

COLUMN 17 PEAK WIND IN M.P.H.

PRELIMINARY LOCAL CLIMATOLOGICAL DATA (WS FORM: F-6) , PAGE 2

                                          STATION:  SAINT PAUL ISLAND
                                          MONTH:    SEPTEMBER
                                          YEAR:     2017
                                          LATITUDE:   57  9 N
                                          LONGITUDE: 170 13 W

[TEMPERATURE DATA]      [PRECIPITATION DATA]       SYMBOLS USED IN COLUMN 16

AVERAGE MONTHLY: 46.3   TOTAL FOR MONTH:   1.56    1 = FOG OR MIST
DPTR FM NORMAL:   0.2   DPTR FM NORMAL:   -0.75    2 = FOG REDUCING VISIBILITY
HIGHEST:    55 ON  7    GRTST 24HR  0.45 ON 15-15      TO 1/4 MILE OR LESS
LOWEST:     29 ON 14                               3 = THUNDER
                        SNOW, ICE PELLETS, HAIL    4 = ICE PELLETS
                        TOTAL MONTH:   0.0 INCH    5 = HAIL
                        GRTST 24HR     0.0         6 = FREEZING RAIN OR DRIZZLE
                        GRTST DEPTH:   0           7 = DUSTSTORM OR SANDSTORM:
                                                       VSBY 1/2 MILE OR LESS
                                                   8 = SMOKE OR HAZE
[NO. OF DAYS WITH]      [WEATHER - DAYS WITH]      9 = BLOWING SNOW
                                                   X = TORNADO
MAX 32 OR BELOW:   0    0.01 INCH OR MORE:  13
MAX 90 OR ABOVE:   0    0.10 INCH OR MORE:   5
MIN 32 OR BELOW:   2    0.50 INCH OR MORE:   0
MIN  0 OR BELOW:   0    1.00 INCH OR MORE:   0

[HDD (BASE 65) ]
TOTAL THIS MO.   426    CLEAR  (SCALE 0-3)   3
DPTR FM NORMAL    -8    PTCLDY (SCALE 4-7)   6
TOTAL FM JUL 1  1417    CLOUDY (SCALE 8-10) 14
DPTR FM NORMAL   -70

[CDD (BASE 65) ]
TOTAL THIS MO.     0
DPTR FM NORMAL     0    [PRESSURE DATA]
TOTAL FM JAN 1     0    HIGHEST SLP M ON M
DPTR FM NORMAL     0    LOWEST  SLP 29.01 ON 16

[REMARKS]
