000
CXUS54 KHGX 011410
CF611R
PRELIMINARY LOCAL CLIMATOLOGICAL DATA (WS FORM: F-6)
STATION: BRENHAM
MONTH: SEPTEMBER
YEAR: 2021
LATITUDE: 30 13 N
LONGITUDE: 96 22 W
TEMPERATURE IN F: :PCPN: SNOW: WIND :SUNSHINE: SKY :PK WND
================================================================================
1 2 3 4 5 6A 6B 7 8 9 10 11 12 13 14 15 16 17 18
12Z AVG MX 2MIN
DY MAX MIN AVG DEP HDD CDD WTR SNW DPTH SPD SPD DIR MIN PSBL S-S WX SPD DR
================================================================================
1 98 76 87 M 0 22 0.00 0.0 0 3.4 10 120 M M 4 1 21 120
2 98 77 88 M 0 23 0.00 0.0 0 3.9 12 170 M M 4 12 18 160
3 94 75 85 M 0 20 0.04 0.0 0 3.3 10 190 M M 1 1 18 190
4 96 73 85 M 0 20 0.00 0.0 0 4.4 10 200 M M 3 1 M M
5 98 76 87 M 0 22 0.00 0.0 0 3.9 10 240 M M 1 1 20 240
6 98 79 89 M 0 24 0.00 0.0 0 3.9 8 120 M M 4 20 50
7 95 70 83 M 0 18 0.00 0.0 0 2.2 7 60 M M 1 12 M M
8 97 66 82 M 0 17 0.00 0.0 0 2.6 9 20 M M 0 20 40
9 96 68 82 M 0 17 0.00 0.0 0 3.4 9 20 M M 0 16 30
10 92 66 79 M 0 14 0.00 0.0 0 2.4 9 120 M M 1 M M
11 92 59 76 M 0 11 0.00 0.0 0 2.4 7 120 M M 1 M M
12 93 66 80 M 0 15 0.00 0.0 0 3.1 9 140 M M 0 M M
13 87 73 80 M 0 15 0.01 0.0 0 6.8 16 110 M M 6 29 110
14 81 70 76 M 0 11 0.01 0.0 0 9.4 17 10 M M 10 1 28 110
15 85 72 79 M 0 14 0.00 0.0 0 5.1 9 360 M M 9 1 18 10
16 88 70 79 M 0 14 0.00 0.0 0 3.9 8 100 M M 3 M M
17 93 67 80 M 0 15 0.00 0.0 0 1.0 6 350 M M 4 1 M M
18 92 70 81 M 0 16 0.04 0.0 0 2.2 10 340 M M 2 21 20
19 95 70 83 M 0 18 0.00 0.0 0 2.0 7 90 M M 2 1 M M
20 98 75 87 M 0 22 0.00 0.0 0 5.7 9 180 M M 3 1 M M
21 96 78 87 M 0 22 0.00 0.0 0 6.4 15 10 M M 4 1 25 350
22 86 59 73 M 0 8 0.00 0.0 0 8.1 16 10 M M 0 23 360
23 86 52 69 M 0 4 0.00 0.0 0 1.2 6 110 M M 0 M M
24 85 55 70 M 0 5 0.00 0.0 0 2.3 9 140 M M 0 M M
25 88 57 73 M 0 8 0.00 0.0 0 1.8 8 90 M M 0 M M
26 89 58 74 M 0 9 0.00 0.0 0 2.3 9 120 M M 0 M M
27 90 64 77 M 0 12 M 0.0 M 1.4 6 240 M M 2 M M
28 91 69 80 M 0 15 1.48 0.0 0 5.7 18 120 M M 6 1 27 120
29 86 68 77 M 0 12 0.78 0.0 M 3.3 8 190 M M 2 3 M M
30 91 71 81 M 0 16 0.01 0.0 0 3.3 14 160 M M 6 12 23 160
================================================================================
SM 2754 2049 0 459 2.37 0.0 110.8 M 79
================================================================================
AV 91.8 68.3 3.7 FASTST M M 3 MAX(MPH)
MISC ----> 18 120 29 110
================================================================================
NOTES:
# LAST OF SEVERAL OCCURRENCES
COLUMN 17 PEAK WIND IN M.P.H.
PRELIMINARY LOCAL CLIMATOLOGICAL DATA (WS FORM: F-6) , PAGE 2
STATION: BRENHAM
MONTH: SEPTEMBER
YEAR: 2021
LATITUDE: 30 13 N
LONGITUDE: 96 22 W
[TEMPERATURE DATA] [PRECIPITATION DATA] SYMBOLS USED IN COLUMN 16
AVERAGE MONTHLY: 80.1 TOTAL FOR MONTH: 2.37 1 = FOG OR MIST
DPTR FM NORMAL: 27.7 DPTR FM NORMAL: -1.38 2 = FOG REDUCING VISIBILITY
HIGHEST: 98 ON 20, 6 GRTST 24HR 1.48 ON 28-28 TO 1/4 MILE OR LESS
LOWEST: 52 ON 23 3 = THUNDER
SNOW, ICE PELLETS, HAIL 4 = ICE PELLETS
TOTAL MONTH: 0.0 INCH 5 = HAIL
GRTST 24HR 0.0 6 = FREEZING RAIN OR DRIZZLE
GRTST DEPTH: 0 7 = DUSTSTORM OR SANDSTORM:
VSBY 1/2 MILE OR LESS
8 = SMOKE OR HAZE
[NO. OF DAYS WITH] [WEATHER - DAYS WITH] 9 = BLOWING SNOW
X = TORNADO
MAX 32 OR BELOW: 0 0.01 INCH OR MORE: 7
MAX 90 OR ABOVE: 20 0.10 INCH OR MORE: 2
MIN 32 OR BELOW: 0 0.50 INCH OR MORE: 2
MIN 0 OR BELOW: 0 1.00 INCH OR MORE: 1
[HDD (BASE 65) ]
TOTAL THIS MO. 0 CLEAR (SCALE 0-3) 18
DPTR FM NORMAL M PTCLDY (SCALE 4-7) 10
TOTAL FM JUL 1 0 CLOUDY (SCALE 8-10) 2
DPTR FM NORMAL M
[CDD (BASE 65) ]
TOTAL THIS MO. 459
DPTR FM NORMAL M [PRESSURE DATA]
TOTAL FM JAN 1 2786 HIGHEST SLP M ON M
DPTR FM NORMAL M LOWEST SLP M ON M
[REMARKS]
#FINAL-09-21#