000
CXUS51 KRLX 281149
CF6EKN
PRELIMINARY LOCAL CLIMATOLOGICAL DATA (WS FORM: F-6)
STATION: ELKINS WV
MONTH: APRIL
YEAR: 2024
LATITUDE: 38 52 N
LONGITUDE: 79 51 W
TEMPERATURE IN F: :PCPN: SNOW: WIND :SUNSHINE: SKY :PK WND
================================================================================
1 2 3 4 5 6A 6B 7 8 9 10 11 12 13 14 15 16 17 18
12Z AVG MX 2MIN
DY MAX MIN AVG DEP HDD CDD WTR SNW DPTH SPD SPD DIR MIN PSBL S-S WX SPD DR
================================================================================
1 69 50 60 14 5 0 0.09 0.0 0 5.0 18 260 M M 8 123 27 240
2 73 56 65 18 0 0 0.55 0.0 0 6.0 26 240 M M 7 13 54 230
3 61 35 48 1 17 0 2.40 0.0 0 4.9 18 320 M M 8 123 30 280
4 41 33 37 -10 28 0 0.20 T 0 8.3 18 250 M M 10 1 30 240
5 40 33 37 -11 28 0 0.11 0.2 0 10.2 21 300 M M 10 1 34 300
6 45 34 40 -8 25 0 T T 0 6.4 20 290 M M 10 27 300
7 60 27 44 -4 21 0 0.00 0.0 0 1.4 9 10 M M 1 12 14 300
8 73 38 56 7 9 0 0.01 0.0 0 4.8 15 220 M M 7 23 150
9 70 47 59 10 6 0 T 0.0 0 4.1 15 240 M M 8 12 21 230
10 69 54 62 12 3 0 T 0.0 0 3.6 13 150 M M 8 19 140
11 72 55 64 14 1 0 0.28 0.0 0 10.9 25 160 M M 8 1 41 170
12 56 44 50 0 15 0 0.93 0.0 0 15.0 30 250 M M 10 1 46 250
13 59 39 49 -2 16 0 T 0.0 0 14.7 28 280 M M 5 45 280
14 79 32 56 5 9 0 0.00 0.0 0 8.9 24 280 M M 1 38 290
15 78 51 65 14 0 0 0.10 0.0 0 8.9 22 300 M M 6 3 32 300
16 83 42 63 11 2 0 0.04 0.0 0 3.3 22 190 M M 2 1 32 220
17 82 55 69 17 0 4 0.26 0.0 0 8.4 26 330 M M 4 13 40 230
18 73 46 60 8 5 0 0.05 0.0 0 5.0 17 280 M M 4 1 24 290
19 71 42 57 4 8 0 0.01 0.0 0 4.1 15 290 M M 7 1 21 280
20 62 42 52 -1 13 0 T 0.0 0 8.5 23 300 M M 3 37 310
21 49 34 42 -11 23 0 0.00 0.0 0 4.4 14 300 M M 5 21 350
22 58 26 42 -12 23 0 0.00 0.0 0 2.5 14 310 M M 0 20 310
23 72 30 51 -3 14 0 0.00 0.0 0 5.4 17 300 M M 2 27 270
24 65 46 56 2 9 0 0.16 0.0 0 9.6 23 230 M M 8 1 35 240
25 63 39 51 -4 14 0 0.00 0.0 0 4.6 14 320 M M 4 19 330
26 69 35 52 -3 13 0 0.00 0.0 0 7.5 18 180 M M 0 28 190
27 79 54 67 12 0 2 0.11 0.0 0 6.8 18 210 M M 8 1 25 220
================================================================================
SM 1771 1119 307 6 5.30 0.2 183.2 M 154
================================================================================
AV 65.6 41.4 6.8 FASTST M M 6 MAX(MPH)
MISC ----> 30 250 54 230
================================================================================
NOTES:
# LAST OF SEVERAL OCCURRENCES
COLUMN 17 PEAK WIND IN M.P.H.
PRELIMINARY LOCAL CLIMATOLOGICAL DATA (WS FORM: F-6) , PAGE 2
STATION: ELKINS WV
MONTH: APRIL
YEAR: 2024
LATITUDE: 38 52 N
LONGITUDE: 79 51 W
[TEMPERATURE DATA] [PRECIPITATION DATA] SYMBOLS USED IN COLUMN 16
AVERAGE MONTHLY: 53.5 TOTAL FOR MONTH: 5.30 1 = FOG OR MIST
DPTR FM NORMAL: 2.6 DPTR FM NORMAL: 1.64 2 = FOG REDUCING VISIBILITY
HIGHEST: 83 ON 16 GRTST 24HR 2.75 ON 2- 3 TO 1/4 MILE OR LESS
LOWEST: 26 ON 22 3 = THUNDER
SNOW, ICE PELLETS, HAIL 4 = ICE PELLETS
TOTAL MONTH: 0.2 INCH 5 = HAIL
GRTST 24HR 0.2 ON 5- 5 6 = FREEZING RAIN OR DRIZZLE
GRTST DEPTH: 0 7 = DUSTSTORM OR SANDSTORM:
VSBY 1/2 MILE OR LESS
8 = SMOKE OR HAZE
[NO. OF DAYS WITH] [WEATHER - DAYS WITH] 9 = BLOWING SNOW
X = TORNADO
MAX 32 OR BELOW: 0 0.01 INCH OR MORE: 15
MAX 90 OR ABOVE: 0 0.10 INCH OR MORE: 10
MIN 32 OR BELOW: 4 0.50 INCH OR MORE: 3
MIN 0 OR BELOW: 0 1.00 INCH OR MORE: 1
[HDD (BASE 65) ]
TOTAL THIS MO. 307 CLEAR (SCALE 0-3) 7
DPTR FM NORMAL -77 PTCLDY (SCALE 4-7) 11
TOTAL FM JUL 1 4526 CLOUDY (SCALE 8-10) 9
DPTR FM NORMAL -666
[CDD (BASE 65) ]
TOTAL THIS MO. 6
DPTR FM NORMAL 6 [PRESSURE DATA]
TOTAL FM JAN 1 6 HIGHEST SLP M ON M
DPTR FM NORMAL 6 LOWEST SLP 29.30 ON 11
[REMARKS]