000
CXUS53 KGID 020104
CF6LXN
PRELIMINARY LOCAL CLIMATOLOGICAL DATA (WS FORM: F-6)
STATION: LEXINGTON NE
MONTH: OCTOBER
YEAR: 2022
LATITUDE: 40 47 N
LONGITUDE: 99 46 W
TEMPERATURE IN F: :PCPN: SNOW: WIND :SUNSHINE: SKY :PK WND
================================================================================
1 2 3 4 5 6A 6B 7 8 9 10 11 12 13 14 15 16 17 18
12Z AVG MX 2MIN
DY MAX MIN AVG DEP HDD CDD WTR SNW DPTH SPD SPD DIR MIN PSBL S-S WX SPD DR
================================================================================
1 85 55 70 M 0 5 0.00 M M 13.2 21 140 M M 0 27 150
2 85 52 69 M 0 4 0.00 M M 13.5 23 170 M M 1 30 160
3 83 51 67 M 0 2 0.00 M M 11.6 21 170 M M 4 25 160
4 74 49 62 M 3 0 0.17 M M 3.4 13 90 M M 5 M M
5 76 44 60 M 5 0 0.00 M M 7.5 15 340 M M 1 21 340
6 66 42 54 M 11 0 0.00 M M 10.0 17 30 M M 0 22 30
7 46 38 42 M 23 0 0.26 M M 5.6 13 10 M M 10 17 20
8 68 32 50 M 15 0 0.00 M M 4.0 10 270 M M 1 18 270
9 76 36 56 M 9 0 0.00 M M 4.9 9 280 M M 0 17 330
10 80 36 58 M 7 0 0.00 M M 7.6 16 170 M M 0 24 180
11 88 48 68 M 0 3 T M M 10.5 21 260 M M 1 27 260
12 61 34 48 M 17 0 0.00 M M 11.0 24 320 M M 2 35 320
13 65 31 48 M 17 0 0.00 M M 14.6 32 310 M M 0 45 320
14 77 30 54 M 11 0 0.00 M M 8.6 31 320 M M 2 41 320
15 74 38 56 M 9 0 0.00 M M 8.3 21 340 M M 0 28 300
16 60 29 45 M 20 0 0.00 M M 11.3 21 340 M M 2 31 340
17 56 25 41 M 24 0 0.00 M M 7.2 10 340 M M 3 16 60
18 53 23 38 M 27 0 0.00 M M 3.4 13 60 M M 1 8 M M
19 71 24 48 M 17 0 0.00 M M 1.9 7 300 M M 0 8 M M
20 81 38 60 M 5 0 0.00 M M 8.4 14 270 M M 0 8 18 270
21 78 36 57 M 8 0 0.00 M M 5.8 12 300 M M 0 8 M M
22 88 34 61 M 4 0 0.00 M M 6.8 16 160 M M 0 22 160
23 87 44 66 M 0 1 0.00 M M 14.5 33 220 M M 1 8 43 220
24 57 31 44 M 21 0 0.00 M M 17.0 31 310 M M 0 39 310
25 65 22 44 M 21 0 0.00 M M 5.4 9 280 M M 1 18 280
26 58 27 43 M 22 0 0.00 M M 9.4 20 140 M M 4 24 160
27 54 43 49 M 16 0 0.02 M M 11.5 25 150 M M 7 33 150
28 64 38 51 M 14 0 0.00 M M 5.3 13 200 M M 3 1 M M
29 70 31 51 M 14 0 0.00 M M 5.4 15 200 M M 0 22 190
30 64 30 47 M 18 0 0.00 M M 5.5 12 360 M M 0 M M
31 73 25 49 M 16 0 0.00 M M 5.0 14 210 M M 0 1 20 230
================================================================================
SM 2183 1116 374 15 0.45 M 258.1 M 49
================================================================================
AV 70.4 36.0 8.3 FASTST M M 2 MAX(MPH)
MISC ----> 33 220 M M
================================================================================
NOTES:
# LAST OF SEVERAL OCCURRENCES
COLUMN 17 PEAK WIND IN M.P.H.
PRELIMINARY LOCAL CLIMATOLOGICAL DATA (WS FORM: F-6) , PAGE 2
STATION: LEXINGTON NE
MONTH: OCTOBER
YEAR: 2022
LATITUDE: 40 47 N
LONGITUDE: 99 46 W
[TEMPERATURE DATA] [PRECIPITATION DATA] SYMBOLS USED IN COLUMN 16
AVERAGE MONTHLY: 53.2 TOTAL FOR MONTH: 0.45 1 = FOG OR MIST
DPTR FM NORMAL: M DPTR FM NORMAL: M 2 = FOG REDUCING VISIBILITY
HIGHEST: 88 ON 22,11 GRTST 24HR 0.26 ON 7- 7 TO 1/4 MILE OR LESS
LOWEST: 22 ON 25 3 = THUNDER
SNOW, ICE PELLETS, HAIL 4 = ICE PELLETS
TOTAL MONTH: M 5 = HAIL
GRTST 24HR M ON M 6 = FREEZING RAIN OR DRIZZLE
GRTST DEPTH: M ON M 7 = DUSTSTORM OR SANDSTORM:
VSBY 1/2 MILE OR LESS
8 = SMOKE OR HAZE
[NO. OF DAYS WITH] [WEATHER - DAYS WITH] 9 = BLOWING SNOW
X = TORNADO
MAX 32 OR BELOW: 0 0.01 INCH OR MORE: 3
MAX 90 OR ABOVE: 0 0.10 INCH OR MORE: 2
MIN 32 OR BELOW: 13 0.50 INCH OR MORE: 0
MIN 0 OR BELOW: 0 1.00 INCH OR MORE: 0
[HDD (BASE 65) ]
TOTAL THIS MO. 374 CLEAR (SCALE 0-3) 24
DPTR FM NORMAL M PTCLDY (SCALE 4-7) 6
TOTAL FM JUL 1 421 CLOUDY (SCALE 8-10) 1
DPTR FM NORMAL M
[CDD (BASE 65) ]
TOTAL THIS MO. 15
DPTR FM NORMAL M [PRESSURE DATA]
TOTAL FM JAN 1 1224 HIGHEST SLP M ON M
DPTR FM NORMAL M LOWEST SLP M ON M
[REMARKS]
#FINAL-10-22#