000
CXUS53 KEAX 010736
CF6MKC
PRELIMINARY LOCAL CLIMATOLOGICAL DATA (WS FORM: F-6)
STATION: DOWNTOWN KANSAS CITY MO
MONTH: MARCH
YEAR: 2022
LATITUDE: 39 7 N
LONGITUDE: 94 36 W
TEMPERATURE IN F: :PCPN: SNOW: WIND :SUNSHINE: SKY :PK WND
================================================================================
1 2 3 4 5 6A 6B 7 8 9 10 11 12 13 14 15 16 17 18
12Z AVG MX 2MIN
DY MAX MIN AVG DEP HDD CDD WTR SNW DPTH SPD SPD DIR MIN PSBL S-S WX SPD DR
================================================================================
1 76 33 55 14 10 0 0.00 M M 3.5 13 260 M M 0 20 240
2 85 37 61 20 4 0 0.00 M M 4.6 22 240 M M 0 33 250
3 59 39 49 7 16 0 0.00 M M 11.4 17 80 M M 0 8 28 70
4 76 35 56 14 9 0 0.00 M M 11.5 22 180 M M 0 32 200
5 75 36 56 14 9 0 T M M 16.3 30 200 M M 5 3 44 280
6 44 28 36 -7 29 0 0.45 M M 9.2 24 340 M M 4 16 32 350
7 32 24 28 -15 37 0 T M M 8.4 20 330 M M 6 1 28 340
8 43 19 31 -12 34 0 0.00 M M 3.5 10 200 M M 2 18 15 220
9 43 29 36 -8 29 0 T M M 9.3 17 20 M M 2 24 10
10 31 21 26 -18 39 0 0.01 M M 10.1 17 30 M M 10 1 25 30
11 33 16 25 -20 40 0 0.00 M M 10.0 22 320 M M 2 32 300
12 38 9 24 -21 41 0 0.00 M M 7.9 18 210 M M 1 28 210
13 66 37 52 7 13 0 0.00 M M 12.9 23 190 M M 0 31 220
14 62 45 54 8 11 0 0.00 M M 8.5 20 200 M M 5 8 28 200
15 65 37 51 5 14 0 0.00 M M 2.2 14 310 M M 2 19 320
16 75 37 56 10 9 0 0.00 M M 7.3 22 210 M M 0 31 200
17 77 48 63 16 2 0 0.16 M M 8.4 29 10 M M 2 38 39 10
18 48 39 44 -3 21 0 0.18 M M 13.8 23 330 M M 10 1 34 330
19 63 32 48 0 17 0 0.00 M M 4.4 13 310 M M 0 8 19 310
20 77 45 61 13 4 0 0.00 M M 11.7 24 180 M M 0 33 180
21 67 50 59 11 6 0 0.85 M M 8.8 18 190 M M 6 1 26 80
22 62 40 51 2 14 0 0.28 M M 9.3 25 340 M M 10 1 34 340
23 41 36 39 -10 26 0 0.45 M M 11.4 21 320 M M 10 1 32 310
24 42 35 39 -10 26 0 T M M 7.9 14 310 M M 10 20 320
25 57 31 44 -6 21 0 0.00 M M 9.7 23 280 M M 1 35 290
26 55 31 43 -7 22 0 0.00 M M 6.9 18 320 M M 0 25 330
27 50 34 42 -8 23 0 0.00 M M 7.2 14 50 M M 2 19 50
28 57 35 46 -5 19 0 0.00 M M 11.4 20 90 M M 1 28 90
29 74 46 60 9 5 0 1.10 M M 12.4 22 260 M M 4 13 32 270
30 57 33 45 -6 20 0 0.06 M M 14.3 24 330 M M 9 13 33 310
31 39 29 34 -18 31 0 T M M 9.5 18 290 M M 7 1 31 310
================================================================================
SM 1769 1046 601 0 3.54 M 283.7 M 111
================================================================================
AV 57.1 33.7 9.2 FASTST M M 4 MAX(MPH)
MISC ----> 30 200 44 280
================================================================================
NOTES:
# LAST OF SEVERAL OCCURRENCES
COLUMN 17 PEAK WIND IN M.P.H.
PRELIMINARY LOCAL CLIMATOLOGICAL DATA (WS FORM: F-6) , PAGE 2
STATION: DOWNTOWN KANSAS CITY MO
MONTH: MARCH
YEAR: 2022
LATITUDE: 39 7 N
LONGITUDE: 94 36 W
[TEMPERATURE DATA] [PRECIPITATION DATA] SYMBOLS USED IN COLUMN 16
AVERAGE MONTHLY: 45.4 TOTAL FOR MONTH: 3.54 1 = FOG OR MIST
DPTR FM NORMAL: -1.0 DPTR FM NORMAL: 1.46 2 = FOG REDUCING VISIBILITY
HIGHEST: 85 ON 2 GRTST 24HR 1.16 ON 29-30 TO 1/4 MILE OR LESS
LOWEST: 9 ON 12 3 = THUNDER
SNOW, ICE PELLETS, HAIL 4 = ICE PELLETS
TOTAL MONTH: M 5 = HAIL
GRTST 24HR M ON M 6 = FREEZING RAIN OR DRIZZLE
GRTST DEPTH: M ON M 7 = DUSTSTORM OR SANDSTORM:
VSBY 1/2 MILE OR LESS
8 = SMOKE OR HAZE
[NO. OF DAYS WITH] [WEATHER - DAYS WITH] 9 = BLOWING SNOW
X = TORNADO
MAX 32 OR BELOW: 2 0.01 INCH OR MORE: 9
MAX 90 OR ABOVE: 0 0.10 INCH OR MORE: 7
MIN 32 OR BELOW: 11 0.50 INCH OR MORE: 2
MIN 0 OR BELOW: 0 1.00 INCH OR MORE: 1
[HDD (BASE 65) ]
TOTAL THIS MO. 601 CLEAR (SCALE 0-3) 18
DPTR FM NORMAL 18 PTCLDY (SCALE 4-7) 7
TOTAL FM JUL 1 3906 CLOUDY (SCALE 8-10) 6
DPTR FM NORMAL -342
[CDD (BASE 65) ]
TOTAL THIS MO. 0
DPTR FM NORMAL -6 [PRESSURE DATA]
TOTAL FM JAN 1 0 HIGHEST SLP M ON M
DPTR FM NORMAL -6 LOWEST SLP 29.32 ON 30
[REMARKS]
#FINAL-03-22#