000
CXUS56 KLOX 011155
CF6SBA
PRELIMINARY LOCAL CLIMATOLOGICAL DATA (WS FORM: F-6)
STATION: SANTA BARBARA AIRPORT CA
MONTH: APRIL
YEAR: 2021
LATITUDE: 34 25 N
LONGITUDE: 119 50 W
TEMPERATURE IN F: :PCPN: SNOW: WIND :SUNSHINE: SKY :PK WND
================================================================================
1 2 3 4 5 6A 6B 7 8 9 10 11 12 13 14 15 16 17 18
12Z AVG MX 2MIN
DY MAX MIN AVG DEP HDD CDD WTR SNW DPTH SPD SPD DIR MIN PSBL S-S WX SPD DR
================================================================================
1 83 45 64 8 1 0 0.00 M M 5.5 18 260 M M 0 23 250
2 64 46 55 -1 10 0 0.00 M M 5.4 14 120 M M 2 18 19 110
3 67 48 58 2 7 0 0.00 M M 5.3 10 250 M M 4 18 M M
4 69 43 56 0 9 0 0.00 M M 4.5 10 50 M M 0 13 250
5 71 46 59 3 6 0 0.00 M M 6.2 15 20 M M 0 20 20
6 65 48 57 0 8 0 0.00 M M 6.4 21 20 M M 0 25 20
7 75 46 61 4 4 0 0.00 M M 5.3 17 350 M M 0 25 350
8 82 49 66 9 0 1 0.00 M M 10.1 24 350 M M 0 34 340
9 71 48 60 3 5 0 0.00 M M 7.3 15 350 M M 0 M M
10 78 50 64 7 1 0 0.00 M M 6.5 14 360 M M 0 8 M M
11 68 47 58 1 7 0 0.00 M M 4.6 10 150 M M 0 18 M M
12 63 47 55 -2 10 0 0.00 M M 5.9 14 260 M M 5 18 18 260
13 64 47 56 -1 9 0 0.00 M M 7.0 16 270 M M 7 18 21 270
14 62 39 51 -6 14 0 0.00 M M 7.1 21 270 M M 1 8 26 260
15 63 41 52 -5 13 0 0.00 M M 4.0 12 250 M M 0 8 16 260
16 67 43 55 -3 10 0 0.00 M M 5.5 13 90 M M 0 15 80
17 69 45 57 -1 8 0 0.00 M M 3.9 12 240 M M 0 14 160
18 79 46 63 5 2 0 0.00 M M 5.0 13 360 M M 0 15 240
19 70 48 59 1 6 0 0.00 M M 6.1 15 140 M M 0 18 18 130
20 62 46 54 -4 11 0 0.00 M M 5.8 16 130 M M 1 18 19 130
21 66 48 57 -1 8 0 0.00 M M 5.7 13 260 M M 4 16 250
22 63 48 56 -2 9 0 0.00 M M 6.9 13 240 M M 4 M M
23 65 45 55 -3 10 0 0.00 M M 4.3 12 280 M M 5 16 250
24 65 46 56 -2 9 0 0.00 M M 5.2 17 260 M M 1 21 250
25 63 44 54 -4 11 0 0.01 M M 7.2 17 260 M M 4 23 260
26 65 45 55 -4 10 0 0.00 M M 9.8 25 260 M M 2 33 250
27 74 41 58 -1 7 0 0.00 M M 7.4 24 260 M M 1 32 260
28 83 55 69 10 0 4 0.00 M M 7.6 24 250 M M 0 31 260
29 78 49 64 5 1 0 0.00 M M 4.7 15 250 M M 0 1 18 250
30 78 52 65 6 0 0 0.00 M M 4.5 9 160 M M 0 18 12 240
================================================================================
SM 2092 1391 206 5 0.01 M 180.6 M 41
================================================================================
AV 69.7 46.4 6.0 FASTST M M 1 MAX(MPH)
MISC ----> 25 260 34 340
================================================================================
NOTES:
# LAST OF SEVERAL OCCURRENCES
COLUMN 17 PEAK WIND IN M.P.H.
PRELIMINARY LOCAL CLIMATOLOGICAL DATA (WS FORM: F-6) , PAGE 2
STATION: SANTA BARBARA AIRPORT CA
MONTH: APRIL
YEAR: 2021
LATITUDE: 34 25 N
LONGITUDE: 119 50 W
[TEMPERATURE DATA] [PRECIPITATION DATA] SYMBOLS USED IN COLUMN 16
AVERAGE MONTHLY: 58.0 TOTAL FOR MONTH: 0.01 1 = FOG OR MIST
DPTR FM NORMAL: 0.5 DPTR FM NORMAL: -0.99 2 = FOG REDUCING VISIBILITY
HIGHEST: 83 ON 28, 1 GRTST 24HR 0.01 ON 25-25 TO 1/4 MILE OR LESS
LOWEST: 39 ON 14 3 = THUNDER
SNOW, ICE PELLETS, HAIL 4 = ICE PELLETS
TOTAL MONTH: M 5 = HAIL
GRTST 24HR M ON M 6 = FREEZING RAIN OR DRIZZLE
GRTST DEPTH: M ON M 7 = DUSTSTORM OR SANDSTORM:
VSBY 1/2 MILE OR LESS
8 = SMOKE OR HAZE
[NO. OF DAYS WITH] [WEATHER - DAYS WITH] 9 = BLOWING SNOW
X = TORNADO
MAX 32 OR BELOW: 0 0.01 INCH OR MORE: 1
MAX 90 OR ABOVE: 0 0.10 INCH OR MORE: 0
MIN 32 OR BELOW: 0 0.50 INCH OR MORE: 0
MIN 0 OR BELOW: 0 1.00 INCH OR MORE: 0
[HDD (BASE 65) ]
TOTAL THIS MO. 206 CLEAR (SCALE 0-3) 23
DPTR FM NORMAL -22 PTCLDY (SCALE 4-7) 7
TOTAL FM JUL 1 1872 CLOUDY (SCALE 8-10) 0
DPTR FM NORMAL -254
[CDD (BASE 65) ]
TOTAL THIS MO. 5
DPTR FM NORMAL 0 [PRESSURE DATA]
TOTAL FM JAN 1 5 HIGHEST SLP 30.15 ON 3
DPTR FM NORMAL -2 LOWEST SLP 29.70 ON 11
[REMARKS]
#FINAL-04-21#