000
CXUS56 KSLC 010804
CF6SLC
PRELIMINARY LOCAL CLIMATOLOGICAL DATA (WS FORM: F-6)
STATION: SALT LAKE CITY UT
MONTH: FEBRUARY
YEAR: 2022
LATITUDE: 40 46 N
LONGITUDE: 111 58 W
TEMPERATURE IN F: :PCPN: SNOW: WIND :SUNSHINE: SKY :PK WND
================================================================================
1 2 3 4 5 6A 6B 7 8 9 10 11 12 13 14 15 16 17 18
12Z AVG MX 2MIN
DY MAX MIN AVG DEP HDD CDD WTR SNW DPTH SPD SPD DIR MIN PSBL S-S WX SPD DR
================================================================================
1 33 20 27 -6 38 0 0.00 0.0 0 7.2 17 310 M M 2 24 320
2 26 15 21 -12 44 0 0.07 0.7 1 7.5 16 310 M M 3 1 22 320
3 29 14 22 -11 43 0 0.00 0.0 T 4.7 15 310 M M 3 18 300
4 36 17 27 -7 38 0 0.00 0.0 T 4.7 12 140 M M 0 16 140
5 43 20 32 -2 33 0 0.00 0.0 0 5.3 10 350 M M 0 8 13 320
6 39 21 30 -4 35 0 0.00 0.0 0 4.2 15 320 M M 0 18 19 320
7 47 24 36 2 29 0 0.00 0.0 0 5.1 12 330 M M 0 17 130
8 47 24 36 2 29 0 0.00 0.0 0 3.7 10 320 M M 0 8 14 350
9 48 29 39 4 26 0 0.00 0.0 0 5.9 13 310 M M 5 8 18 320
10 51 28 40 5 25 0 0.00 0.0 0 3.5 10 130 M M 0 8 12 130
11 53 30 42 7 23 0 0.00 0.0 0 4.9 14 330 M M 0 8 17 320
12 50 26 38 2 27 0 0.00 0.0 0 3.8 9 310 M M 0 8 12 310
13 56 27 42 6 23 0 0.00 0.0 0 4.1 10 340 M M 0 13 320
14 60 30 45 9 20 0 0.00 0.0 0 9.5 23 160 M M 1 33 160
15 52 36 44 8 21 0 T 0.0 0 11.8 23 320 M M 3 32 180
16 36 28 32 -5 33 0 0.06 0.4 0 9.7 21 350 M M 8 18 26 340
17 41 23 32 -5 33 0 0.00 0.0 0 4.5 13 330 M M 2 17 320
18 50 28 39 1 26 0 0.00 0.0 0 6.1 12 140 M M 2 15 140
19 55 30 43 5 22 0 0.00 0.0 0 9.4 17 180 M M 0 23 180
20 57 33 45 7 20 0 0.00 0.0 0 12.0 26 170 M M 2 36 190
21 41 28 35 -4 30 0 0.02 0.5 0 8.4 20 310 M M 8 1 24 320
22 38 23 31 -8 34 0 0.03 0.9 1 11.9 26 110 M M 7 1 35 100
23 28 20 24 -15 41 0 0.05 1.5 2 8.5 23 100 M M 9 18 35 120
24 30 13 22 -18 43 0 T 0.3 2 6.4 15 160 M M 8 18 21 190
25 30 12 21 -19 44 0 0.04 1.0 1 6.2 17 290 M M 5 18 22 290
26 36 16 26 -14 39 0 0.00 0.0 0 5.2 13 160 M M 0 15 130
27 41 21 31 -10 34 0 0.00 0.0 0 5.5 13 340 M M 0 17 130
28 50 22 36 -5 29 0 0.00 0.0 0 4.8 13 330 M M 0 18 330
================================================================================
SM 1203 658 882 0 0.27 5.3 184.5 M 68
================================================================================
AV 43.0 23.5 6.6 FASTST M M 2 MAX(MPH)
MISC ----> # 26 170 36 190
================================================================================
NOTES:
# LAST OF SEVERAL OCCURRENCES
COLUMN 17 PEAK WIND IN M.P.H.
PRELIMINARY LOCAL CLIMATOLOGICAL DATA (WS FORM: F-6) , PAGE 2
STATION: SALT LAKE CITY UT
MONTH: FEBRUARY
YEAR: 2022
LATITUDE: 40 46 N
LONGITUDE: 111 58 W
[TEMPERATURE DATA] [PRECIPITATION DATA] SYMBOLS USED IN COLUMN 16
AVERAGE MONTHLY: 33.2 TOTAL FOR MONTH: 0.27 1 = FOG OR MIST
DPTR FM NORMAL: -3.4 DPTR FM NORMAL: -1.03 2 = FOG REDUCING VISIBILITY
HIGHEST: 60 ON 14 GRTST 24HR 0.07 ON 2- 2 TO 1/4 MILE OR LESS
LOWEST: 12 ON 25 3 = THUNDER
SNOW, ICE PELLETS, HAIL 4 = ICE PELLETS
TOTAL MONTH: 5.3 INCHES 5 = HAIL
GRTST 24HR 1.5 ON 23-23 6 = FREEZING RAIN OR DRIZZLE
GRTST DEPTH: 2 ON 24,23 7 = DUSTSTORM OR SANDSTORM:
VSBY 1/2 MILE OR LESS
8 = SMOKE OR HAZE
[NO. OF DAYS WITH] [WEATHER - DAYS WITH] 9 = BLOWING SNOW
X = TORNADO
MAX 32 OR BELOW: 5 0.01 INCH OR MORE: 6
MAX 90 OR ABOVE: 0 0.10 INCH OR MORE: 0
MIN 32 OR BELOW: 26 0.50 INCH OR MORE: 0
MIN 0 OR BELOW: 0 1.00 INCH OR MORE: 0
[HDD (BASE 65) ]
TOTAL THIS MO. 882 CLEAR (SCALE 0-3) 20
DPTR FM NORMAL 88 PTCLDY (SCALE 4-7) 6
TOTAL FM JUL 1 3844 CLOUDY (SCALE 8-10) 2
DPTR FM NORMAL -106
[CDD (BASE 65) ]
TOTAL THIS MO. 0
DPTR FM NORMAL 0 [PRESSURE DATA]
TOTAL FM JAN 1 0 HIGHEST SLP M ON M
DPTR FM NORMAL 0 LOWEST SLP 29.53 ON 20
[REMARKS]
#FINAL-02-22#