000
CXUS56 KSLC 010910
CF6SLC
PRELIMINARY LOCAL CLIMATOLOGICAL DATA (WS FORM: F-6)
STATION: SALT LAKE CITY UT
MONTH: JANUARY
YEAR: 2024
LATITUDE: 40 46 N
LONGITUDE: 111 58 W
TEMPERATURE IN F: :PCPN: SNOW: WIND :SUNSHINE: SKY :PK WND
================================================================================
1 2 3 4 5 6A 6B 7 8 9 10 11 12 13 14 15 16 17 18
12Z AVG MX 2MIN
DY MAX MIN AVG DEP HDD CDD WTR SNW DPTH SPD SPD DIR MIN PSBL S-S WX SPD DR
================================================================================
1 42 24 33 2 32 0 0.00 0.0 0 3.1 9 290 M M 0 18 13 290
2 44 23 34 3 31 0 0.00 0.0 0 3.6 10 340 M M 1 18 12 150
3 42 23 33 2 32 0 0.00 0.0 0 5.3 13 300 M M 5 18 18 250
4 37 30 34 3 31 0 0.01 0.3 T 5.8 15 320 M M 10 18 18 330
5 34 29 32 1 33 0 0.15 2.3 T 4.0 15 280 M M 10 1 22 290
6 36 26 31 0 34 0 T T 1 9.9 28 170 M M 6 37 170
7 33 19 26 -5 39 0 0.14 3.0 1 10.8 22 340 M M 9 1 29 190
8 30 14 22 -9 43 0 0.00 0.0 2 5.9 12 130 M M 3 17 150
9 38 19 29 -2 36 0 0.02 0.4 1 10.6 46 330 M M 8 19 63 310
10 34 22 28 -3 37 0 0.08 1.7 1 10.3 22 270 M M 9 18 32 240
11 30 20 25 -6 40 0 0.05 1.0 2 5.5 16 160 M M 9 18 19 170
12 34 26 30 -1 35 0 T T M 16.4 23 270 M M 9 30 240
13 39 25 32 1 33 0 0.04 0.4 1 9.3 21 170 M M 10 30 170
14 38 32 35 4 30 0 0.24 T T 7.5 15 160 M M 9 18 23 160
15 34 18 26 -5 39 0 0.00 0.0 0 8.6 18 330 M M 6 M M
16 33 15 24 -7 41 0 0.00 0.0 0 2.7 10 310 M M 3 M M
17 40 20 30 -1 35 0 0.36 3.9 T M M M M M 8 128 M M
18 50 32 41 10 24 0 0.04 0.0 2 4.8 10 110 M M 4 18 14 90
19 50 31 41 9 24 0 0.00 0.0 T 4.6 15 170 M M 5 21 180
20 49 30 40 8 25 0 0.00 0.0 0 6.6 22 170 M M 5 18 30 150
21 44 32 38 6 27 0 0.03 0.0 0 4.6 13 150 M M 8 18 17 160
22 49 33 41 9 24 0 0.00 0.0 0 5.8 13 170 M M 7 1 17 160
23 47 34 41 9 24 0 T 0.0 0 3.0 9 330 M M 10 18 12 300
24 49 34 42 10 23 0 0.03 0.0 0 4.7 12 340 M M 6 18 15 340
25 41 35 38 6 27 0 0.09 0.0 0 6.1 14 160 M M 10 1 17 170
26 45 34 40 8 25 0 0.00 0.0 0 5.8 13 290 M M 5 17 310
27 50 32 41 9 24 0 0.00 0.0 0 5.4 12 130 M M 8 15 170
28 54 32 43 11 22 0 0.00 0.0 0 4.8 14 340 M M 2 18 18 340
29 53 33 43 10 22 0 0.00 0.0 0 2.7 9 290 M M 0 18 14 300
30 53 32 43 10 22 0 0.00 0.0 0 3.9 9 310 M M 0 18 14 310
31 62 33 48 15 17 0 0.00 0.0 0 9.6 21 160 M M 0 18 29 180
================================================================================
SM 1314 842 931 0 1.28 13.0 191.7 M 185
================================================================================
AV 42.4 27.2 6.4 FASTST M M 6 MAX(MPH)
MISC ----> 46 330 63 310
================================================================================
NOTES:
# LAST OF SEVERAL OCCURRENCES
COLUMN 17 PEAK WIND IN M.P.H.
PRELIMINARY LOCAL CLIMATOLOGICAL DATA (WS FORM: F-6) , PAGE 2
STATION: SALT LAKE CITY UT
MONTH: JANUARY
YEAR: 2024
LATITUDE: 40 46 N
LONGITUDE: 111 58 W
[TEMPERATURE DATA] [PRECIPITATION DATA] SYMBOLS USED IN COLUMN 16
AVERAGE MONTHLY: 34.8 TOTAL FOR MONTH: 1.28 1 = FOG OR MIST
DPTR FM NORMAL: 3.4 DPTR FM NORMAL: -0.15 2 = FOG REDUCING VISIBILITY
HIGHEST: 62 ON 31 GRTST 24HR 0.94 ON 25-25 TO 1/4 MILE OR LESS
LOWEST: 14 ON 8 3 = THUNDER
SNOW, ICE PELLETS, HAIL 4 = ICE PELLETS
TOTAL MONTH: 13.0 INCHES 5 = HAIL
GRTST 24HR 3.9 ON 17-17 6 = FREEZING RAIN OR DRIZZLE
GRTST DEPTH: 2 ON 18,11 7 = DUSTSTORM OR SANDSTORM:
VSBY 1/2 MILE OR LESS
8 = SMOKE OR HAZE
[NO. OF DAYS WITH] [WEATHER - DAYS WITH] 9 = BLOWING SNOW
X = TORNADO
MAX 32 OR BELOW: 2 0.01 INCH OR MORE: 13
MAX 90 OR ABOVE: 0 0.10 INCH OR MORE: 4
MIN 32 OR BELOW: 24 0.50 INCH OR MORE: 0
MIN 0 OR BELOW: 0 1.00 INCH OR MORE: 0
[HDD (BASE 65) ]
TOTAL THIS MO. 931 CLEAR (SCALE 0-3) 8
DPTR FM NORMAL -110 PTCLDY (SCALE 4-7) 10
TOTAL FM JUL 1 2745 CLOUDY (SCALE 8-10) 13
DPTR FM NORMAL -410
[CDD (BASE 65) ]
TOTAL THIS MO. 0
DPTR FM NORMAL 0 [PRESSURE DATA]
TOTAL FM JAN 1 0 HIGHEST SLP M ON M
DPTR FM NORMAL 0 LOWEST SLP 29.53 ON 10
[REMARKS]
#FINAL-01-24#