000
CXUS54 KBRO 301152
CF6BRO
PRELIMINARY LOCAL CLIMATOLOGICAL DATA (WS FORM: F-6)

                                          STATION:   BROWNSVILLE
                                          MONTH:     JANUARY
                                          YEAR:      2015
                                          LATITUDE:   25 53 N
                                          LONGITUDE:  97 26 W

  TEMPERATURE IN F:       :PCPN:    SNOW:  WIND      :SUNSHINE: SKY     :PK WND
================================================================================
1   2   3   4   5  6A  6B    7    8   9   10  11  12  13   14  15   16   17  18
                                     12Z  AVG MX 2MIN
DY MAX MIN AVG DEP HDD CDD  WTR  SNW DPTH SPD SPD DIR MIN PSBL S-S WX    SPD DR
================================================================================

 1  45  42  44 -16  21   0 0.15    M    0 10.4 20 310   M    M  10 1      26 310
 2  49  45  47 -13  18   0 0.13    M    0  7.1 12 290   M    M  10 1      16 280
 3  53  48  51  -9  14   0 0.01    M    0  6.7 14 330   M    M  10 1      17 330
 4  59  49  54  -6  11   0    T    M    0  8.9 21  10   M    M   4        28  10
 5  59  45  52  -8  13   0 0.00  0.0    0  8.8 15 330   M    M   3        21 350
 6  70  48  59  -1   6   0 0.00  0.0    0  5.8 10  50   M    M   3 1      14  70
 7  69  50  60   0   5   0    T  0.0    0 10.6 24  10   M    M  10 18     34  10
 8  50  39  45 -16  20   0    T    M    0 13.1 26 340   M    M   9        37 350
 9  49  42  46 -15  19   0 0.19    M    0 12.5 23 330   M    M  10 1      31 330
10  42  37  40 -21  25   0 2.70    M    0 15.4 25 360   M    M  10 123    35  20
11  60  40  50 -11  15   0 0.00  0.0    0  6.3 15 300   M    M   7 1      20 310
12  63  43  53  -8  12   0    T    M    0  7.6 18 360   M    M   6 1      29  10
13  52  45  49 -12  16   0 0.14    M    0 12.8 21 340   M    M   9 1      28 360
14  47  44  46 -15  19   0 0.06    M    0 13.2 20 320   M    M  10 1      27 320
15  54  43  49 -12  16   0 0.01  0.0    0  9.9 20 330   M    M   7 1      26 330
16  65  39  52  -9  13   0 0.00  0.0    0  3.7 12  50   M    M   0        14  40
17  72  43  58  -3   7   0 0.00  0.0    0  4.3 16 160   M    M   0 1      20 150
18  72  53  63   2   2   0 0.00  0.0    0  4.3 12 330   M    M   0 1      16  30
19  70  51  61   0   4   0 0.00  0.0    0  3.7 10 140   M    M   3 12     13 180
20  81  48  65   4   0   0 0.00  0.0    0  6.0 15 150   M    M   4 128    19 160
21  77  62  70   9   0   5    T  0.0    0  9.1 23 150   M    M  10 12     27 130
22  76  51  64   3   1   0 0.17  0.0    0 12.8 23 330   M    M   9 138    31 330
23  60  45  53  -9  12   0 0.00  0.0    0 16.1 26 320   M    M   6 1      35 310
24  65  39  52 -10  13   0 0.00  0.0    0  6.0 14 250   M    M   0        19 280
25  70  45  58  -4   7   0 0.00  0.0    0  5.0 16 220   M    M   0 8      19 220
26  77  50  64   2   1   0 0.00  0.0    0  4.9 12 110   M    M   0        14 110
27  79  48  64   2   1   0 0.00  0.0    0  6.0 14 220   M    M   0        17 220
28  78  51  65   3   0   0 0.00  0.0    0  8.3 20 150   M    M   3 12     24 150
29  78  57  68   6   0   3 0.00  0.0    0  8.7 20 170   M    M   1 1      25 130
================================================================================
SM 1841 1342       291   8  3.56     0.0 248.0          M      154
================================================================================
AV 63.5 46.3                               8.6 FASTST   M    M   5    MAX(MPH)
                                 MISC ---->  # 26 340               # 37  350
================================================================================
NOTES:
# LAST OF SEVERAL OCCURRENCES

COLUMN 17 PEAK WIND IN M.P.H.

PRELIMINARY LOCAL CLIMATOLOGICAL DATA (WS FORM: F-6) , PAGE 2

                                          STATION:  BROWNSVILLE
                                          MONTH:    JANUARY
                                          YEAR:     2015
                                          LATITUDE:   25 53 N
                                          LONGITUDE:  97 26 W

[TEMPERATURE DATA]      [PRECIPITATION DATA]       SYMBOLS USED IN COLUMN 16

AVERAGE MONTHLY: 54.9   TOTAL FOR MONTH:   3.56    1 = FOG OR MIST
DPTR FM NORMAL:  -6.1   DPTR FM NORMAL:    2.38    2 = FOG REDUCING VISIBILITY
HIGHEST:    81 ON 20    GRTST 24HR  2.86 ON  9-10      TO 1/4 MILE OR LESS
LOWEST:     37 ON 10                               3 = THUNDER
                        SNOW, ICE PELLETS, HAIL    4 = ICE PELLETS
                        TOTAL MONTH:   0.0 INCH    5 = HAIL
                        GRTST 24HR     0.0         6 = FREEZING RAIN OR DRIZZLE
                        GRTST DEPTH:   0           7 = DUSTSTORM OR SANDSTORM:
                                                       VSBY 1/2 MILE OR LESS
                                                   8 = SMOKE OR HAZE
[NO. OF DAYS WITH]      [WEATHER - DAYS WITH]      9 = BLOWING SNOW
                                                   X = TORNADO
MAX 32 OR BELOW:   0    0.01 INCH OR MORE:   9
MAX 90 OR ABOVE:   0    0.10 INCH OR MORE:   6
MIN 32 OR BELOW:   0    0.50 INCH OR MORE:   1
MIN  0 OR BELOW:   0    1.00 INCH OR MORE:   1

[HDD (BASE 65) ]
TOTAL THIS MO.   291    CLEAR  (SCALE 0-3)  12
DPTR FM NORMAL   125    PTCLDY (SCALE 4-7)   6
TOTAL FM JUL 1   476    CLOUDY (SCALE 8-10) 11
DPTR FM NORMAL    91

[CDD (BASE 65) ]
TOTAL THIS MO.     8
DPTR FM NORMAL   -50    [PRESSURE DATA]
TOTAL FM JAN 1     8    HIGHEST SLP M ON M
DPTR FM NORMAL   -50    LOWEST  SLP 29.81 ON 22

[REMARKS]
