000
CXUS55 KDVN 271100
CF6CID
PRELIMINARY LOCAL CLIMATOLOGICAL DATA (WS FORM: F-6)

                                          STATION:   CEDAR RAPIDS IA
                                          MONTH:     FEBRUARY
                                          YEAR:      2015
                                          LATITUDE:   41 52 N
                                          LONGITUDE:  91 42 W

  TEMPERATURE IN F:       :PCPN:    SNOW:  WIND      :SUNSHINE: SKY     :PK WND
================================================================================
1   2   3   4   5  6A  6B    7    8   9   10  11  12  13   14  15   16   17  18
                                     12Z  AVG MX 2MIN
DY MAX MIN AVG DEP HDD CDD  WTR  SNW DPTH SPD SPD DIR MIN PSBL S-S WX    SPD DR
================================================================================

 1  32  10  21   0  44   0 0.22    M    M 21.2 32  30   M    M  10 129    39  40
 2  11  -8   2 -19  63   0 0.00    M    M  8.0 14 320   M    M   3 1      16 330
 3  21   2  12  -9  53   0    T    M    M  5.8 16 180   M    M   6 1      21 190
 4  18  -5   7 -14  58   0    T    M    M 13.1 24 340   M    M   5 18     32 320
 5  13 -15  -1 -22  66   0 0.00    M    M  8.3 17 180   M    M   2        20 180
 6  31   7  19  -3  46   0 0.00    M    M  6.8 12 140   M    M   0 1      14 140
 7  42  18  30   8  35   0 0.00    M    M  7.1 15 180   M    M   0 18     18 180
 8  41  29  35  13  30   0 0.00    M    M  9.6 18  50   M    M   5 18     21  50
 9  29  17  23   1  42   0 0.00    M    M  6.5 17  30   M    M   8 18     20  30
10  30  15  23   0  42   0    T    M    M  8.6 21 150   M    M   4 18     26 150
11  35   8  22  -1  43   0    T    M    M 22.5 36 320   M    M   7 189    46 310
12  13   2   8 -15  57   0    T    M    M 11.7 32 320   M    M   1        38 330
13  30   6  18  -6  47   0 0.00    M    M 11.3 23 310   M    M   5        30 320
14  23   1  12 -12  53   0 0.00    M    M 19.6 39 340   M    M   2        49 340
15   9   1   5 -19  60   0 0.00    M    M  8.8 15  80   M    M   8        17  30
16  20   3  12 -13  53   0 0.00    M    M  5.7 23 310   M    M   6        26 310
17  20   5  13 -12  52   0    T    M    M 14.3 24 310   M    M   5 18     29 290
18   7  -6   1 -24  64   0    T    M    M 16.9 28 320   M    M   3 8      35 330
19   7 -11  -2 -28  67   0 0.00    M    M  5.2 10 150   M    M   1        14 150
20  30   5  18  -8  47   0    T    M    M 11.9 21 160   M    M   9        26 170
21  31  14  23  -3  42   0    T    M    M 11.3 21 320   M    M   9 18     26 320
22  14  -4   5 -22  60   0 0.00    M    M 15.5 24 330   M    M   1        29 330
23  11 -12   0 -27  65   0 0.00    M    M  7.6 16 200   M    M   0        21 200
24  38   8  23  -5  42   0 0.00    M    M 18.3 28 300   M    M   3        34 290
25  20  13  17 -11  48   0 0.26    M    M 12.8 24  80   M    M   9 128    30  80
26  13 -11   1 -28  64   0    T    M    M 13.9 22 320   M    M   2 18     25 320
================================================================================
SM  589   92      1343   0  0.48    M    302.3          M      114
================================================================================
AV 22.7  3.5                              11.6 FASTST   M    M   4    MAX(MPH)
                                 MISC ---->  # 39 340               # 49  340
================================================================================
NOTES:
# LAST OF SEVERAL OCCURRENCES

COLUMN 17 PEAK WIND IN M.P.H.

PRELIMINARY LOCAL CLIMATOLOGICAL DATA (WS FORM: F-6) , PAGE 2

                                          STATION:  CEDAR RAPIDS IA
                                          MONTH:    FEBRUARY
                                          YEAR:     2015
                                          LATITUDE:   41 52 N
                                          LONGITUDE:  91 42 W

[TEMPERATURE DATA]      [PRECIPITATION DATA]       SYMBOLS USED IN COLUMN 16

AVERAGE MONTHLY: 13.1   TOTAL FOR MONTH:   0.48    1 = FOG OR MIST
DPTR FM NORMAL: -11.0   DPTR FM NORMAL:   -0.63    2 = FOG REDUCING VISIBILITY
HIGHEST:    42 ON  7    GRTST 24HR  0.59 ON 31- 1      TO 1/4 MILE OR LESS
LOWEST:    -15 ON  5                               3 = THUNDER
                        SNOW, ICE PELLETS, HAIL    4 = ICE PELLETS
                        TOTAL MONTH:    M          5 = HAIL
                        GRTST 24HR    M  ON   M    6 = FREEZING RAIN OR DRIZZLE
                        GRTST DEPTH:  M  ON   M    7 = DUSTSTORM OR SANDSTORM:
                                                       VSBY 1/2 MILE OR LESS
                                                   8 = SMOKE OR HAZE
[NO. OF DAYS WITH]      [WEATHER - DAYS WITH]      9 = BLOWING SNOW
                                                   X = TORNADO
MAX 32 OR BELOW:  22    0.01 INCH OR MORE:   2
MAX 90 OR ABOVE:   0    0.10 INCH OR MORE:   2
MIN 32 OR BELOW:  26    0.50 INCH OR MORE:   0
MIN  0 OR BELOW:   8    1.00 INCH OR MORE:   0

[HDD (BASE 65) ]
TOTAL THIS MO.  1343    CLEAR  (SCALE 0-3)  11
DPTR FM NORMAL   280    PTCLDY (SCALE 4-7)  10
TOTAL FM JUL 1  5393    CLOUDY (SCALE 8-10)  5
DPTR FM NORMAL   182

[CDD (BASE 65) ]
TOTAL THIS MO.     0
DPTR FM NORMAL     0    [PRESSURE DATA]
TOTAL FM JAN 1     0    HIGHEST SLP M ON M
DPTR FM NORMAL     0    LOWEST  SLP 29.59 ON  8

[REMARKS]
