000
CXUS55 KDVN 271100
CF6CID
PRELIMINARY LOCAL CLIMATOLOGICAL DATA (WS FORM: F-6)

                                          STATION:   CEDAR RAPIDS IA
                                          MONTH:     MAY
                                          YEAR:      2016
                                          LATITUDE:   41 52 N
                                          LONGITUDE:  91 42 W

  TEMPERATURE IN F:       :PCPN:    SNOW:  WIND      :SUNSHINE: SKY     :PK WND
================================================================================
1   2   3   4   5  6A  6B    7    8   9   10  11  12  13   14  15   16   17  18
                                     12Z  AVG MX 2MIN
DY MAX MIN AVG DEP HDD CDD  WTR  SNW DPTH SPD SPD DIR MIN PSBL S-S WX    SPD DR
================================================================================

 1  49  44  47  -8  18   0 0.22    M    M 10.2 21  50   M    M  10 1      25  50
 2  60  39  50  -5  15   0 0.00    M    M  6.0 13  70   M    M   8 1      14  60
 3  68  41  55  -1  10   0 0.07    M    M 11.7 24 260   M    M   4 3      30 260
 4  65  44  55  -1  10   0 0.00    M    M 14.1 29 330   M    M   1        38 350
 5  69  36  53  -3  12   0 0.00    M    M  4.4 13 320   M    M   0 8      17 350
 6  85  47  66   9   0   1 0.00    M    M 12.0 25 260   M    M   0        32 260
 7  72  48  60   3   5   0    T    M    M 11.5 22 260   M    M   0 8      28 250
 8  70  47  59   1   6   0 0.19    M    M  8.4 17 120   M    M   5 13     23 100
 9  61  53  57  -1   8   0 0.60    M    M 13.8 24 100   M    M  10 13     30 110
10  70  53  62   4   3   0 0.03    M    M  9.6 17  30   M    M   9 128    20  20
11  70  53  62   4   3   0    T    M    M  7.9 18 120   M    M  10 18     24 120
12  65  44  55  -4  10   0 0.00    M    M 14.2 28 280   M    M   6 1      34 270
13  69  40  55  -4  10   0 0.18    M    M 11.3 30 340   M    M   4 1      38 340
14  55  36  46 -14  19   0 0.00    M    M 18.1 32 300   M    M   4        43 320
15  64  33  49 -11  16   0 0.00    M    M  8.6 20 270   M    M   2        30 330
16  67  47  57  -3   8   0 0.00    M    M  9.7 21 200   M    M   4        27 190
17  65  45  55  -5  10   0    T    M    M  6.9 18  60   M    M   5        22  60
18  68  41  55  -6  10   0 0.00    M    M  4.9 14  30   M    M   0        18 360
19  72  45  59  -2   6   0 0.00    M    M  7.1 17 170   M    M   2        25 130
20  69  51  60  -2   5   0 0.00    M    M  5.7 13 100   M    M   3        18 100
21  79  44  62   0   3   0 0.00    M    M  5.7 14  30   M    M   0 8      18 360
22  82  50  66   4   0   1 0.00    M    M  5.8 16 190   M    M   0        22 180
23  85  55  70   8   0   5 0.00    M    M 11.5 25 180   M    M   0        32 180
24  84  61  73  10   0   8 0.05    M    M  8.2 17 190   M    M   4 13     22 190
25  82  62  72   9   0   7    T    M    M  8.1 20 210   M    M   3 1      25 190
26  81  61  71   7   0   6 0.30    M    M  7.0 30 290   M    M   1 138    38 290
================================================================================
SM 1826 1220       187  28  1.64    M    242.4          M       95
================================================================================
AV 70.2 46.9                               9.3 FASTST   M    M   4    MAX(MPH)
                                 MISC ---->  # 32 300               # 43  320
================================================================================
NOTES:
# LAST OF SEVERAL OCCURRENCES

COLUMN 17 PEAK WIND IN M.P.H.

PRELIMINARY LOCAL CLIMATOLOGICAL DATA (WS FORM: F-6) , PAGE 2

                                          STATION:  CEDAR RAPIDS IA
                                          MONTH:    MAY
                                          YEAR:     2016
                                          LATITUDE:   41 52 N
                                          LONGITUDE:  91 42 W

[TEMPERATURE DATA]      [PRECIPITATION DATA]       SYMBOLS USED IN COLUMN 16

AVERAGE MONTHLY: 58.6   TOTAL FOR MONTH:   1.64    1 = FOG OR MIST
DPTR FM NORMAL:  -0.7   DPTR FM NORMAL:   -1.81    2 = FOG REDUCING VISIBILITY
HIGHEST:    85 ON 23, 6 GRTST 24HR  0.67 ON 30- 1      TO 1/4 MILE OR LESS
LOWEST:     33 ON 15                               3 = THUNDER
                        SNOW, ICE PELLETS, HAIL    4 = ICE PELLETS
                        TOTAL MONTH:    M          5 = HAIL
                        GRTST 24HR    M  ON   M    6 = FREEZING RAIN OR DRIZZLE
                        GRTST DEPTH:  M  ON   M    7 = DUSTSTORM OR SANDSTORM:
                                                       VSBY 1/2 MILE OR LESS
                                                   8 = SMOKE OR HAZE
[NO. OF DAYS WITH]      [WEATHER - DAYS WITH]      9 = BLOWING SNOW
                                                   X = TORNADO
MAX 32 OR BELOW:   0    0.01 INCH OR MORE:   8
MAX 90 OR ABOVE:   0    0.10 INCH OR MORE:   5
MIN 32 OR BELOW:   0    0.50 INCH OR MORE:   1
MIN  0 OR BELOW:   0    1.00 INCH OR MORE:   0

[HDD (BASE 65) ]
TOTAL THIS MO.   187    CLEAR  (SCALE 0-3)  12
DPTR FM NORMAL    10    PTCLDY (SCALE 4-7)   9
TOTAL FM JUL 1  5649    CLOUDY (SCALE 8-10)  5
DPTR FM NORMAL -1173

[CDD (BASE 65) ]
TOTAL THIS MO.    28
DPTR FM NORMAL    -1    [PRESSURE DATA]
TOTAL FM JAN 1    31    HIGHEST SLP M ON M
DPTR FM NORMAL    -5    LOWEST  SLP 29.64 ON  3

[REMARKS]
