277
CXUS54 KBMX 011216
CF6MGM
PRELIMINARY LOCAL CLIMATOLOGICAL DATA (WS FORM: F-6)

                                          STATION:   MONTGOMERY
                                          MONTH:     APRIL
                                          YEAR:      2016
                                          LATITUDE:   32 17 N
                                          LONGITUDE:  86 24 W

  TEMPERATURE IN F:       :PCPN:    SNOW:  WIND      :SUNSHINE: SKY     :PK WND
================================================================================
1   2   3   4   5  6A  6B    7    8   9   10  11  12  13   14  15   16   17  18
                                     12Z  AVG MX 2MIN
DY MAX MIN AVG DEP HDD CDD  WTR  SNW DPTH SPD SPD DIR MIN PSBL S-S WX    SPD DR
================================================================================

 1  75  61  68   7   0   3 0.76  0.0    0  5.3 17 180   M    M   9 13     24 210
 2  70  51  61   0   4   0    T  0.0    0 10.6 22 290   M    M   2        33 280
 3  75  45  60  -1   5   0 0.00  0.0    0  4.8 13  10   M    M   0        17  10
 4  79  44  62   1   3   0 0.00  0.0    0  5.1 15 280   M    M   0        19 290
 5  79  52  66   4   0   1 0.00  0.0    0  7.2 18  20   M    M   0 8      24  20
 6  77  48  63   1   2   0 0.44  0.0    0  9.9 31 240   M    M   1 138    48 230
 7  78  54  66   4   0   1 0.02  0.0    0  6.7 20 270   M    M   2 1      26 280
 8  71  51  61  -1   4   0 0.00  0.0    0 10.3 23 300   M    M   1        29 310
 9  75  43  59  -3   6   0 0.00  0.0    0  7.0 20 330   M    M   0        25 280
10  76  51  64   1   1   0 0.00  0.0    0  8.4 17 100   M    M   1        22 120
11  78  45  62  -1   3   0 2.22    M    0  5.8 16 310   M    M   4 13     21 130
12  78  60  69   6   0   4 0.15  0.0    0  6.6 14 310   M    M   7 1      20 310
13  71  52  62  -1   3   0 0.06  0.0    0  5.0 15  80   M    M   4 1      19  80
14  68  60  64   0   1   0 1.08  0.0    0 11.6 25  30   M    M   9 1      34  30
15  66  57  62  -2   3   0 0.00  0.0    0 14.8 23  80   M    M  10        28  80
16  74  59  67   3   0   2    T  0.0    0 11.5 23  80   M    M   9        31  80
17  79  53  66   2   0   1 0.00  0.0    0  7.0 18 110   M    M   0        24 110
18  80  46  63  -2   2   0 0.00  0.0    0  3.3 12 100   M    M   0        15 150
19  84  49  67   2   0   2 0.00  0.0    0  1.9  8  40   M    M   0 1      11  70
20  85  59  72   7   0   7 0.00  0.0    0  3.1 12 130   M    M   0        15 160
21  82  55  69   4   0   4    T  0.0    0  5.2 18 260   M    M   4        25 260
22  81  62  72   6   0   7 0.58  0.0    0  4.3 12 320   M    M   7 13     14 330
23  82  56  69   3   0   4 0.00  0.0    0  5.6 18 330   M    M   0        22 340
24  84  54  69   3   0   4 0.00  0.0    0  2.8  9 140   M    M   1        13 200
25  85  61  73   7   0   8 0.00  0.0    0  3.9 12  90   M    M   2        15 180
26  85  60  73   6   0   8 0.00  0.0    0  3.5 10 170   M    M   2 1      17 180
27  86  63  75   8   0  10 0.68  0.0    0  5.2 31 200   M    M   4 1238   40 190
28  86  66  76   9   0  11    T  0.0    0  4.5 13 210   M    M   5 12     18 210
29  89  64  77   9   0  12 0.63  0.0    0  4.4 28 280   M    M   4 123    38  30
30  87  65  76   8   0  11 0.00  0.0    0  4.9 15 170   M    M   0 8      19 160
================================================================================
SM 2365 1646        37 100  6.62     0.0 190.2          M       88
================================================================================
AV 78.8 54.9                               6.3 FASTST   M    M   3    MAX(MPH)
                                 MISC ---->  # 31 240               # 48  230
================================================================================
NOTES:
# LAST OF SEVERAL OCCURRENCES

COLUMN 17 PEAK WIND IN M.P.H.

PRELIMINARY LOCAL CLIMATOLOGICAL DATA (WS FORM: F-6) , PAGE 2

                                          STATION:  MONTGOMERY
                                          MONTH:    APRIL
                                          YEAR:     2016
                                          LATITUDE:   32 17 N
                                          LONGITUDE:  86 24 W

[TEMPERATURE DATA]      [PRECIPITATION DATA]       SYMBOLS USED IN COLUMN 16

AVERAGE MONTHLY: 66.8   TOTAL FOR MONTH:   6.62    1 = FOG OR MIST
DPTR FM NORMAL:   2.8   DPTR FM NORMAL:    2.60    2 = FOG REDUCING VISIBILITY
HIGHEST:    89 ON 29    GRTST 24HR  2.37 ON 11-12      TO 1/4 MILE OR LESS
LOWEST:     43 ON  9                               3 = THUNDER
                        SNOW, ICE PELLETS, HAIL    4 = ICE PELLETS
                        TOTAL MONTH:   0.0 INCH    5 = HAIL
                        GRTST 24HR     0.0         6 = FREEZING RAIN OR DRIZZLE
                        GRTST DEPTH:   0           7 = DUSTSTORM OR SANDSTORM:
                                                       VSBY 1/2 MILE OR LESS
                                                   8 = SMOKE OR HAZE
[NO. OF DAYS WITH]      [WEATHER - DAYS WITH]      9 = BLOWING SNOW
                                                   X = TORNADO
MAX 32 OR BELOW:   0    0.01 INCH OR MORE:  10
MAX 90 OR ABOVE:   0    0.10 INCH OR MORE:   8
MIN 32 OR BELOW:   0    0.50 INCH OR MORE:   6
MIN  0 OR BELOW:   0    1.00 INCH OR MORE:   2

[HDD (BASE 65) ]
TOTAL THIS MO.    37    CLEAR  (SCALE 0-3)  18
DPTR FM NORMAL   -62    PTCLDY (SCALE 4-7)   8
TOTAL FM JUL 1  1484    CLOUDY (SCALE 8-10)  4
DPTR FM NORMAL  -742

[CDD (BASE 65) ]
TOTAL THIS MO.   100
DPTR FM NORMAL    28    [PRESSURE DATA]
TOTAL FM JAN 1   186    HIGHEST SLP 30.34 ON 18
DPTR FM NORMAL    85    LOWEST  SLP 29.68 ON  1

[REMARKS]
#FINAL-04-16#
