000
CXUS56 KPQR 011201
CF6AST
PRELIMINARY LOCAL CLIMATOLOGICAL DATA (WS FORM: F-6)
STATION: ASTORIA OR
MONTH: MARCH
YEAR: 2023
LATITUDE: 46 9 N
LONGITUDE: 123 53 W
TEMPERATURE IN F: :PCPN: SNOW: WIND :SUNSHINE: SKY :PK WND
================================================================================
1 2 3 4 5 6A 6B 7 8 9 10 11 12 13 14 15 16 17 18
12Z AVG MX 2MIN
DY MAX MIN AVG DEP HDD CDD WTR SNW DPTH SPD SPD DIR MIN PSBL S-S WX SPD DR
================================================================================
1 47 26 37 -8 28 0 0.03 M M 4.8 15 230 M M 5 1 19 250
2 50 38 44 -1 21 0 0.49 M M 14.6 26 200 M M 7 18 46 190
3 47 36 42 -3 23 0 0.85 M M 8.7 23 300 M M 8 1 28 300
4 45 35 40 -5 25 0 0.73 M M 8.1 26 220 M M 10 18 36 220
5 46 31 39 -6 26 0 T M M 5.1 13 130 M M 5 15 140
6 48 37 43 -2 22 0 0.06 M M 8.1 20 170 M M 8 1 29 170
7 48 32 40 -5 25 0 0.37 M M 4.7 16 130 M M 8 1 20 130
8 49 31 40 -5 25 0 0.02 M M 5.6 15 120 M M 6 12 19 110
9 44 40 42 -3 23 0 0.17 M M 13.8 24 120 M M 10 32 140
10 49 38 44 -2 21 0 0.21 M M 7.8 16 240 M M 8 1 21 250
11 51 36 44 -2 21 0 0.07 M M 7.0 18 210 M M 6 1 27 200
12 52 33 43 -3 22 0 0.60 M M 10.0 23 190 M M 9 18 34 190
13 49 39 44 -2 21 0 0.88 M M 7.1 17 220 M M 8 1 24 220
14 51 34 43 -3 22 0 0.04 M M 5.6 15 270 M M 3 1 20 250
15 50 32 41 -5 24 0 0.05 M M 5.4 12 300 M M 4 1 16 330
16 61 29 45 -1 20 0 0.00 M M 6.2 17 40 M M 0 1 20 70
17 58 38 48 2 17 0 0.00 M M 5.4 14 240 M M 0 18 240
18 65 37 51 5 14 0 0.00 M M 4.4 13 240 M M 4 1 16 250
19 55 40 48 2 17 0 0.18 M M 2.9 10 340 M M 6 1 13 350
20 53 44 49 3 16 0 0.08 M M 8.1 18 250 M M 10 18 24 240
21 58 40 49 3 16 0 0.01 M M 6.9 16 340 M M 4 1 20 340
22 58 35 47 1 18 0 0.02 M M 5.6 17 290 M M 4 18 22 290
23 46 39 43 -4 22 0 0.47 M M 10.3 28 260 M M 9 1 38 270
24 44 36 40 -7 25 0 0.69 M M 8.6 23 290 M M 9 1 28 290
25 49 34 42 -5 23 0 0.50 M M 6.0 16 330 M M 8 1 21 300
26 48 36 42 -5 23 0 0.38 M M 5.7 18 280 M M 6 1 26 280
27 55 34 45 -2 20 0 T M M 11.7 29 110 M M 3 36 110
28 51 41 46 -1 19 0 0.22 M M 9.9 23 70 M M 9 1 28 70
29 58 37 48 1 17 0 T M M 3.9 14 20 M M 6 12 17 240
30 49 38 44 -3 21 0 0.03 M M 6.2 16 260 M M 10 18 20 220
31 48 42 45 -2 20 0 0.84 M M 11.3 25 180 M M 9 1 44 200
================================================================================
SM 1582 1118 657 0 7.99 M 229.5 M 202
================================================================================
AV 51.0 36.1 7.4 FASTST M M 7 MAX(MPH)
MISC ----> 29 110 46 190
================================================================================
NOTES:
# LAST OF SEVERAL OCCURRENCES
COLUMN 17 PEAK WIND IN M.P.H.
PRELIMINARY LOCAL CLIMATOLOGICAL DATA (WS FORM: F-6) , PAGE 2
STATION: ASTORIA OR
MONTH: MARCH
YEAR: 2023
LATITUDE: 46 9 N
LONGITUDE: 123 53 W
[TEMPERATURE DATA] [PRECIPITATION DATA] SYMBOLS USED IN COLUMN 16
AVERAGE MONTHLY: 43.5 TOTAL FOR MONTH: 7.99 1 = FOG OR MIST
DPTR FM NORMAL: -2.5 DPTR FM NORMAL: 0.09 2 = FOG REDUCING VISIBILITY
HIGHEST: 65 ON 18 GRTST 24HR 1.36 ON 3- 4 TO 1/4 MILE OR LESS
LOWEST: 26 ON 1 3 = THUNDER
SNOW, ICE PELLETS, HAIL 4 = ICE PELLETS
TOTAL MONTH: M 5 = HAIL
GRTST 24HR M ON M 6 = FREEZING RAIN OR DRIZZLE
GRTST DEPTH: M ON M 7 = DUSTSTORM OR SANDSTORM:
VSBY 1/2 MILE OR LESS
8 = SMOKE OR HAZE
[NO. OF DAYS WITH] [WEATHER - DAYS WITH] 9 = BLOWING SNOW
X = TORNADO
MAX 32 OR BELOW: 0 0.01 INCH OR MORE: 25
MAX 90 OR ABOVE: 0 0.10 INCH OR MORE: 15
MIN 32 OR BELOW: 6 0.50 INCH OR MORE: 7
MIN 0 OR BELOW: 0 1.00 INCH OR MORE: 0
[HDD (BASE 65) ]
TOTAL THIS MO. 657 CLEAR (SCALE 0-3) 2
DPTR FM NORMAL 68 PTCLDY (SCALE 4-7) 17
TOTAL FM JUL 1 3779 CLOUDY (SCALE 8-10) 12
DPTR FM NORMAL -98
[CDD (BASE 65) ]
TOTAL THIS MO. 0
DPTR FM NORMAL 0 [PRESSURE DATA]
TOTAL FM JAN 1 0 HIGHEST SLP 30.33 ON 26
DPTR FM NORMAL 0 LOWEST SLP 29.25 ON 9
[REMARKS]
#FINAL-03-23#